INSERT INTO source VALUES (2620,1367,'www.southwestern.edu/~carlg/Latin_Web/glossary.html\r\n   ','');
INSERT INTO source VALUES (2621,1367,'\r\n    ELM-FR:EAGLES Specifications for French\r\n   ','');
INSERT INTO source VALUES (2623,1368,'\r\n    www.wikipedia.org/wiki/Prolative_case\r\n   ','');
INSERT INTO source VALUES (2624,1368,'\r\n    www.wikipedia.org/wiki/Prolative_case\r\n   ','');
INSERT INTO source VALUES (2625,1369,'\r\n    www.sil.org/linguistics/GlossaryOfLinguisticTerms/WhatIsAPronominal.htm\r\n   ','');
INSERT INTO source VALUES (2626,1369,'\r\n    www.wikipedia.org/wiki/Prolative_case\r\n   ','');
INSERT INTO source VALUES (2627,1369,'\r\n    www.atilf.fr PRONOMINAL B.\r\n   ','');
INSERT INTO source VALUES (2628,1370,'   ','');
INSERT INTO source VALUES (2629,1370,'\r\n    www.atilf.fr PRONOMINAL B.\r\n   ','');
INSERT INTO source VALUES (2631,1371,'www.sil.org/linguistics/GlossaryOfLinguisticTerms/WhatIsAProperNoun.htm\r\n   ','');
INSERT INTO source VALUES (2632,1371,'\r\n    ELM-FR:EAGLES Specifications for French\r\n   ','');
INSERT INTO source VALUES (3336,1924,'Gil Francopoulo','');
INSERT INTO source VALUES (3338,1923,'Crystal 2003','');
INSERT INTO source VALUES (2634,1373,'www.wordreference.com/English/definition.asp?en=modifier\r\n   ','');
INSERT INTO source VALUES (2635,1373,'\r\n    www.atilf.fr QUALIFICATIF I.B.\r\n   ','');
INSERT INTO source VALUES (2636,1375,'    www.graywizard.net/Conlinguistics/amman_iar/ai_auxiliary_verb.htm#quotative/hearsay\r\n   ','');
INSERT INTO source VALUES (2637,1376,'DFKI','');
INSERT INTO source VALUES (3423,1376,'DFKI','');
INSERT INTO source VALUES (2639,1377,'\r\n   ','');
INSERT INTO source VALUES (3337,1390,'Eagles','');
INSERT INTO source VALUES (2640,1377,'\r\n    www.southwestern.edu/~carlg/Latin_Web/glossary.html\r\n   ','');
INSERT INTO source VALUES (2641,1378,'www.southwestern.edu/~carlg/Latin_Web/glossary.html\r\n   ','');
INSERT INTO source VALUES (2642,1380,'www.southwestern.edu/~carlg/Latin_Web/glossary.html + Canoonet\r\n   ','');
INSERT INTO source VALUES (2643,1380,'\r\n    www.southwestern.edu/~carlg/Latin_Web/glossary.html\r\n   ','');
INSERT INTO source VALUES (2644,1382,'www.ilc.cnr.it/EAGLES96/annotate/node16.html#cmobli\r\n   ','');
INSERT INTO source VALUES (2647,1384,'www.sil.org/linguistics/GlossaryOfLinguisticTerms/WhatIsSecondPersonDeixis.htm\r\n   ','');
INSERT INTO source VALUES (2648,1384,'\r\n    zeus.inalf.fr RACINE\r\n   ','');
INSERT INTO source VALUES (3485,2170,'Dandelion project','');
INSERT INTO source VALUES (3486,2172,'Dandelion','');
INSERT INTO source VALUES (2652,1386,'\r\n    www.sil.org/linguistics/GlossaryOfLinguisticTerms/WhatIsASentence.htm\r\n   ','');
INSERT INTO source VALUES (2653,1386,'   \r\n   http://www.sil.org/linguistics/GlossaryOfLinguisticTerms/WhatIsASemanticRole.htm\r\n   ','');
INSERT INTO source VALUES (2654,1386,'\r\n    www.wordreference.com/English/definition.asp?en=sentence\r\n   ','');
INSERT INTO source VALUES (2655,1386,'\r\n    www.atilf.fr PHRASE B.\r\n   ','');
INSERT INTO source VALUES (2656,1387,'  ','');
INSERT INTO source VALUES (2657,1387,'\r\n    zeus.inalf.fr SINGULIER\r\n   ','');
INSERT INTO source VALUES (2658,1388,'\r\n  www.unc.edu/~echeran/paadanool/pdf/chapter7.pdf\r\n   ','');
INSERT INTO source VALUES (2659,1389,'www.sil.org/linguistics/GlossaryOfLinguisticTerms/WhatIsAStem.htm\r\n   ','');
INSERT INTO source VALUES (2660,1389,'\r\n    www.sil.org/linguistics/GlossaryOfLinguisticTerms/WhatIsAStem.htm\r\n   ','');
INSERT INTO source VALUES (2661,1391,'\r\n    www.southwestern.edu/~carlg/Latin_Web/glossary.html\r\n   ','');
INSERT INTO source VALUES (2662,1391,'\r\n    www.sil.org/linguistics/GlossaryOfLinguisticTerms/WhatIsAStem.htm\r\n   ','');
INSERT INTO source VALUES (2663,1391,'\r\n    www.wordreference.com/English/definition.asp?en=subject\r\n   ','');
INSERT INTO source VALUES (2664,1392,'www.hungarotips.com/hungarian/i/fonev1.html\r\n   ','');
INSERT INTO source VALUES (2665,1393,'www.sil.org/linguistics/GlossaryOfLinguisticTerms/WhatIsASubordinatingConjunctio.htm\r\n   ','');
INSERT INTO source VALUES (2666,1393,'\r\n   www.hungarotips.com/hungarian/i/fonev1.html\r\n   ','');
INSERT INTO source VALUES (2668,1394,'www.southwestern.edu/~carlg/Latin_Web/glossary.html\r\n    ','');
INSERT INTO source VALUES (2669,1395,'Sue Ellen Wright + Gil Francopoulo\r\n   ','');
INSERT INTO source VALUES (2672,1396,'\r\n    www.sil.org/linguistics/GlossaryOfLinguisticTerms/WhatIsSuperessiveCase.htm\r\n   ','');
INSERT INTO source VALUES (2673,1397,'\r\n    www-linguistics.stanford.edu/linguistics/semgroup/archive/1999/sf_sells.html\r\n   ','');
INSERT INTO source VALUES (2674,1398,'\r\n    www.atilf.inalf.fr SYMBOLE I.B.4\r\n   ','');
INSERT INTO source VALUES (2676,1399,'\r\n    www.southwestern.edu/~carlg/Latin_Web/glossary.html\r\n   ','');
INSERT INTO source VALUES (2677,1399,'\r\n    www.atilf.inalf.fr Tlfi, SYNTAXE, I.A, 1\r\n   ','');
INSERT INTO source VALUES (2678,1401,'http://en.wikipedia.org/wiki/Terminative_case\r\n   ','');
INSERT INTO source VALUES (2679,1402,'    www.sil.org/linguistics/GlossaryOfLinguisticTerms/WhatIsThirdPersonDeixis.htm\r\n   ','');
INSERT INTO source VALUES (2680,1402,'\r\n    www.cusd.claremont.edu/~tkroll/inflection.html#ter\r\n   ','');
INSERT INTO source VALUES (2683,1403,'\r\n    www.docbook.org/tdg/en/html/token.html\r\n   ','');
INSERT INTO source VALUES (2684,1404,'    ark.wz.cz/cidarke/mverb.html\r\n   ','');
INSERT INTO source VALUES (2685,1405,'\r\n    www.southwestern.edu/~carlg/Latin_Web/glossary.html\r\n   ','');
INSERT INTO source VALUES (2686,1405,'\r\n    ark.wz.cz/cidarke/mverb.html\r\n   ','');
INSERT INTO source VALUES (2687,1405,'\r\n    zeus.inalf.fr TRANSITIF\r\n   ','');
INSERT INTO source VALUES (2688,1406,'\r\n    www.wikipedia.org/wiki/Translative_case\r\n   ','');
INSERT INTO source VALUES (2689,1406,'SIL','');
INSERT INTO source VALUES (3431,2011,'Info-Request (DAMSL): Introduces an obligation for the hearer to provide information.\r\nALTS-Question (DIT): S wants to know which one from a given list of alternative propositions is true; S believes that exactly one element of that list is true; S believes that A knows which of the alternative propositions is true.\r\nQUERY-W (HCRC MapTask): See also /WH-Question/. QUERY-W is defined as any query not covered by the other categories (QUERY-YN, CHECK or ALIGN).  Although most moves classified as QUERY-W are wh-questions, otherwise unclassifiable queries also go in this category. This includes questions that ask the partner to choose one alternative from a set, as long as the set is not yes and no. \r\nQuestion (LINLIN): User obtains information from the system.\r\nOr-Question/Or-Clause (SWBD-DAMSL): No specific definition given. But it is noted that one problem with or-questions is that the listener often interrupts before the or clause is complete and answers the or-question as if it were a yes-no question about the first clause.\r\nYNQ (TRAINS): S asks a yes-no question, trying to determine the polarity of a proposition.','');
INSERT INTO source VALUES (2691,1407,'en2.wikipedia.org/wiki/Trial_number\r\n   ','');
INSERT INTO source VALUES (3425,1903,'MultText-East','');
INSERT INTO source VALUES (3426,1903,'MultText-East','');
INSERT INTO source VALUES (2693,1409,'    www.sil.org/linguistics/GlossaryOfLinguisticTerms/WhatIsAnUtterance.htm\r\n   ','');
INSERT INTO source VALUES (2694,1409,'\r\n    www.atilf.fr EXPRESSION \r\n   ','');
INSERT INTO source VALUES (2695,1410,'\r\n    www.atilf.inalf.fr Tlfi, 6.VALENCE A,4\r\n   ','');
INSERT INTO source VALUES (2696,1411,'    www.southwestern.edu/~carlg/Latin_Web/glossary.html + Gil Francopoulo\r\n   ','');
INSERT INTO source VALUES (2697,1411,'\r\n    ELM-FR:EAGLES Specifications for French\r\n   ','');
INSERT INTO source VALUES (2698,1412,'www.southwestern.edu/~carlg/Latin_Web/glossary.html\r\n   ','');
INSERT INTO source VALUES (2699,1412,'\r\n    ELM-FR:EAGLES Specifications for French\r\n   ','');
INSERT INTO source VALUES (2703,1414,'\r\n		ELM-FR:EAGLES Specifications for French\r\n	   ','');
INSERT INTO source VALUES (2704,1415,'Gil Francopoulo ','');
INSERT INTO source VALUES (2708,1418,'Mitre; TEI(green text); 1951','');
INSERT INTO source VALUES (2710,1423,'ISO16642','');
INSERT INTO source VALUES (2711,1423,'ISO12620','');
INSERT INTO source VALUES (2712,1423,'ISO16642','');
INSERT INTO source VALUES (2713,1424,'ISO 16642','');
INSERT INTO source VALUES (2714,1424,'ISO 16642','');
INSERT INTO source VALUES (2715,1424,'Crystal 2003','');
INSERT INTO source VALUES (3339,1558,'Gil Francopoulo','');
INSERT INTO source VALUES (2717,1427,'ISO12620','');
INSERT INTO source VALUES (2719,1455,'GROSS 1975','');
INSERT INTO source VALUES (2720,1455,'GROSS 1975','');
INSERT INTO source VALUES (2760,1491,'ISO16642','');
INSERT INTO source VALUES (2759,1490,'ISO16642','');
INSERT INTO source VALUES (2769,1503,'- http://www.thefreedictionary.com/abstractness\r\n- http://www.sil.org/linguistics/GlossaryOfLinguisticTerms/WhatIsAnAbstractNoun.htm\r\n','');
INSERT INTO source VALUES (2745,1482,'ISO16642','');
INSERT INTO source VALUES (2746,1482,'[daille 1996]','');
INSERT INTO source VALUES (2747,1484,'ISO16642','');
INSERT INTO source VALUES (2755,1487,'ISO16642','');
INSERT INTO source VALUES (2931,1604,'[ik]','');
INSERT INTO source VALUES (2926,1603,'ISO16642','');
INSERT INTO source VALUES (2925,1602,'ISO16642','');
INSERT INTO source VALUES (2762,1494,'ISO16642','');
INSERT INTO source VALUES (2763,1495,'No where','');
INSERT INTO source VALUES (2764,1500,'me','');
INSERT INTO source VALUES (2899,1578,'http://dublincore.org/documents/dces/','');
INSERT INTO source VALUES (2898,1577,'http://dublincore.org/documents/dces/','');
INSERT INTO source VALUES (2770,1504,'- http://www.sil.org/linguistics/GlossaryOfLinguisticTerms/WhatIsAnAbstractNoun.htm','');
INSERT INTO source VALUES (2771,1504,'Susanne Salmon-Alt','');
INSERT INTO source VALUES (2772,1505,'- http://www.sil.org/linguistics/GlossaryOfLinguisticTerms/WhatIsAnAbstractNoun.htm','');
INSERT INTO source VALUES (2773,1505,'Susanne Salmon-Alt','');
INSERT INTO source VALUES (2774,1506,'http://www.sil.org/linguistics/GlossaryOfLinguisticTerms/WhatIsASyntacticCategory.htm','');
INSERT INTO source VALUES (2775,1506,'Susanne Salmon-Alt','');
INSERT INTO source VALUES (2776,1507,'http://www.sil.org/linguistics/GlossaryOfLinguisticTerms/WhatIsASyntacticFunction.htm-	Crystal, David. 1985.A dictionary of linguistics and phonetics. 2nd edition. New York: Basil Blackwell.\r\nCrystal, David. 1985.A dictionary of linguistics and phonetics. 2nd edition. New York: Basil Blackwell.\r\n','');
INSERT INTO source VALUES (2777,1509,'Chinchor, Brown, Ferro (1999). Named Entity Recognition Task Definition.\r\nSusanne Salmon-Alt','');
INSERT INTO source VALUES (2778,1510,'\r\n\r\nhttp://www.chompchomp.com/terms/collectivenoun.htm.\r\nThe American Heritage® Book of English Usage. A Practical and Authoritative Guide to Contemporary English. 1996.\r\nSusanne Salmon-Alt','');
INSERT INTO source VALUES (2779,1511,'-http://www.chompchomp.com/terms/collectivenoun.htm.','');
INSERT INTO source VALUES (2780,1512,'http://www.chompchomp.com/terms/collectivenoun.htm.','');
INSERT INTO source VALUES (2781,1513,'-http://www.sil.org/linguistics/GlossaryOfLinguisticTerms/WhatIsAnAlienableNoun.htm','');
INSERT INTO source VALUES (2782,1514,'-http://www.sil.org/linguistics/GlossaryOfLinguisticTerms/WhatIsAnAlienableNoun.htm','');
INSERT INTO source VALUES (2783,1515,'-http://www.sil.org/linguistics/GlossaryOfLinguisticTerms/WhatIsAnAlienableNoun.htm','');
INSERT INTO source VALUES (2784,1516,'-	Keith Allan. 1980. Nouns and Countability. Language, 56(3):41-67.','');
INSERT INTO source VALUES (2785,1517,'-	Keith Allan. 1980. Nouns and Countability. Language, 56(3):41-67.','');
INSERT INTO source VALUES (2786,1517,'F. Bond, C. Vatikiotis-Bateson (2002). Using an ontology to determine English countability. Coling 2002','');
INSERT INTO source VALUES (2787,1518,'http://en.wikipedia.org/wiki/Grammatical_number','');
INSERT INTO source VALUES (2788,1519,'http://www.sil.org/linguistics/GlossaryOfLinguisticTerms/WhatIsDefiniteness.htm.\r\nHawkins, John A. 1978. Definiteness and indefiniteness: A study in reference and grammaticality prediction. London: Croom Helm.','');
INSERT INTO source VALUES (2789,1520,'http://www.sil.org/linguistics/GlossaryOfLinguisticTerms/WhatIsDefiniteness.htm.\r\nHawkins, John A. 1978. Definiteness and indefiniteness: A study in reference and grammaticality prediction. London: Croom Helm.','');
INSERT INTO source VALUES (2790,1521,'http://www.sil.org/linguistics/GlossaryOfLinguisticTerms/WhatIsDefiniteness.htm.\r\nHawkins, John A. 1978. Definiteness and indefiniteness: A study in reference and grammaticality prediction. London: Croom Helm.','');
INSERT INTO source VALUES (2791,1522,'http://www.sil.org/linguistics/GlossaryOfLinguisticTerms/WhatIsDefiniteness.htm.\r\nHawkins, John A. 1978. Definiteness and indefiniteness: A study in reference and grammaticality prediction. London: Croom Helm.','');
INSERT INTO source VALUES (2792,1523,'http://www.sil.org/linguistics/GlossaryOfLinguisticTerms/WhatIsDefiniteness.htm.\r\nHawkins, John A. 1978. Definiteness and indefiniteness: A study in reference and grammaticality prediction. London: Croom Helm.','');
INSERT INTO source VALUES (2793,1524,'http://www.sil.org/linguistics/GlossaryOfLinguisticTerms/WhatIsDefiniteness.htm.\r\nHawkins, John A. 1978. Definiteness and indefiniteness: A study in reference and grammaticality prediction. London: Croom Helm.','');
INSERT INTO source VALUES (2887,1465,'ISO16642','');
INSERT INTO source VALUES (2900,1579,'http://dublincore.org/documents/dces/','');
INSERT INTO source VALUES (2895,1596,'guide d\'annotation PEAS V1.6','');
INSERT INTO source VALUES (2934,1606,'XLIFF 1.1 specification','');
INSERT INTO source VALUES (2901,1579,'http://dublincore.org/documents/dces/','');
INSERT INTO source VALUES (2902,1580,'http://dublincore.org/documents/dces/','');
INSERT INTO source VALUES (2903,1580,'http://dublincore.org/documents/dces/','');
INSERT INTO source VALUES (2904,1581,'http://dublincore.org/documents/dces/','');
INSERT INTO source VALUES (2905,1581,'http://dublincore.org/documents/dces/','');
INSERT INTO source VALUES (2906,1582,'http://dublincore.org/documents/dces/','');
INSERT INTO source VALUES (2907,1582,'http://dublincore.org/documents/dces/','');
INSERT INTO source VALUES (2908,1583,'http://dublincore.org/documents/dces/','');
INSERT INTO source VALUES (2909,1583,'http://dublincore.org/documents/dces/','');
INSERT INTO source VALUES (2910,1584,'http://dublincore.org/documents/dces/','');
INSERT INTO source VALUES (2911,1584,'http://dublincore.org/documents/dces/','');
INSERT INTO source VALUES (2912,1585,'http://dublincore.org/documents/dces/','');
INSERT INTO source VALUES (2915,1586,'http://dublincore.org/documents/dces/','');
INSERT INTO source VALUES (2914,1585,'http://dublincore.org/documents/dces/','');
INSERT INTO source VALUES (2916,1586,'http://dublincore.org/documents/dces/','');
INSERT INTO source VALUES (2917,1587,'http://dublincore.org/documents/dces/','');
INSERT INTO source VALUES (2918,1587,'http://dublincore.org/documents/dces/','');
INSERT INTO source VALUES (2919,1589,'http://dublincore.org/documents/dces/','');
INSERT INTO source VALUES (2920,1589,'http://dublincore.org/documents/dces/','');
INSERT INTO source VALUES (2921,1588,'http://dublincore.org/documents/dces/','');
INSERT INTO source VALUES (2922,1588,'http://dublincore.org/documents/dces/','');
INSERT INTO source VALUES (2923,1591,'http://dublincore.org/documents/dces/','');
INSERT INTO source VALUES (2924,1591,'http://dublincore.org/documents/dces/','');
INSERT INTO source VALUES (2932,1605,'http://sunsite.dk/RFC/rfc/rfc3066.html, http://www.ietf.org/rfc/rfc3066.txt?number=3066','');
INSERT INTO source VALUES (2933,1605,'http://sunsite.dk/RFC/rfc/rfc3066.html, http://www.ietf.org/rfc/rfc3066.txt?number=3066','');
INSERT INTO source VALUES (2935,1613,'[IEEE-STD-610] ','');
INSERT INTO source VALUES (2936,1622,'XLIFF 1.1 specification','');
INSERT INTO source VALUES (2937,1623,'XLIFF 1.1 Specification','');
INSERT INTO source VALUES (2940,1639,'spécification de la modélisation SVG:http://www.yoyodesign.org/doc/w3c/svg1/struct.html','');
INSERT INTO source VALUES (2939,1626,'www.cogsci.princeton.edu/cgi-bin/webwn','');
INSERT INTO source VALUES (2941,1640,'spécification de la modélisation SVG: http://www.yoyodesign.org/doc/w3c/svg1/struct.html','');
INSERT INTO source VALUES (2942,1641,'spécification de la modélisation SVG: www.yoyodesign.org/doc/w3c/svg1/struct.html','');
INSERT INTO source VALUES (2943,1642,'spécification de la modélisation SVG: http://www.yoyodesign.org/doc/w3c/svg1/struct.html','');
INSERT INTO source VALUES (2947,1644,'SVG specification: http://www.yoyodesign.org/doc/w3c/svg1/text.html','');
INSERT INTO source VALUES (2946,1644,'CSS2 specification: http://www.w3.org/TR/REC-CSS2/fonts.html','');
INSERT INTO source VALUES (2954,1650,'http://www.yoyodesign.org/doc/w3c/svg1/text.html','');
INSERT INTO source VALUES (2948,1645,'CSS2 specification: http://www.w3.org/TR/REC-CSS2/fonts.html','');
INSERT INTO source VALUES (2949,1645,'SVG specification: http://www.yoyodesign.org/doc/w3c/svg1/text.html','');
INSERT INTO source VALUES (2950,1645,'CSS2 specification: http://www.w3.org/TR/REC-CSS2/fonts.html','');
INSERT INTO source VALUES (2951,1646,'SVG specification: http://www.yoyodesign.org/doc/w3c/svg1/text.html','');
INSERT INTO source VALUES (2952,1646,'CSS2 specification: http://www.w3.org/TR/REC-CSS2/fonts.html','');
INSERT INTO source VALUES (2953,1646,'CSS2 specification: http://www.w3.org/TR/REC-CSS2/fonts.html','');
INSERT INTO source VALUES (2955,1650,'css2 specification: http://www.w3.org/TR/REC-CSS2/fonts.html','');
INSERT INTO source VALUES (2956,1602,'[Syntax - IK]','');
INSERT INTO source VALUES (2957,1603,'[Syntax-IK]','');
INSERT INTO source VALUES (2958,1604,'[Syntax-IK]','');
INSERT INTO source VALUES (2959,1651,'Sami Boutayeb, \"Constitution d\'une terminologie multilingue, approche et méthode\", Séminaire Realiter - Nice 1er et 2 juillet 1996, Réflexions méthodologiques sur le travail en terminologie et en terminotique      \r\ndans les langues latines\r\n[http://www.realiter.net/nice/boutayeb.htm]','');
INSERT INTO source VALUES (2960,1651,'[ibid]','');
INSERT INTO source VALUES (2961,1652,'ISO 12620','');
INSERT INTO source VALUES (2962,1641,'SVG specification: http://www.w3.org/TR/SVG/struct.html','');
INSERT INTO source VALUES (2963,1642,'SVG specification: http://www.w3.org/TR/SVG/struct.html','');
INSERT INTO source VALUES (2964,1639,'SVG specification: http://www.w3.org/TR/SVG/struct.html','');
INSERT INTO source VALUES (2965,1640,'SVG specification: http://www.w3.org/TR/SVG/struct.html','');
INSERT INTO source VALUES (2966,1664,'ISO16642','');
INSERT INTO source VALUES (2967,1664,'ISO16642','');
INSERT INTO source VALUES (2968,1664,'[SYNTAX - IK]','');
INSERT INTO source VALUES (2969,1664,'[SYNTAX - IK]','');
INSERT INTO source VALUES (2976,1669,'htpp://syntax.loria.fr/difeiufeh?accepted','');
INSERT INTO source VALUES (3430,2010,'Info-Request (DAMSL): Introduces an obligation for the hearer to provide information.\r\nYN-Question (DIT): S wants to know the truth value of a given proposition; S believes that A knows the truth value of that proposition.\r\nYes-No-Question (SWBD-DAMSL): is used for yes-no questions only if they both have the pragmatic force of a yes-no-question and if they have the syntactic and prosodic markings of a yes-no question (i.e. subject inversion, question intonation).  Yes-no questions that are pragmatically questions but have declarative syntax are marked with ^d [“declarative question”] Yes-no questions that are syntactically (in form) questions but do not rhetorically function as questions are marked either as qh [“rhetorical questions”] or bh [“rhetorical question continuer”], depending on whether the rhetorical question is functioning as a backchannel. \r\nQUERY-YN (HCRC MapTask): A QUERY-YN asks the partner any question that takes a yes or no answer and does not count as a CHECK or an ALIGN. In the Map Task, these questions are most often about what the partner has on the map. They are also quite often questions that serve to focus the attention of the partner on a particular part of the map or that ask for domain or task information where the speaker does not think that information can be inferred from the dialogue context. \r\nQuestion (LINLIN): User obtains information from the system.\r\nYNQ (TRAINS): S asks a yes-no question, trying to determine the polarity of a proposition.','');
INSERT INTO source VALUES (2988,1688,'LR','');
INSERT INTO source VALUES (2989,1689,'http://www.ttt.org/oscar/xlt/webtutorial/datcats10.htm','');
INSERT INTO source VALUES (3028,1717,'IMDI_Source_Tag','');
INSERT INTO source VALUES (3023,1713,'IMDI_Source_Tag','');
INSERT INTO source VALUES (3024,1714,'IMDI_Source_Tag','');
INSERT INTO source VALUES (3025,1715,'IMDI_Source_Tag','');
INSERT INTO source VALUES (3026,1715,'IMDI_Source_Tag','');
INSERT INTO source VALUES (3027,1716,'IMDI_Source_Tag','');
INSERT INTO source VALUES (3022,1713,'IMDI_Source_Tag Version 3.05 June 2004','');
INSERT INTO source VALUES (3021,1712,'IMDI_Source_Tag','');
INSERT INTO source VALUES (3020,1711,'IMDI_Source_Tag','');
INSERT INTO source VALUES (3019,1710,'IMDI_Source_Tag','');
INSERT INTO source VALUES (3153,1813,'IMDI_Source_Tag','');
INSERT INTO source VALUES (3152,1813,'IMDI_Source_Tag','');
INSERT INTO source VALUES (3151,1813,'IMDI_Source_Tag','');
INSERT INTO source VALUES (3015,1708,'IMDI_Source_Tag','');
INSERT INTO source VALUES (3029,1718,'IMDI_Source_Tag','');
INSERT INTO source VALUES (3030,1719,'IMDI_Source_Tag','');
INSERT INTO source VALUES (3031,1720,'IMDI_Source_Tag','');
INSERT INTO source VALUES (3032,1720,'IMDI_Source_Tag','');
INSERT INTO source VALUES (3033,1720,'IMDI_Source_Tag','');
INSERT INTO source VALUES (3034,1721,'IMDI_Source_Tag','');
INSERT INTO source VALUES (3035,1722,'IMDI_Source_Tag','');
INSERT INTO source VALUES (3036,1723,'IMDI_Source_Tag','');
INSERT INTO source VALUES (3037,1724,'IMDI_Source_Tag','');
INSERT INTO source VALUES (3038,1724,'IMDI_Source_Tag','');
INSERT INTO source VALUES (3039,1725,'IMDI_Source_Tag','');
INSERT INTO source VALUES (3040,1726,'IMDI_Source_Tag','');
INSERT INTO source VALUES (3041,1727,'IMDI_Source_Tag','');
INSERT INTO source VALUES (3042,1728,'IMDI_Source_Tag','');
INSERT INTO source VALUES (3043,1728,'IMDI_Source_Tag','');
INSERT INTO source VALUES (3044,1729,'IMDI_Source_Tag','');
INSERT INTO source VALUES (3150,1812,'IMDI_Source_Tag','');
INSERT INTO source VALUES (3149,1812,'IMDI_Source_Tag','');
INSERT INTO source VALUES (3148,1812,'IMDI_Source_Tag','');
INSERT INTO source VALUES (3048,1731,'IMDI_Source_Tag','');
INSERT INTO source VALUES (3049,1732,'IMDI_Source_Tag','');
INSERT INTO source VALUES (3050,1733,'IMDI_Source_Tag','');
INSERT INTO source VALUES (3051,1733,'IMDI_Source_Tag','');
INSERT INTO source VALUES (3052,1734,'IMDI_Source_Tag','');
INSERT INTO source VALUES (3053,1734,'IMDI_Source_Tag','');
INSERT INTO source VALUES (3054,1735,'IMDI_Source_Tag','');
INSERT INTO source VALUES (3055,1736,'IMDI_Source_Tag','');
INSERT INTO source VALUES (3056,1737,'IMDI_Source_Tag','');
INSERT INTO source VALUES (3057,1738,'IMDI_Source_Tag','');
INSERT INTO source VALUES (3058,1739,'IMDI_Source_Tag','');
INSERT INTO source VALUES (3059,1740,'IMDI_Source_Tag','');
INSERT INTO source VALUES (3060,1740,'IMDI_Source_Tag','');
INSERT INTO source VALUES (3061,1742,'IMDI_Source_Tag','');
INSERT INTO source VALUES (3062,1743,'IMDI_Source_Tag','');
INSERT INTO source VALUES (3063,1743,'IMDI_Source_Tag','');
INSERT INTO source VALUES (3064,1744,'IMDI_Source_Tag','');
INSERT INTO source VALUES (3065,1745,'IMDI_Source_Tag','');
INSERT INTO source VALUES (3066,1746,'IMDI_Source_Tag','');
INSERT INTO source VALUES (3067,1746,'IMDI_Source_Tag','');
INSERT INTO source VALUES (3068,1748,'IMDI_Source_Tag','');
INSERT INTO source VALUES (3069,1749,'IMDI_Source_Tag','');
INSERT INTO source VALUES (3070,1749,'IMDI_Source_Tag','');
INSERT INTO source VALUES (3071,1750,'IMDI_Source_Tag','');
INSERT INTO source VALUES (3072,1751,'IMDI_Source_Tag','');
INSERT INTO source VALUES (3073,1751,'IMDI_Source_Tag','');
INSERT INTO source VALUES (3074,1752,'IMDI_Source_Tag','');
INSERT INTO source VALUES (3075,1753,'IMDI_Source_Tag','');
INSERT INTO source VALUES (3076,1754,'IMDI_Source_Tag','');
INSERT INTO source VALUES (3077,1755,'IMDI_Source_Tag','');
INSERT INTO source VALUES (3078,1756,'IMDI_Source_Tag','');
INSERT INTO source VALUES (3079,1757,'IMDI_Source_Tag','');
INSERT INTO source VALUES (3080,1758,'IMDI_Source_Tag','');
INSERT INTO source VALUES (3081,1759,'IMDI_Source_Tag','');
INSERT INTO source VALUES (3082,1759,'IMDI_Source_Tag','');
INSERT INTO source VALUES (3083,1760,'IMDI_Source_Tag','');
INSERT INTO source VALUES (3084,1761,'IMDI_Source_Tag','');
INSERT INTO source VALUES (3085,1762,'IMDI_Source_Tag','');
INSERT INTO source VALUES (3086,1762,'IMDI_Source_Tag','');
INSERT INTO source VALUES (3087,1762,'IMDI_Source_Tag','');
INSERT INTO source VALUES (3088,1763,'IMDI_Source_Tag','');
INSERT INTO source VALUES (3089,1764,'IMDI_Source_Tag','');
INSERT INTO source VALUES (3090,1766,'IMDI_Source_Tag','');
INSERT INTO source VALUES (3091,1767,'IMDI_Source_Tag','');
INSERT INTO source VALUES (3092,1767,'IMDI_Source_Tag','');
INSERT INTO source VALUES (3093,1768,'IMDI_Source_Tag','');
INSERT INTO source VALUES (3094,1769,'IMDI_Source_Tag','');
INSERT INTO source VALUES (3095,1769,'IMDI_Source_Tag','');
INSERT INTO source VALUES (3096,1770,'IMDI_Source_Tag','');
INSERT INTO source VALUES (3097,1771,'IMDI_Source_Tag','');
INSERT INTO source VALUES (3098,1772,'IMDI_Source_Tag','');
INSERT INTO source VALUES (3099,1773,'IMDI_Source_Tag','');
INSERT INTO source VALUES (3100,1774,'IMDI_Source_Tag','');
INSERT INTO source VALUES (3101,1774,'IMDI_Source_Tag','');
INSERT INTO source VALUES (3102,1774,'IMDI_Source_Tag','');
INSERT INTO source VALUES (3103,1775,'IMDI_Source_Tag','');
INSERT INTO source VALUES (3104,1776,'IMDI_Source_Tag','');
INSERT INTO source VALUES (3105,1777,'IMDI_Source_Tag','');
INSERT INTO source VALUES (3106,1778,'IMDI_Source_Tag','');
INSERT INTO source VALUES (3107,1779,'IMDI_Source_Tag','');
INSERT INTO source VALUES (3108,1780,'IMDI_Source_Tag','');
INSERT INTO source VALUES (3109,1781,'IMDI_Source_Tag','');
INSERT INTO source VALUES (3110,1781,'IMDI_Source_Tag','');
INSERT INTO source VALUES (3111,1782,'IMDI_Source_Tag','');
INSERT INTO source VALUES (3112,1783,'IMDI_Source_Tag','');
INSERT INTO source VALUES (3113,1783,'IMDI_Source_Tag','');
INSERT INTO source VALUES (3114,1783,'IMDI_Source_Tag','');
INSERT INTO source VALUES (3115,1784,'IMDI_Source_Tag','');
INSERT INTO source VALUES (3116,1785,'IMDI_Source_Tag','');
INSERT INTO source VALUES (3117,1786,'IMDI_Source_Tag','');
INSERT INTO source VALUES (3118,1787,'IMDI_Source_Tag','');
INSERT INTO source VALUES (3119,1787,'IMDI_Source_Tag','');
INSERT INTO source VALUES (3120,1788,'IMDI_Source_Tag','');
INSERT INTO source VALUES (3121,1789,'IMDI_Source_Tag','');
INSERT INTO source VALUES (3122,1790,'IMDI_Source_Tag','');
INSERT INTO source VALUES (3123,1792,'IMDI_Source_Tag','');
INSERT INTO source VALUES (3124,1793,'IMDI_Source_Tag','');
INSERT INTO source VALUES (3125,1794,'IMDI_Source_Tag','');
INSERT INTO source VALUES (3126,1795,'IMDI_Source_Tag','');
INSERT INTO source VALUES (3127,1796,'IMDI_Source_Tag','');
INSERT INTO source VALUES (3128,1796,'IMDI_Source_Tag','');
INSERT INTO source VALUES (3129,1797,'IMDI_Source_Tag','');
INSERT INTO source VALUES (3130,1798,'IMDI_Source_Tag','');
INSERT INTO source VALUES (3131,1798,'IMDI_Source_Tag','');
INSERT INTO source VALUES (3132,1799,'IMDI_Source_Tag','');
INSERT INTO source VALUES (3133,1799,'IMDI_Source_Tag','');
INSERT INTO source VALUES (3134,1800,'IMDI_Source_Tag','');
INSERT INTO source VALUES (3135,1801,'IMDI_Source_Tag','');
INSERT INTO source VALUES (3136,1801,'IMDI_Source_Tag','');
INSERT INTO source VALUES (3137,1802,'IMDI_Source_Tag','');
INSERT INTO source VALUES (3138,1803,'IMDI_Source_Tag','');
INSERT INTO source VALUES (3139,1804,'IMDI_Source_Tag','');
INSERT INTO source VALUES (3140,1805,'IMDI_Source_Tag','');
INSERT INTO source VALUES (3141,1806,'IMDI_Source_Tag','');
INSERT INTO source VALUES (3142,1807,'IMDI_Source_Tag','');
INSERT INTO source VALUES (3143,1808,'IMDI_Source_Tag','');
INSERT INTO source VALUES (3144,1809,'IMDI_Source_Tag','');
INSERT INTO source VALUES (3145,1810,'IMDI_Source_Tag','');
INSERT INTO source VALUES (3146,1811,'IMDI_Source_Tag','');
INSERT INTO source VALUES (3147,1811,'IMDI_Source_Tag','');
INSERT INTO source VALUES (3386,1984,'ISO12620','');
INSERT INTO source VALUES (3363,1968,'ISO16642','');
INSERT INTO source VALUES (3364,1968,'ISO16642','');
INSERT INTO source VALUES (3365,1968,'ISO16642','');
INSERT INTO source VALUES (3366,1968,'ISO12620','');
INSERT INTO source VALUES (3368,1968,'TEI(green text); 1951','');
INSERT INTO source VALUES (3369,1969,'Longman dictionay of contemporary English 2005','');
INSERT INTO source VALUES (3370,1970,'Longman dictionary of contemporary English 2005','');
INSERT INTO source VALUES (3371,1971,'Longma dictionary contemporay English 2005','');
INSERT INTO source VALUES (3372,1972,'ISO16642','');
INSERT INTO source VALUES (3373,1972,'ISO16642','');
INSERT INTO source VALUES (3374,1972,'ISO16642','');
INSERT INTO source VALUES (3378,1974,'Gil Francopoulo','');
INSERT INTO source VALUES (3379,1975,'Gil Francopoulo','');
INSERT INTO source VALUES (3381,1977,'Gil Francopoulo','');
INSERT INTO source VALUES (3384,1983,'Dictionnaire de linguistique Larousse 2002','');
INSERT INTO source VALUES (3383,1982,'Crystal 2003','');
INSERT INTO source VALUES (3385,1983,'Dictionnaire de linguistique Larousse 2002','');
INSERT INTO source VALUES (3388,1985,'ISO12620','');
INSERT INTO source VALUES (3389,1985,'ISO12620','');
INSERT INTO source VALUES (3390,1986,'ISO12620','');
INSERT INTO source VALUES (3392,1988,'ISO16642','');
INSERT INTO source VALUES (3393,1988,'ISO12620','');
INSERT INTO source VALUES (3395,1988,'Mitre; TEI(green text); 1951','');
INSERT INTO source VALUES (3402,1997,'ISO12620','');
INSERT INTO source VALUES (3405,1998,'ISO12620','');
INSERT INTO source VALUES (3407,1998,'Mitre; TEI','');
INSERT INTO source VALUES (3408,1989,'12620','');
INSERT INTO source VALUES (3409,1991,'Longma DCE','');
INSERT INTO source VALUES (3410,1992,'12620','');
INSERT INTO source VALUES (3411,1994,'12620','');
INSERT INTO source VALUES (3412,1999,'ISO12620','');
INSERT INTO source VALUES (3415,1996,'ISO12620','');
INSERT INTO source VALUES (3416,1996,'ISO12620','');
INSERT INTO source VALUES (3417,2001,'SIL','');
INSERT INTO source VALUES (3418,2002,'Petit Robert 2003','');
INSERT INTO source VALUES (3419,2003,'DFKI','');
INSERT INTO source VALUES (3422,1928,'DFKI','');
INSERT INTO source VALUES (3432,2012,'Check (DIT): S wants to know the truth value of a given proposition; S believes that A knows the truth value of that proposition; S weakly believes that the proposition is true\r\nTag Question (SWBD-DAMSL): Labelled as simply a Yes-No Question, not given a separate dialogue act label.\r\nCHECK (HCRC MapTask): A CHECK move requests the partner to confirm information that the speaker has some reason to believe, but is not entirely sure about. Typically the information to be confirmed is something the partner has tried to convey explicitly or something the speaker believes was meant to be inferred from what the partner has said. In principle, CHECK moves could cover past dialogue events (e.g., “I told you about the land mine, didn’t I?”) or any other information that the partner is in a position to confirm. However, CHECK moves are almost always about some information that the speaker has been told. One exception in the Map Task occurs when a participant is explaining a route for the second time to a different route follower, and asks for confirmation that a feature occurs on the partner’s map even though it has not yet been mentioned in the current dialogue.\r\nTag (TRAINS): An intent clarification utterance clarifies the intention of a previous utterance. The name Tag is assigned as this is the role that is played by tags in sentences such as John is coming to the party, isn’t he?. The tag indicates that the utterance is a question rather than an assertion. A tag can be deleted without affecting the dialog (if the previous utterance is treated appropriately as indicated by the tag).\r\nRequest_Comment (Verbmobil): With an utterance expressing a REQUEST_COMMENT the speaker explicitly asks his dialogue partner to comment on a proposal. It is often used to yield the turn; in that case it prompts the dialogue partner to respond. A REQUEST_COMMENT can easily be distinguished from a SUGGEST, because a REQUEST_COMMENT does not contain explicit information about a concrete topic. Instead, the topic can be referred to anaphorically.','');
INSERT INTO source VALUES (3433,2012,'HCRC MapTask','');
INSERT INTO source VALUES (3434,2013,'Assert (DAMSL): The Assert tag is used when the speaker is trying to change the beliefs of the hearer. If this is not true, then a further distinction is made depending on whether the claim has been made previously in the dialogue or not (when it is tagged as Reassert or Other respectively).\r\nInform (DIT): Speaker S wants to make the information that forms the semantic content of the inform act known to addressee A; S believes the semantic content to be true.\r\nExplain (HCRC MapTask): An EXPLAIN states information that has not been directly elicited by the partner. (If the information were elicited, the move would be a response, such as a reply to a question.) The information can be some fact about either the domain or the state of the plan or task, including facts that help establish what is mutually known.\r\nUpdate (LINLIN): User provides information to the system.\r\nStatement (SWBD-DAMSL): Statements are the most common label in SWBD-DAMSL, comprising 45% of the tokens. One of the SWBD-DAMSL/DAMSL mapping difficulties occurs with statements. SWBD-DAMSL statements are not differentiated into DAMSL’s “Assert”, “Reassert” and “Other Statement”. \r\nInform (TRAINS): An inform act in the TRAINS domain is generally either in response to a question, or is a situation setting action that describes background information necessary to understand the problem. Inform is the default assignment for acts in this class if none of the following acts seem appropriate.Inform (Verbmobil): The label INFORM is reserved for cases where none of the categories REQUEST, SUGGEST, COMMIT or FEEDBACK apply. If not enough information is available in the context to label the given dialogue segment as any of those it can be labelled as INFORM. ','');
INSERT INTO source VALUES (3435,2014,'Accept (DAMSL): \r\nAgreement (DIT): S believes that the addressee weakly believes (like S) that the semantic content is true.\r\nAccept (SWBD-DAMSL): The Agreements (Accept, Reject, Partial Accept etc) all mark the degree to which speaker accepts some previous proposal, plan, opinion, or statement. This is a generalization over the use in Allen and Core (1997), which seems to reserve Agreements for accepts or rejects of proposals, not statements.\r\nAccept (TRAINS): Art accept indicates that the hearer has accepted the act in the previous utterance, be it a request, suggest, inform of whatever. After an agent has done an accept, they are committed to whatever the speech act that was accepted requires. Accepts can also be implicit if the agent continues on without explicit denial. Examples often overlap with acknowledgments\r\nAccept (Verbmobil): With an utterance expressing an ACCEPT the speaker explicitly accepts a proposal. ACCEPT is a special case of FEEDBACK_POSITIVE. Note that only proposals can be accepted, such as those put forward in the dialogue acts SUGGEST, DEFER, OFFER, COMMIT, REQUEST_COMMIT.','');
INSERT INTO source VALUES (3436,2014,'DIT & Verbmobil','');
INSERT INTO source VALUES (3456,2035,'Reject (DAMSL): Disagreement (DIT): S believes that the addressee weakly believes (unlike S) that the semantic content is false.Reject (SWBD-DAMSL): The Agreements (Accept, Reject, Partial Accept etc) all mark the degree to which speaker accepts some previous proposal, plan, opinion, or statement. This is a generalization over the use in Allen and Core (1997), which seems to reserve Agreements for accepts or rejects of proposals, not statements.Denial (TRAINS): The opposite of an acceptance. As with accept acts, one can deny requests, suggestions or many other acts.Reject (Verbmobil): REJECT concerns the rejection of a proposal that has been introduced in a preceding utterance. The proposal can be referred to anaphorically, and it can also be explicitly stated.','');
INSERT INTO source VALUES (3438,2017,'Answer (DAMSL): S is supplying info explicitly requested by a previous Info-Request act.Answer (DIT): S believes that A wants to know this information (for instance, because A has asked for it); S believes the semantic content to be true.Answer (LINLIN): System database answer, answer to clarification request.','');
INSERT INTO source VALUES (3439,2018,'WH-Answer (DIT): S believes that A wants to know this information (for instance, because A has asked for it); S believes the semantic content to be true.Reply-W (HCRC MapTask): The REPLY-W Move. A REPLY-W is any reply to any type of query that doesn’t simply mean “yes” or “no”.','');
INSERT INTO source VALUES (3440,2019,'YN-Answer (DIT): S believes that A wants to know this information (for instance, because A has asked for it); S believes the semantic content to be true.Reply-Y/Reply-N (HCRC MapTask): A REPLY-Y is any reply to any query with a yes-no surface form that means “yes”, however that is expressed. Since REPLY-Y moves are elicited responses, they normally only appear after QUERY-YN, ALIGN, and CHECK moves. Similar to REPLY-Y, a reply to a query with a yes-no surface form, that means “no” is a REPLY-N. One caveat about the meaning of the difference between REPLY-Y and REPLY-N: rarely, queries include negation (e.g., “You don’t have a swamp?”; “You’re not anywhere near the coast?”). As for the other replies, whether the answer is coded as a REPLY-Y or a REPLY-N depends on the surface form of the answer, even though in this case “yes” and “no” can mean the same thing.Yes-Answer/No-Answer (SWBD-DAMSL): These are only “yes”, “yeah”, “yep”, “uh-huh”, and such other variations on “yes”; or “no” and variations. These are marked even if there is a filled pause or discourse marker along with the “yes” or “no”.','');
INSERT INTO source VALUES (3441,2020,'Confirm (DIT): S believes that A correctly has the weak belief that the semantic content of the check is true.Confirm (Verbmobil): With an utterance expressing a CONFIRM the speaker wraps up the result of the negotiation (or a part thereof). This is done by repeating parts of the completed task, i.e. for appointment scheduling a recapitulation (complete or partial) of the agreed date/place. Note: This dialogue act often also signals the closure of the task. If no information from the task domain is given in the utterance, though, it is likely to be a CLOSE. CONFIRM can also be abused as an ACCEPT if the set of confirmed items include a piece that has not been accepted yet.','');
INSERT INTO source VALUES (3442,2021,'Disconfirm (DIT): S believes that A incorrectly has the weak belief that the semantic content of the check is true.Reply-N (HCRC MapTask): See /YN-Answer/.No-Answer (SWBD-DAMSL): See /YN-Answer/.','');
INSERT INTO source VALUES (3443,2022,'Request (DIT): S wants A to perform the action that forms the semantic content, conditional on A’s consent.Request (TRAINS): A request involves one agent attempting to get the other agent to do something by direct means. If a request is not taken up, it must be explicitly denied by the hearer either by stating that he won’t comply or by suggesting a modification to the requested action. The requested action may be either a domain act or a problem solving. Particular subclasses of requests involving questions are treated individually as they have their own specific syntactic markers in language.Request (Verbmobil): REQUEST is defined as being a not further specifiable request. If you realize that the speaker requests some action from the hearer, but cannot decide whether it is a REQUEST_CLARIFY, a REQUEST_COMMENT, a REQUEST_SUGGEST or some other time of request, you use the dialogue act REQUEST. ','');
INSERT INTO source VALUES (3444,2023,'Instruct (DIT): S wants A to carry out the action, specified in the semantic content; S believes that A is able and willing to carry out the action.Instruct (HCRC MapTask): An INSTRUCT move commands the partner to carry out an action. Where actions are observable, the expected response could be performance of the action. The instruction can be quite indirect, as in example 3 below, as long as there is a specific action that the instructor intends to elicit (in this case, focusing on the start point). In the Map Task, this usually involves the route giver telling the route follower how to navigate part of the route. Participants can also give other INSTRUCT moves, such as telling the partner to go through something again but more slowly. In these and later examples, G denotes the instruction giver, the participant who knows the route, and F, the instruction follower, the one who is being told the route. Editorial comments that help to establish the dialogue context are given in square brackets.Action-directive (DAMSL): S tries to directly influence H’s future non-communicative actions, and obligates A to either perform the requested action or to communicate a refusal or inability to do so.','');
INSERT INTO source VALUES (3445,2024,'AcceptRequest (DIT): S commits himself to perform the action that was requested.','');
INSERT INTO source VALUES (3446,2025,'DeclineRequest (DIT): S is not willing to perform the action that was requested.','');
INSERT INTO source VALUES (3447,2026,'Offer (DIT): S commits himself to the action, specified in the semantic content, conditional on A’s consent that S do so.Offer (DAMSL): Potentially commits S to some future course of action, conditional on A’s agreement.Offer (TRAINS): No definition found.','');
INSERT INTO source VALUES (3448,2027,'AcceptOffer (DIT): S wants to make known to A that S agrees to A performing the action that A has offered to perform.','');
INSERT INTO source VALUES (3449,2028,'DeclineOffer (DIT): S wants to make known to A that S does not agrees to A performing the action that A has offered to perform.','');
INSERT INTO source VALUES (3450,2029,'Suggest (DIT): S wants A to know that the action(s), specified in the semantic content, is potentially promising for achieving a certain goal, which is either contextually salient or specified as part of the semantic content.Suggest (TRAINS): A Suggestion in this domain also involves getting the other agent to do something, but is weaker than a request. Suggestions explicitly leave open an option of negotiation between the agents, often by using the first person plural to include both agents in the suggested action.Suggest (Verbmobil): The speaker proposes an explicit instance or aspect of the negotiated topic (not necessarily only one instance or aspect, could also be a set of instances). A further point of definition is that the proposed instance must be either a new referent or a further specification of an already introduced one.','');
INSERT INTO source VALUES (3451,2030,'Signal-Understanding (DAMSL): S explicitly indicates understanding (but not necessarily acceptance).OverallPositiveAutoFeedback (DIT): S wants A to know that S’s perception, interpretation, evaluation and application of the previous utterance were successful.Feedback_Positive (Verbmobil): The speaker reacts to a contribution of the dialogue partner in a positive way.  A FEEDBACK_POSITIVE can signal understanding of a previous contribution, acceptance of its contents or illocution, or it can express an answer to a yes/no-question… Note that FEEDBACK_POSITIVE and FEEDBACK_NEGATIVE are not meant as a dichotomy, but rather as two poles of a graded spectrum. Both FEEDBACK_POSITIVE and FEEDBACK_NEGATIVE are not necessarily reactions to a contribution made by a dialogue partner, but can also relate to an utterance the current speaker herself made.','');
INSERT INTO source VALUES (3452,2031,'OverallPositiveAlloFeedback (DIT): S wants A to know that S believes that A’s perception, interpretation, evaluation and application of the previous utterance were successful.','');
INSERT INTO source VALUES (3453,2032,'Signal-Non-Understanding (DAMSL): S explicitly indicates a problem in understanding the antecedent.OverallNegativeAutoFeedback (DIT): S wants A to know that S’s perception of the previous utterance encountered a problem.Feedback_Negative (Verbmobil): The speaker reacts to a contribution of the dialogue partner in a negative way. A FEEDBACK_NEGATIVE can signal rejection of the contents or illocution of a previous contribution or it can express an answer to a yes/no-question. (See also /OverallNegativeAutoFeedback/).','');
INSERT INTO source VALUES (3454,2033,'OverallNegativeAlloFeedback (DIT): S wants A to know that S believes that A’s perception of the previous utterance encountered a problem.','');
INSERT INTO source VALUES (3455,2034,'EvaluationNegativeAutoFeedback (DIT): S wants A to know that S’s evaluation of the previous utterance encountered a problem.','');
INSERT INTO source VALUES (3457,2036,'Turn_Accepting (DIT): S agrees to take the turn.','');
INSERT INTO source VALUES (3458,2037,'Turn_Giving (DIT): S allows A to take the turn.Release-turn/Assign-turn (TRAINS): No definition found.','');
INSERT INTO source VALUES (3459,2038,'Turn_Grabbing (DIT): S wants to get the turn.Take-turn (TRAINS): No definition found.','');
INSERT INTO source VALUES (3460,2039,'Turn_Keeping (DIT): S wants to keep the turn.Keep-turn (TRAINS): This is a wide-ranging class and includes any utterances whose main purpose is to maintain the speakers turn, although they may also serve as an acknowledgement.','');
INSERT INTO source VALUES (3461,2040,'Stalling (DIT): S needs a little bit of time.','');
INSERT INTO source VALUES (3462,2041,'Hold (DAMSL): S is not stating his/her attitude towards the proposal, request, or claim.Pausing (DIT): S needs some time to do something (either in preparation of continuing the dialogue, or because something else came up which is more urgent for him to attend to).','');
INSERT INTO source VALUES (3463,2042,'Completion (DAMSL): S signals understanding by finishing or adding to the clause that H is in the middle of constructing.Completion (DIT): S completes an utterance by A, that A is struggling to complete.Completion (TRAINS): A completion occurs when the speaker completes the other agent’s utterance rather than waiting for the agent to finish.','');
INSERT INTO source VALUES (3464,2043,'Correct-Misspeaking (DAMSL): S indicates that S believes that A has not said what he/she actually intended, by offering a correction.Correct-misspeaking (DIT): S corrects (part of) an utterance by A, assuming that A made a speaking error.Correction suggestion (TRAINS): Other suggestions at the discourse level may be correction suggestions. ','');
INSERT INTO source VALUES (3465,2044,'Apology (DIT): S excuses himself.Apology (SWBD-DAMSL): No definition available.','');
INSERT INTO source VALUES (3466,2045,'Init-/React-Greeting (DIT): S greets A (either initially or responsively).Greet (Verbmobil): Used for all kinds of initial greetings.','');
INSERT INTO source VALUES (3467,2046,'Init-/React-Goodbye (DIT): S says goodbye to A (either initially or responsively).Bye (Verbmobil): The speaker says goodbye to the dialogue partner(s), thereby closing the dialogue.','');
INSERT INTO source VALUES (3468,2047,'Thanking (DIT): S expresses his gratitude towards A.Thank (Verbmobil): The speaker expresses his gratitude to the dialogue partner(s).','');
INSERT INTO source VALUES (3469,2055,'Adapted from: Weiner and Simpson (1996) and Pustejovsky et al. (2004).','');
INSERT INTO source VALUES (3470,2056,'Adapted from: Pustejovsky et al. (2004).','');
INSERT INTO source VALUES (3471,2057,'Adapted from: Pustejovsky et al. (2004).','');
INSERT INTO source VALUES (3472,2058,'WordNet','');
INSERT INTO source VALUES (3473,2059,'Adapted from WordNet.','');
INSERT INTO source VALUES (3474,2060,'Adapted from: Hobbs and Pan (2004).','');
INSERT INTO source VALUES (3475,2061,'Adapted from: Hobbs and Pan (2004).','');
INSERT INTO source VALUES (3476,2062,'Adapted from: Bunt (1985).','');
INSERT INTO source VALUES (3477,2063,'Adapted from: Bunt (1985b).','');
INSERT INTO source VALUES (3478,2064,'Adapted from: Pustejovsky et al. (2004).','');
INSERT INTO source VALUES (3479,2064,'Adapted from: Pustejovsky et al. (2004).','');
INSERT INTO source VALUES (3480,2065,'Adapted from (Hobbs and Pan, 2004)','');
INSERT INTO source VALUES (3481,1954,'DFKI','');
INSERT INTO source VALUES (3482,1954,'DFKI','');

--
-- Table structure for table `submissiongroup`
--

CREATE TABLE submissiongroup (
  SubmissionGroup_id integer NOT NULL,
  SubmissionGroup_CE_id integer NOT NULL default '0',
  SubmissionGroup_User_id integer NOT NULL default '0',
  SubmissionGroup_decision varchar(50) NOT NULL default 'Standby',
  SubmissionGroup_explanation text NOT NULL,
  SubmissionGroup_status varchar(50) NOT NULL default 'Creation',
  SubmissionGroup_nouveau integer NOT NULL default '0',
  PRIMARY KEY (SubmissionGroup_id)
);

--
-- Dumping data for table `submissiongroup`
--

INSERT INTO submissiongroup VALUES (1,1,33,'Standby',' ','Creation',0);
INSERT INTO submissiongroup VALUES (2,2,33,'Standby',' ','Creation',0);
INSERT INTO submissiongroup VALUES (3,3,33,'Standby',' ','Creation',0);
INSERT INTO submissiongroup VALUES (4,4,33,'Standby',' ','Creation',0);
INSERT INTO submissiongroup VALUES (5,5,33,'Standby',' ','Creation',0);
INSERT INTO submissiongroup VALUES (6,6,33,'Standby',' ','Creation',0);
INSERT INTO submissiongroup VALUES (7,7,33,'Standby',' ','Creation',0);
INSERT INTO submissiongroup VALUES (8,8,33,'Standby',' ','Creation',0);
INSERT INTO submissiongroup VALUES (9,9,33,'Standby',' ','Creation',0);
INSERT INTO submissiongroup VALUES (10,10,33,'Standby',' ','Creation',0);
INSERT INTO submissiongroup VALUES (11,11,33,'Standby',' ','Creation',0);
INSERT INTO submissiongroup VALUES (12,12,33,'Standby',' ','Creation',0);
INSERT INTO submissiongroup VALUES (13,13,33,'Standby',' ','Creation',0);
INSERT INTO submissiongroup VALUES (14,14,33,'Standby',' ','Creation',0);
INSERT INTO submissiongroup VALUES (15,15,33,'Standby',' ','Creation',0);
INSERT INTO submissiongroup VALUES (16,16,33,'Standby',' ','Creation',0);
INSERT INTO submissiongroup VALUES (17,17,33,'Standby',' ','Creation',0);
INSERT INTO submissiongroup VALUES (18,18,33,'Standby',' ','Creation',0);
INSERT INTO submissiongroup VALUES (19,19,33,'Standby',' ','Creation',0);
INSERT INTO submissiongroup VALUES (20,20,33,'Standby',' ','Creation',0);
INSERT INTO submissiongroup VALUES (21,21,33,'Standby',' ','Creation',0);
INSERT INTO submissiongroup VALUES (22,22,33,'Standby',' ','Creation',0);
INSERT INTO submissiongroup VALUES (23,23,33,'Standby',' ','Creation',0);
INSERT INTO submissiongroup VALUES (24,24,33,'Standby',' ','Creation',0);
INSERT INTO submissiongroup VALUES (25,25,33,'Standby',' ','Creation',0);
INSERT INTO submissiongroup VALUES (26,26,33,'Standby',' ','Creation',0);
INSERT INTO submissiongroup VALUES (27,27,33,'Standby',' ','Creation',0);
INSERT INTO submissiongroup VALUES (28,28,33,'Standby',' ','Creation',0);
INSERT INTO submissiongroup VALUES (29,29,33,'Standby',' ','Creation',0);
INSERT INTO submissiongroup VALUES (30,30,33,'Standby',' ','Creation',0);
INSERT INTO submissiongroup VALUES (31,31,33,'Standby',' ','Modification',0);
INSERT INTO submissiongroup VALUES (32,32,33,'Standby',' ','Modification',0);
INSERT INTO submissiongroup VALUES (33,33,33,'Standby',' ','Modification',0);
INSERT INTO submissiongroup VALUES (34,34,33,'Standby',' ','Modification',0);
INSERT INTO submissiongroup VALUES (35,35,33,'Standby',' ','Creation',0);
INSERT INTO submissiongroup VALUES (36,36,33,'Standby',' ','Modification',0);
INSERT INTO submissiongroup VALUES (37,37,33,'Standby',' ','Creation',0);
INSERT INTO submissiongroup VALUES (38,46,33,'Standby',' ','Creation',0);
INSERT INTO submissiongroup VALUES (39,47,33,'Standby',' ','Creation',0);
INSERT INTO submissiongroup VALUES (40,48,33,'Standby',' ','Creation',0);
INSERT INTO submissiongroup VALUES (41,49,33,'Standby',' ','Creation',0);
INSERT INTO submissiongroup VALUES (42,50,33,'Standby',' ','Creation',0);
INSERT INTO submissiongroup VALUES (43,51,33,'Standby',' ','Creation',0);
INSERT INTO submissiongroup VALUES (44,52,33,'Standby',' ','Creation',0);
INSERT INTO submissiongroup VALUES (45,53,33,'Standby',' ','Creation',0);
INSERT INTO submissiongroup VALUES (46,54,33,'Standby',' ','Creation',0);
INSERT INTO submissiongroup VALUES (47,55,33,'Standby',' ','Creation',0);
INSERT INTO submissiongroup VALUES (48,56,33,'Standby',' ','Creation',0);
INSERT INTO submissiongroup VALUES (49,57,33,'Standby',' ','Creation',0);
INSERT INTO submissiongroup VALUES (50,58,4,'Standby',' ','Creation',0);
INSERT INTO submissiongroup VALUES (51,59,4,'Standby',' ','Creation',0);
INSERT INTO submissiongroup VALUES (52,60,4,'Standby',' ','Creation',0);
INSERT INTO submissiongroup VALUES (53,62,4,'Standby',' ','Creation',0);
INSERT INTO submissiongroup VALUES (54,64,4,'Standby',' ','Creation',0);
INSERT INTO submissiongroup VALUES (55,65,4,'Standby',' ','Creation',0);
INSERT INTO submissiongroup VALUES (56,66,4,'Standby',' ','Creation',0);
INSERT INTO submissiongroup VALUES (57,82,4,'Standby',' ','Creation',0);
INSERT INTO submissiongroup VALUES (58,83,4,'Standby',' ','Creation',0);
INSERT INTO submissiongroup VALUES (59,87,4,'Standby',' ','Creation',0);
INSERT INTO submissiongroup VALUES (60,89,4,'Standby',' ','Creation',0);
INSERT INTO submissiongroup VALUES (61,94,4,'Standby',' ','Creation',0);
INSERT INTO submissiongroup VALUES (62,98,4,'Standby',' ','Creation',0);
INSERT INTO submissiongroup VALUES (63,99,4,'Standby',' ','Creation',0);
INSERT INTO submissiongroup VALUES (64,100,4,'Standby',' ','Creation',0);
INSERT INTO submissiongroup VALUES (65,101,4,'Standby',' ','Creation',0);
INSERT INTO submissiongroup VALUES (66,102,4,'Standby',' ','Creation',0);
INSERT INTO submissiongroup VALUES (67,103,4,'Standby',' ','Creation',0);
INSERT INTO submissiongroup VALUES (68,104,4,'Standby',' ','Creation',0);
INSERT INTO submissiongroup VALUES (69,105,4,'Standby',' ','Creation',0);
INSERT INTO submissiongroup VALUES (70,106,4,'Standby',' ','Creation',0);
INSERT INTO submissiongroup VALUES (71,107,4,'Standby',' ','Creation',0);
INSERT INTO submissiongroup VALUES (72,108,4,'Standby',' ','Creation',0);
INSERT INTO submissiongroup VALUES (73,109,4,'Standby',' ','Creation',0);
INSERT INTO submissiongroup VALUES (74,110,4,'Standby',' ','Creation',0);
INSERT INTO submissiongroup VALUES (75,111,4,'Standby',' ','Creation',0);
INSERT INTO submissiongroup VALUES (76,112,4,'Standby',' ','Creation',0);
INSERT INTO submissiongroup VALUES (77,113,4,'Standby',' ','Creation',0);
INSERT INTO submissiongroup VALUES (78,114,4,'Standby',' ','Creation',0);
INSERT INTO submissiongroup VALUES (79,115,4,'Standby',' ','Creation',0);
INSERT INTO submissiongroup VALUES (80,116,4,'Standby',' ','Creation',0);
INSERT INTO submissiongroup VALUES (81,117,4,'Standby',' ','Creation',0);
INSERT INTO submissiongroup VALUES (82,118,4,'Standby',' ','Creation',0);
INSERT INTO submissiongroup VALUES (83,119,4,'Standby',' ','Creation',0);
INSERT INTO submissiongroup VALUES (84,120,4,'Standby',' ','Creation',0);
INSERT INTO submissiongroup VALUES (85,121,4,'Standby',' ','Creation',0);
INSERT INTO submissiongroup VALUES (86,122,4,'Standby',' ','Creation',0);
INSERT INTO submissiongroup VALUES (87,124,4,'Standby',' ','Creation',0);
INSERT INTO submissiongroup VALUES (88,128,4,'Standby',' ','Creation',0);
INSERT INTO submissiongroup VALUES (89,130,4,'Standby',' ','Creation',0);
INSERT INTO submissiongroup VALUES (90,138,4,'Standby',' ','Creation',0);
INSERT INTO submissiongroup VALUES (91,140,4,'Standby',' ','Creation',0);
INSERT INTO submissiongroup VALUES (92,143,4,'Standby',' ','Creation',0);
INSERT INTO submissiongroup VALUES (93,144,4,'Standby',' ','Creation',0);
INSERT INTO submissiongroup VALUES (94,145,4,'Standby',' ','Creation',0);
INSERT INTO submissiongroup VALUES (95,146,4,'Standby',' ','Creation',0);
INSERT INTO submissiongroup VALUES (96,147,4,'Standby',' ','Creation',0);
INSERT INTO submissiongroup VALUES (97,148,4,'Standby',' ','Creation',0);
INSERT INTO submissiongroup VALUES (98,150,4,'Standby',' ','Creation',0);
INSERT INTO submissiongroup VALUES (99,151,4,'Standby',' ','Creation',0);
INSERT INTO submissiongroup VALUES (100,152,4,'Standby',' ','Creation',0);
INSERT INTO submissiongroup VALUES (101,153,4,'Standby',' ','Creation',0);
INSERT INTO submissiongroup VALUES (102,154,4,'Standby',' ','Creation',0);
INSERT INTO submissiongroup VALUES (103,155,4,'Standby',' ','Creation',0);
INSERT INTO submissiongroup VALUES (104,156,4,'Standby',' ','Creation',0);
INSERT INTO submissiongroup VALUES (105,157,4,'Standby',' ','Creation',0);
INSERT INTO submissiongroup VALUES (106,159,4,'Standby',' ','Creation',0);
INSERT INTO submissiongroup VALUES (107,160,4,'Standby',' ','Creation',0);
INSERT INTO submissiongroup VALUES (108,161,4,'Standby',' ','Creation',0);
INSERT INTO submissiongroup VALUES (109,163,4,'Standby',' ','Creation',0);
INSERT INTO submissiongroup VALUES (110,167,4,'Standby',' ','Creation',0);
INSERT INTO submissiongroup VALUES (111,186,4,'Standby',' ','Creation',0);
INSERT INTO submissiongroup VALUES (112,187,4,'Standby',' ','Creation',0);
INSERT INTO submissiongroup VALUES (113,188,4,'Standby',' ','Creation',0);
INSERT INTO submissiongroup VALUES (114,189,4,'Standby',' ','Creation',0);
INSERT INTO submissiongroup VALUES (115,190,4,'Standby',' ','Creation',0);
INSERT INTO submissiongroup VALUES (116,191,4,'Standby',' ','Creation',0);
INSERT INTO submissiongroup VALUES (117,204,4,'Standby',' ','Creation',0);
INSERT INTO submissiongroup VALUES (118,219,4,'Standby',' ','Creation',0);
INSERT INTO submissiongroup VALUES (119,220,4,'Standby',' ','Creation',0);
INSERT INTO submissiongroup VALUES (120,228,4,'Standby',' ','Creation',0);
INSERT INTO submissiongroup VALUES (121,231,4,'Standby',' ','Creation',0);
INSERT INTO submissiongroup VALUES (122,237,4,'Standby',' ','Creation',0);
INSERT INTO submissiongroup VALUES (123,238,4,'Standby',' ','Creation',0);
INSERT INTO submissiongroup VALUES (124,239,4,'Standby',' ','Creation',0);
INSERT INTO submissiongroup VALUES (125,240,4,'Standby',' ','Creation',0);
INSERT INTO submissiongroup VALUES (126,241,4,'Standby',' ','Creation',0);
INSERT INTO submissiongroup VALUES (127,244,4,'Standby',' ','Creation',0);
INSERT INTO submissiongroup VALUES (128,245,4,'Standby',' ','Creation',0);
INSERT INTO submissiongroup VALUES (129,250,4,'Standby',' ','Creation',0);
INSERT INTO submissiongroup VALUES (130,257,4,'Standby',' ','Creation',0);
INSERT INTO submissiongroup VALUES (131,258,4,'Standby',' ','Creation',0);
INSERT INTO submissiongroup VALUES (132,259,4,'Standby',' ','Creation',0);
INSERT INTO submissiongroup VALUES (133,261,4,'Standby',' ','Creation',0);
INSERT INTO submissiongroup VALUES (134,268,4,'Standby',' ','Creation',0);
INSERT INTO submissiongroup VALUES (135,269,4,'Standby',' ','Creation',0);
INSERT INTO submissiongroup VALUES (136,272,4,'Standby',' ','Creation',0);
INSERT INTO submissiongroup VALUES (137,277,4,'Standby',' ','Creation',0);
INSERT INTO submissiongroup VALUES (138,287,4,'Standby',' ','Creation',0);
INSERT INTO submissiongroup VALUES (139,289,4,'Standby',' ','Creation',0);
INSERT INTO submissiongroup VALUES (140,290,4,'Standby',' ','Creation',0);
INSERT INTO submissiongroup VALUES (141,291,4,'Standby',' ','Creation',0);
INSERT INTO submissiongroup VALUES (142,292,4,'Standby',' ','Creation',0);
INSERT INTO submissiongroup VALUES (143,293,4,'Standby',' ','Creation',0);
INSERT INTO submissiongroup VALUES (144,294,4,'Standby',' ','Creation',0);
INSERT INTO submissiongroup VALUES (145,295,4,'Standby',' ','Creation',0);
INSERT INTO submissiongroup VALUES (146,296,4,'Standby',' ','Creation',0);
INSERT INTO submissiongroup VALUES (147,297,4,'Standby',' ','Creation',0);
INSERT INTO submissiongroup VALUES (148,298,4,'Standby',' ','Creation',0);
INSERT INTO submissiongroup VALUES (149,299,4,'Standby',' ','Creation',0);
INSERT INTO submissiongroup VALUES (150,300,4,'Standby',' ','Creation',0);
INSERT INTO submissiongroup VALUES (151,301,4,'Standby',' ','Creation',0);
INSERT INTO submissiongroup VALUES (152,302,4,'Standby',' ','Creation',0);
INSERT INTO submissiongroup VALUES (153,312,4,'Standby',' ','Creation',0);
INSERT INTO submissiongroup VALUES (154,313,4,'Standby',' ','Creation',0);
INSERT INTO submissiongroup VALUES (155,314,4,'Standby',' ','Creation',0);
INSERT INTO submissiongroup VALUES (156,329,4,'Standby',' ','Creation',0);
INSERT INTO submissiongroup VALUES (157,332,4,'Standby',' ','Creation',0);
INSERT INTO submissiongroup VALUES (158,345,4,'Standby',' ','Creation',0);
INSERT INTO submissiongroup VALUES (159,346,4,'Standby',' ','Creation',0);
INSERT INTO submissiongroup VALUES (160,347,4,'Standby',' ','Creation',0);
INSERT INTO submissiongroup VALUES (161,348,4,'Standby',' ','Creation',0);
INSERT INTO submissiongroup VALUES (162,349,4,'Standby',' ','Creation',0);
INSERT INTO submissiongroup VALUES (163,350,4,'Standby',' ','Creation',0);
INSERT INTO submissiongroup VALUES (164,351,4,'Standby',' ','Creation',0);
INSERT INTO submissiongroup VALUES (165,352,4,'Standby',' ','Creation',0);
INSERT INTO submissiongroup VALUES (166,353,4,'Standby',' ','Creation',0);
INSERT INTO submissiongroup VALUES (167,354,4,'Standby',' ','Creation',0);
INSERT INTO submissiongroup VALUES (168,355,4,'Standby',' ','Creation',0);
INSERT INTO submissiongroup VALUES (169,356,4,'Standby',' ','Creation',0);
INSERT INTO submissiongroup VALUES (170,357,4,'Standby',' ','Creation',0);
INSERT INTO submissiongroup VALUES (171,358,4,'Standby',' ','Creation',0);
INSERT INTO submissiongroup VALUES (172,359,4,'Standby',' ','Creation',0);
INSERT INTO submissiongroup VALUES (173,360,4,'Standby',' ','Creation',0);
INSERT INTO submissiongroup VALUES (174,361,4,'Standby',' ','Creation',0);
INSERT INTO submissiongroup VALUES (175,362,4,'Standby',' ','Creation',0);
INSERT INTO submissiongroup VALUES (176,363,4,'Standby',' ','Creation',0);
INSERT INTO submissiongroup VALUES (177,364,4,'Standby',' ','Creation',0);
INSERT INTO submissiongroup VALUES (178,366,4,'Standby',' ','Creation',0);
INSERT INTO submissiongroup VALUES (179,367,4,'Standby',' ','Creation',0);
INSERT INTO submissiongroup VALUES (180,368,4,'Standby',' ','Creation',0);
INSERT INTO submissiongroup VALUES (181,369,4,'Standby',' ','Creation',0);
INSERT INTO submissiongroup VALUES (182,386,4,'Standby',' ','Creation',0);
INSERT INTO submissiongroup VALUES (183,387,4,'Standby',' ','Creation',0);
INSERT INTO submissiongroup VALUES (184,388,4,'Standby',' ','Creation',0);
INSERT INTO submissiongroup VALUES (185,394,4,'Standby',' ','Creation',0);
INSERT INTO submissiongroup VALUES (186,396,4,'Standby',' ','Creation',0);
INSERT INTO submissiongroup VALUES (187,399,4,'Standby',' ','Creation',0);
INSERT INTO submissiongroup VALUES (188,400,4,'Standby',' ','Creation',0);
INSERT INTO submissiongroup VALUES (189,408,4,'Standby',' ','Creation',0);
INSERT INTO submissiongroup VALUES (190,409,4,'Standby',' ','Creation',0);
INSERT INTO submissiongroup VALUES (191,410,4,'Standby',' ','Creation',0);
INSERT INTO submissiongroup VALUES (192,411,4,'Standby',' ','Creation',0);
INSERT INTO submissiongroup VALUES (193,412,4,'Standby',' ','Creation',0);
INSERT INTO submissiongroup VALUES (194,413,4,'Standby',' ','Creation',0);
INSERT INTO submissiongroup VALUES (195,415,4,'Standby',' ','Creation',0);
INSERT INTO submissiongroup VALUES (196,417,4,'Standby',' ','Creation',0);
INSERT INTO submissiongroup VALUES (197,418,4,'Standby',' ','Creation',0);
INSERT INTO submissiongroup VALUES (198,419,4,'Standby',' ','Creation',0);
INSERT INTO submissiongroup VALUES (199,422,4,'Standby',' ','Creation',0);
INSERT INTO submissiongroup VALUES (200,430,4,'Standby',' ','Creation',0);
INSERT INTO submissiongroup VALUES (201,431,4,'Standby',' ','Creation',0);
INSERT INTO submissiongroup VALUES (202,432,4,'Standby',' ','Creation',0);
INSERT INTO submissiongroup VALUES (203,433,4,'Standby',' ','Creation',0);
INSERT INTO submissiongroup VALUES (204,434,4,'Standby',' ','Creation',0);
INSERT INTO submissiongroup VALUES (205,440,4,'Standby',' ','Creation',0);
INSERT INTO submissiongroup VALUES (206,441,4,'Standby',' ','Creation',0);
INSERT INTO submissiongroup VALUES (207,442,4,'Standby',' ','Creation',0);
INSERT INTO submissiongroup VALUES (208,443,4,'Standby',' ','Creation',0);
INSERT INTO submissiongroup VALUES (209,444,4,'Standby',' ','Creation',0);
INSERT INTO submissiongroup VALUES (210,445,4,'Standby',' ','Creation',0);
INSERT INTO submissiongroup VALUES (211,446,4,'Standby',' ','Creation',0);
INSERT INTO submissiongroup VALUES (212,447,4,'Standby',' ','Creation',0);
INSERT INTO submissiongroup VALUES (213,448,4,'Standby',' ','Creation',0);
INSERT INTO submissiongroup VALUES (214,449,4,'Standby',' ','Creation',0);
INSERT INTO submissiongroup VALUES (215,450,4,'Standby',' ','Creation',0);
INSERT INTO submissiongroup VALUES (216,454,4,'Standby',' ','Creation',0);
INSERT INTO submissiongroup VALUES (217,456,4,'Standby',' ','Creation',0);
INSERT INTO submissiongroup VALUES (218,463,4,'Standby',' ','Creation',0);
INSERT INTO submissiongroup VALUES (219,464,4,'Standby',' ','Creation',0);
INSERT INTO submissiongroup VALUES (220,465,4,'Standby',' ','Creation',0);
INSERT INTO submissiongroup VALUES (221,466,4,'Standby',' ','Creation',0);
INSERT INTO submissiongroup VALUES (222,468,4,'Standby',' ','Creation',0);
INSERT INTO submissiongroup VALUES (223,470,4,'Standby',' ','Creation',0);
INSERT INTO submissiongroup VALUES (224,479,4,'Standby',' ','Creation',0);
INSERT INTO submissiongroup VALUES (225,480,4,'Standby',' ','Creation',0);
INSERT INTO submissiongroup VALUES (226,481,4,'Standby',' ','Creation',0);
INSERT INTO submissiongroup VALUES (227,482,4,'Standby',' ','Creation',0);
INSERT INTO submissiongroup VALUES (228,483,4,'Standby',' ','Creation',0);
INSERT INTO submissiongroup VALUES (229,484,4,'Standby',' ','Creation',0);
INSERT INTO submissiongroup VALUES (230,485,4,'Standby',' ','Creation',0);
INSERT INTO submissiongroup VALUES (231,486,4,'Standby',' ','Creation',0);
INSERT INTO submissiongroup VALUES (232,487,4,'Standby',' ','Creation',0);
INSERT INTO submissiongroup VALUES (233,488,4,'Standby',' ','Creation',0);
INSERT INTO submissiongroup VALUES (234,491,4,'Standby',' ','Creation',0);
INSERT INTO submissiongroup VALUES (235,492,4,'Standby',' ','Creation',0);
INSERT INTO submissiongroup VALUES (236,496,4,'Standby',' ','Creation',0);
INSERT INTO submissiongroup VALUES (237,497,4,'Standby',' ','Creation',0);
INSERT INTO submissiongroup VALUES (238,499,4,'Standby',' ','Creation',0);
INSERT INTO submissiongroup VALUES (239,504,4,'Standby',' ','Creation',0);
INSERT INTO submissiongroup VALUES (240,505,4,'Standby',' ','Creation',0);
INSERT INTO submissiongroup VALUES (241,506,4,'Standby',' ','Creation',0);
INSERT INTO submissiongroup VALUES (242,507,4,'Standby',' ','Creation',0);
INSERT INTO submissiongroup VALUES (243,517,4,'Standby',' ','Creation',0);
INSERT INTO submissiongroup VALUES (244,519,4,'Standby',' ','Creation',0);
INSERT INTO submissiongroup VALUES (245,521,4,'Standby',' ','Creation',0);
INSERT INTO submissiongroup VALUES (246,522,4,'Standby',' ','Creation',0);
INSERT INTO submissiongroup VALUES (247,528,4,'Standby',' ','Creation',0);
INSERT INTO submissiongroup VALUES (248,530,4,'Standby',' ','Creation',0);
INSERT INTO submissiongroup VALUES (249,531,4,'Standby',' ','Creation',0);
INSERT INTO submissiongroup VALUES (250,532,4,'Standby',' ','Creation',0);
INSERT INTO submissiongroup VALUES (251,536,4,'Standby',' ','Creation',0);
INSERT INTO submissiongroup VALUES (1409,1689,2,'Standby','','Creation',0);
INSERT INTO submissiongroup VALUES (1408,1688,33,'Standby','','Creation',0);
INSERT INTO submissiongroup VALUES (725,1472,33,'Standby','A very useful DatCat','Creation',0);
INSERT INTO submissiongroup VALUES (1663,1940,14,'Standby','','Creation',0);
INSERT INTO submissiongroup VALUES (1664,1941,14,'Standby','','Creation',0);
INSERT INTO submissiongroup VALUES (1669,1946,14,'Standby','','Creation',0);
INSERT INTO submissiongroup VALUES (1666,1943,14,'Standby','','Creation',0);
INSERT INTO submissiongroup VALUES (1667,1944,14,'Standby','','Creation',0);
INSERT INTO submissiongroup VALUES (1668,1945,14,'Standby','','Creation',0);
INSERT INTO submissiongroup VALUES (1671,1948,14,'Standby','','Creation',0);
INSERT INTO submissiongroup VALUES (1676,1953,14,'Standby','','Modification',0);
INSERT INTO submissiongroup VALUES (1662,1939,14,'Standby','','Creation',0);
INSERT INTO submissiongroup VALUES (1652,1929,14,'Standby','','Creation',0);
INSERT INTO submissiongroup VALUES (1677,1954,14,'Standby','','Creation',0);
INSERT INTO submissiongroup VALUES (1651,1928,14,'Standby','','Creation',0);
INSERT INTO submissiongroup VALUES (1634,1911,14,'Standby','','Modification',0);
INSERT INTO submissiongroup VALUES (1631,1908,14,'Standby','','Creation',0);
INSERT INTO submissiongroup VALUES (1628,1905,14,'Standby','','Creation',0);
INSERT INTO submissiongroup VALUES (1629,1906,14,'Standby','','Creation',0);
INSERT INTO submissiongroup VALUES (1627,1904,14,'Standby','','Creation',0);
INSERT INTO submissiongroup VALUES (1614,1891,14,'Standby','','Creation',0);
INSERT INTO submissiongroup VALUES (1620,1897,14,'Standby','','Creation',0);
INSERT INTO submissiongroup VALUES (1621,1898,14,'Standby','','Creation',0);
INSERT INTO submissiongroup VALUES (1641,1918,14,'Standby','','Creation',0);
INSERT INTO submissiongroup VALUES (1623,1900,14,'Standby','','Creation',0);
INSERT INTO submissiongroup VALUES (1624,1901,14,'Standby','','Creation',0);
INSERT INTO submissiongroup VALUES (1625,1902,14,'Standby','','Modification',0);
INSERT INTO submissiongroup VALUES (1626,1903,14,'Standby','','Creation',0);
INSERT INTO submissiongroup VALUES (1546,1823,4,'Standby','L10n category','Creation',0);
INSERT INTO submissiongroup VALUES (1608,1885,14,'Standby','','Creation',0);
INSERT INTO submissiongroup VALUES (1609,1886,14,'Standby','','Creation',0);
INSERT INTO submissiongroup VALUES (1611,1888,14,'Standby','','Modification',0);
INSERT INTO submissiongroup VALUES (1549,1826,4,'Standby','','Creation',0);
INSERT INTO submissiongroup VALUES (1550,1827,4,'Standby','','Creation',0);
INSERT INTO submissiongroup VALUES (1551,1828,4,'Standby','','Creation',0);
INSERT INTO submissiongroup VALUES (1552,1829,14,'Standby','','Creation',0);
INSERT INTO submissiongroup VALUES (1553,1830,14,'Standby','','Creation',0);
INSERT INTO submissiongroup VALUES (1554,1831,14,'Standby','','Creation',0);
INSERT INTO submissiongroup VALUES (1555,1832,14,'Standby','','Creation',0);
INSERT INTO submissiongroup VALUES (1559,1836,14,'Standby','','Creation',0);
INSERT INTO submissiongroup VALUES (1557,1834,14,'Standby','','Creation',0);
INSERT INTO submissiongroup VALUES (1558,1835,14,'Standby','','Creation',0);
INSERT INTO submissiongroup VALUES (1560,1837,14,'Standby','','Creation',0);
INSERT INTO submissiongroup VALUES (1561,1838,154,'Standby','','Creation',0);
INSERT INTO submissiongroup VALUES (1562,1839,14,'Standby','','Creation',0);
INSERT INTO submissiongroup VALUES (1563,1840,14,'Standby','','Creation',0);
INSERT INTO submissiongroup VALUES (1564,1841,154,'Standby','','Creation',0);
INSERT INTO submissiongroup VALUES (1565,1842,154,'Standby','','Creation',0);
INSERT INTO submissiongroup VALUES (1566,1843,14,'Standby','','Creation',0);
INSERT INTO submissiongroup VALUES (1567,1844,14,'Standby','','Creation',0);
INSERT INTO submissiongroup VALUES (1568,1845,14,'Standby','','Creation',0);
INSERT INTO submissiongroup VALUES (1569,1846,14,'Standby','','Creation',0);
INSERT INTO submissiongroup VALUES (1570,1847,14,'Standby','','Creation',0);
INSERT INTO submissiongroup VALUES (1571,1848,14,'Standby','','Creation',0);
INSERT INTO submissiongroup VALUES (1572,1849,14,'Standby','','Creation',0);
INSERT INTO submissiongroup VALUES (1573,1850,14,'Standby','','Creation',0);
INSERT INTO submissiongroup VALUES (1574,1851,14,'Standby','','Creation',0);
INSERT INTO submissiongroup VALUES (1575,1852,14,'Standby','','Creation',0);
INSERT INTO submissiongroup VALUES (1576,1853,14,'Standby','','Creation',0);
INSERT INTO submissiongroup VALUES (1577,1854,14,'Standby','','Creation',0);
INSERT INTO submissiongroup VALUES (1578,1855,14,'Standby','','Creation',0);
INSERT INTO submissiongroup VALUES (1579,1856,154,'Standby','','Creation',0);
INSERT INTO submissiongroup VALUES (1580,1857,14,'Standby','','Creation',0);
INSERT INTO submissiongroup VALUES (1679,1956,14,'Standby','','Creation',0);
INSERT INTO submissiongroup VALUES (1678,1955,154,'Standby','','Creation',0);
INSERT INTO submissiongroup VALUES (1583,1860,14,'Standby','','Creation',0);
INSERT INTO submissiongroup VALUES (1584,1861,14,'Standby','','Creation',0);
INSERT INTO submissiongroup VALUES (1585,1862,14,'Standby','','Creation',0);
INSERT INTO submissiongroup VALUES (1586,1863,14,'Standby','','Creation',0);
INSERT INTO submissiongroup VALUES (1587,1864,14,'Standby','','Creation',0);
INSERT INTO submissiongroup VALUES (1588,1865,14,'Standby','','Creation',0);
INSERT INTO submissiongroup VALUES (1589,1866,14,'Standby','','Creation',0);
INSERT INTO submissiongroup VALUES (1896,2173,177,'Standby','','Creation',0);
INSERT INTO submissiongroup VALUES (1897,2174,14,'Standby','','Creation',0);
INSERT INTO submissiongroup VALUES (1895,2172,4,'Standby','','Creation',0);
INSERT INTO submissiongroup VALUES (1594,1871,14,'Standby','','Creation',0);
INSERT INTO submissiongroup VALUES (1818,2095,1,'Standby','','Creation',0);
INSERT INTO submissiongroup VALUES (1600,1877,154,'Standby','','Creation',0);
INSERT INTO submissiongroup VALUES (1602,1879,14,'Standby','','Modification',0);
INSERT INTO submissiongroup VALUES (1603,1880,14,'Standby','','Modification',0);
INSERT INTO submissiongroup VALUES (1616,1893,14,'Standby','','Creation',0);
INSERT INTO submissiongroup VALUES (1606,1883,14,'Standby','','Modification',0);
INSERT INTO submissiongroup VALUES (1607,1884,14,'Standby','','Modification',0);
INSERT INTO submissiongroup VALUES (718,1465,2,'Standby','Data Category created by Projet Proteus','Creation',0);
INSERT INTO submissiongroup VALUES (748,539,3,'Standby',' ','Creation',0);
INSERT INTO submissiongroup VALUES (1660,1937,14,'Standby','','Creation',0);
INSERT INTO submissiongroup VALUES (1661,1938,14,'Standby','','Creation',0);
INSERT INTO submissiongroup VALUES (1269,1549,46,'Standby','This is Scott playing around.','Creation',0);
INSERT INTO submissiongroup VALUES (747,538,3,'Standby',' The reason I submit this proposal to the committee above','Creation',0);
INSERT INTO submissiongroup VALUES (746,537,3,'Standby',' ','Creation',0);
INSERT INTO submissiongroup VALUES (745,1493,3,'Standby','dd','Creation',0);
INSERT INTO submissiongroup VALUES (1656,1933,14,'Standby','','Creation',0);
INSERT INTO submissiongroup VALUES (1653,1930,14,'Standby','','Creation',0);
INSERT INTO submissiongroup VALUES (1654,1931,14,'Standby','','Creation',0);
INSERT INTO submissiongroup VALUES (753,544,3,'Standby',' ','Creation',0);
INSERT INTO submissiongroup VALUES (470,1223,14,'Standby',' ','Creation',0);
INSERT INTO submissiongroup VALUES (471,1224,14,'Standby',' ','Creation',0);
INSERT INTO submissiongroup VALUES (472,1225,14,'Standby',' ','Creation',0);
INSERT INTO submissiongroup VALUES (473,1226,14,'Standby',' ','Creation',0);
INSERT INTO submissiongroup VALUES (474,1227,14,'Standby',' ','Creation',0);
INSERT INTO submissiongroup VALUES (475,1228,14,'Standby',' ','Creation',0);
INSERT INTO submissiongroup VALUES (476,1229,14,'Standby',' ','Creation',0);
INSERT INTO submissiongroup VALUES (477,1230,14,'Standby',' ','Creation',0);
INSERT INTO submissiongroup VALUES (478,1231,14,'Standby',' ','Creation',0);
INSERT INTO submissiongroup VALUES (479,1232,14,'Standby',' ','Creation',0);
INSERT INTO submissiongroup VALUES (1649,1926,14,'Standby','','Creation',0);
INSERT INTO submissiongroup VALUES (481,1234,14,'Standby',' ','Creation',0);
INSERT INTO submissiongroup VALUES (1894,2171,4,'Standby','','Creation',0);
INSERT INTO submissiongroup VALUES (483,1236,14,'Standby',' ','Creation',0);
INSERT INTO submissiongroup VALUES (484,1237,14,'Standby',' ','Creation',0);
INSERT INTO submissiongroup VALUES (487,1240,14,'Standby',' ','Creation',0);
INSERT INTO submissiongroup VALUES (489,1242,14,'Standby',' ','Creation',0);
INSERT INTO submissiongroup VALUES (490,1243,154,'Standby',' ','Creation',0);
INSERT INTO submissiongroup VALUES (491,1244,14,'Standby',' ','Creation',0);
INSERT INTO submissiongroup VALUES (1596,1873,14,'Standby','','Creation',0);
INSERT INTO submissiongroup VALUES (493,1246,14,'Standby',' ','Creation',0);
INSERT INTO submissiongroup VALUES (494,1247,14,'Standby',' ','Creation',0);
INSERT INTO submissiongroup VALUES (1619,1896,14,'Standby','','Creation',0);
INSERT INTO submissiongroup VALUES (1617,1894,14,'Standby','','Creation',0);
INSERT INTO submissiongroup VALUES (1618,1895,14,'Standby','','Creation',0);
INSERT INTO submissiongroup VALUES (500,1253,14,'Standby',' ','Creation',0);
INSERT INTO submissiongroup VALUES (501,1254,14,'Standby',' ','Creation',0);
INSERT INTO submissiongroup VALUES (502,1255,14,'Standby',' ','Creation',0);
INSERT INTO submissiongroup VALUES (503,1256,14,'Standby',' ','Creation',0);
INSERT INTO submissiongroup VALUES (504,1257,154,'Standby',' ','Creation',0);
INSERT INTO submissiongroup VALUES (505,1258,14,'Standby',' ','Creation',0);
INSERT INTO submissiongroup VALUES (507,1260,14,'Standby',' ','Creation',0);
INSERT INTO submissiongroup VALUES (508,1261,154,'Standby',' ','Creation',0);
INSERT INTO submissiongroup VALUES (509,1262,14,'Standby',' ','Creation',0);
INSERT INTO submissiongroup VALUES (510,1263,14,'Standby',' ','Creation',0);
INSERT INTO submissiongroup VALUES (512,1265,14,'Standby',' ','Creation',0);
INSERT INTO submissiongroup VALUES (515,1268,14,'Standby',' ','Creation',0);
INSERT INTO submissiongroup VALUES (516,1269,14,'Standby',' ','Creation',0);
INSERT INTO submissiongroup VALUES (517,1270,14,'Standby',' ','Creation',0);
INSERT INTO submissiongroup VALUES (518,1271,14,'Standby',' ','Creation',0);
INSERT INTO submissiongroup VALUES (519,1272,14,'Standby',' ','Creation',0);
INSERT INTO submissiongroup VALUES (521,1274,154,'Standby',' ','Creation',0);
INSERT INTO submissiongroup VALUES (522,1275,154,'Standby',' ','Creation',0);
INSERT INTO submissiongroup VALUES (523,1276,14,'Standby',' ','Creation',0);
INSERT INTO submissiongroup VALUES (524,1277,14,'Standby',' ','Creation',0);
INSERT INTO submissiongroup VALUES (526,1279,14,'Standby',' ','Creation',0);
INSERT INTO submissiongroup VALUES (527,1280,14,'Standby',' ','Creation',0);
INSERT INTO submissiongroup VALUES (528,1281,14,'Standby',' ','Creation',0);
INSERT INTO submissiongroup VALUES (530,1283,14,'Standby',' ','Creation',0);
INSERT INTO submissiongroup VALUES (531,1284,14,'Standby',' ','Creation',0);
INSERT INTO submissiongroup VALUES (532,1285,14,'Standby',' ','Creation',0);
INSERT INTO submissiongroup VALUES (533,1286,14,'Standby',' ','Creation',0);
INSERT INTO submissiongroup VALUES (534,1287,14,'Standby',' ','Creation',0);
INSERT INTO submissiongroup VALUES (535,1288,14,'Standby',' ','Creation',0);
INSERT INTO submissiongroup VALUES (1712,1989,14,'Standby','','Modification',0);
INSERT INTO submissiongroup VALUES (538,1291,14,'Standby',' ','Creation',0);
INSERT INTO submissiongroup VALUES (539,1292,154,'Standby',' ','Creation',0);
INSERT INTO submissiongroup VALUES (540,1293,14,'Standby',' ','Creation',0);
INSERT INTO submissiongroup VALUES (541,1294,154,'Standby',' ','Creation',0);
INSERT INTO submissiongroup VALUES (1639,1916,3,'Standby','','Creation',0);
INSERT INTO submissiongroup VALUES (543,1296,154,'Standby',' ','Creation',0);
INSERT INTO submissiongroup VALUES (544,1297,14,'Standby',' ','Creation',0);
INSERT INTO submissiongroup VALUES (545,1298,14,'Standby',' ','Creation',0);
INSERT INTO submissiongroup VALUES (546,1299,14,'Standby',' ','Creation',0);
INSERT INTO submissiongroup VALUES (547,1300,14,'Standby',' ','Creation',0);
INSERT INTO submissiongroup VALUES (548,1301,14,'Standby',' ','Creation',0);
INSERT INTO submissiongroup VALUES (549,1302,14,'Standby',' ','Creation',0);
INSERT INTO submissiongroup VALUES (550,1303,14,'Standby',' ','Creation',0);
INSERT INTO submissiongroup VALUES (551,1304,14,'Standby',' ','Creation',0);
INSERT INTO submissiongroup VALUES (552,1305,14,'Standby',' ','Creation',0);
INSERT INTO submissiongroup VALUES (553,1306,154,'Standby',' ','Creation',0);
INSERT INTO submissiongroup VALUES (554,1307,14,'Standby',' ','Creation',0);
INSERT INTO submissiongroup VALUES (555,1308,14,'Standby',' ','Creation',0);
INSERT INTO submissiongroup VALUES (556,1309,14,'Standby',' ','Creation',0);
INSERT INTO submissiongroup VALUES (557,1310,154,'Standby',' ','Creation',0);
INSERT INTO submissiongroup VALUES (558,1311,14,'Standby',' ','Creation',0);
INSERT INTO submissiongroup VALUES (559,1312,14,'Standby',' ','Creation',0);
INSERT INTO submissiongroup VALUES (560,1313,14,'Standby',' ','Creation',0);
INSERT INTO submissiongroup VALUES (1681,1958,14,'Standby','','Modification',0);
INSERT INTO submissiongroup VALUES (563,1316,14,'Standby',' ','Creation',0);
INSERT INTO submissiongroup VALUES (1893,2170,4,'Standby','This item has been submitted as an addition to lionType within the framework of the Dandelion project','Creation',0);
INSERT INTO submissiongroup VALUES (565,1318,14,'Standby',' ','Creation',0);
INSERT INTO submissiongroup VALUES (566,1319,154,'Standby',' ','Creation',0);
INSERT INTO submissiongroup VALUES (567,1320,14,'Standby',' ','Creation',0);
INSERT INTO submissiongroup VALUES (568,1321,14,'Standby',' ','Creation',0);
INSERT INTO submissiongroup VALUES (569,1322,154,'Standby',' ','Creation',0);
INSERT INTO submissiongroup VALUES (570,1323,14,'Standby',' ','Creation',0);
INSERT INTO submissiongroup VALUES (571,1324,14,'Standby',' ','Creation',0);
INSERT INTO submissiongroup VALUES (572,1325,14,'Standby',' ','Creation',0);
INSERT INTO submissiongroup VALUES (573,1326,14,'Standby',' ','Creation',0);
INSERT INTO submissiongroup VALUES (574,1327,14,'Standby',' ','Creation',0);
INSERT INTO submissiongroup VALUES (575,1328,14,'Standby',' ','Creation',0);
INSERT INTO submissiongroup VALUES (576,1329,14,'Standby',' ','Creation',0);
INSERT INTO submissiongroup VALUES (577,1330,14,'Standby',' ','Creation',0);
INSERT INTO submissiongroup VALUES (578,1331,14,'Standby',' ','Creation',0);
INSERT INTO submissiongroup VALUES (579,1332,14,'Standby',' ','Creation',0);
INSERT INTO submissiongroup VALUES (580,1333,14,'Standby',' ','Creation',0);
INSERT INTO submissiongroup VALUES (581,1334,14,'Standby',' ','Creation',0);
INSERT INTO submissiongroup VALUES (583,1336,14,'Standby',' ','Creation',0);
INSERT INTO submissiongroup VALUES (584,1337,154,'Standby',' ','Creation',0);
INSERT INTO submissiongroup VALUES (585,1338,14,'Standby',' ','Creation',0);
INSERT INTO submissiongroup VALUES (1682,1959,14,'Standby','','Creation',0);
INSERT INTO submissiongroup VALUES (588,1341,14,'Standby',' ','Creation',0);
INSERT INTO submissiongroup VALUES (589,1342,14,'Standby',' ','Creation',0);
INSERT INTO submissiongroup VALUES (1642,1919,14,'Standby','','Creation',0);
INSERT INTO submissiongroup VALUES (592,1345,14,'Standby',' ','Creation',0);
INSERT INTO submissiongroup VALUES (593,1346,14,'Standby',' ','Creation',0);
INSERT INTO submissiongroup VALUES (594,1347,14,'Standby',' ','Creation',0);
INSERT INTO submissiongroup VALUES (595,1348,154,'Standby',' ','Creation',0);
INSERT INTO submissiongroup VALUES (597,1350,14,'Standby',' ','Creation',0);
INSERT INTO submissiongroup VALUES (598,1351,154,'Standby',' ','Creation',0);
INSERT INTO submissiongroup VALUES (599,1352,14,'Standby',' ','Creation',0);
INSERT INTO submissiongroup VALUES (600,1353,154,'Standby',' ','Creation',0);
INSERT INTO submissiongroup VALUES (601,1354,14,'Standby',' ','Creation',0);
INSERT INTO submissiongroup VALUES (602,1355,14,'Standby',' ','Creation',0);
INSERT INTO submissiongroup VALUES (1640,1917,14,'Standby','','Creation',0);
INSERT INTO submissiongroup VALUES (604,1357,14,'Standby',' ','Creation',0);
INSERT INTO submissiongroup VALUES (606,1359,14,'Standby',' ','Creation',0);
INSERT INTO submissiongroup VALUES (607,1360,14,'Standby',' ','Creation',0);
INSERT INTO submissiongroup VALUES (1650,1927,14,'Standby','','Creation',0);
INSERT INTO submissiongroup VALUES (1648,1925,14,'Standby','','Creation',0);
INSERT INTO submissiongroup VALUES (612,1365,14,'Standby',' ','Creation',0);
INSERT INTO submissiongroup VALUES (613,1366,14,'Standby',' ','Creation',0);
INSERT INTO submissiongroup VALUES (614,1367,14,'Standby',' ','Creation',0);
INSERT INTO submissiongroup VALUES (615,1368,14,'Standby',' ','Creation',0);
INSERT INTO submissiongroup VALUES (616,1369,154,'Standby',' ','Creation',0);
INSERT INTO submissiongroup VALUES (617,1370,14,'Standby',' ','Creation',0);
INSERT INTO submissiongroup VALUES (618,1371,14,'Standby',' ','Creation',0);
INSERT INTO submissiongroup VALUES (619,1372,14,'Standby',' ','Creation',0);
INSERT INTO submissiongroup VALUES (620,1373,154,'Standby',' ','Creation',0);
INSERT INTO submissiongroup VALUES (1647,1924,14,'Standby','','Creation',0);
INSERT INTO submissiongroup VALUES (622,1375,14,'Standby',' ','Creation',0);
INSERT INTO submissiongroup VALUES (623,1376,14,'Standby',' ','Creation',0);
INSERT INTO submissiongroup VALUES (624,1377,14,'Standby',' ','Creation',0);
INSERT INTO submissiongroup VALUES (625,1378,14,'Standby',' ','Creation',0);
INSERT INTO submissiongroup VALUES (626,1379,14,'Standby',' ','Creation',0);
INSERT INTO submissiongroup VALUES (627,1380,14,'Standby',' ','Creation',0);
INSERT INTO submissiongroup VALUES (629,1382,14,'Standby',' ','Creation',0);
INSERT INTO submissiongroup VALUES (1599,1876,154,'Standby','','Creation',0);
INSERT INTO submissiongroup VALUES (631,1384,14,'Standby',' ','Creation',0);
INSERT INTO submissiongroup VALUES (633,1386,154,'Standby',' ','Creation',0);
INSERT INTO submissiongroup VALUES (634,1387,14,'Standby',' ','Creation',0);
INSERT INTO submissiongroup VALUES (635,1388,14,'Standby',' ','Creation',0);
INSERT INTO submissiongroup VALUES (636,1389,14,'Standby',' ','Creation',0);
INSERT INTO submissiongroup VALUES (637,1390,14,'Standby',' ','Creation',0);
INSERT INTO submissiongroup VALUES (638,1391,154,'Standby',' ','Creation',0);
INSERT INTO submissiongroup VALUES (639,1392,14,'Standby',' ','Creation',0);
INSERT INTO submissiongroup VALUES (640,1393,14,'Standby',' ','Creation',0);
INSERT INTO submissiongroup VALUES (641,1394,154,'Standby',' ','Creation',0);
INSERT INTO submissiongroup VALUES (642,1395,14,'Standby',' ','Creation',0);
INSERT INTO submissiongroup VALUES (643,1396,14,'Standby',' ','Creation',0);
INSERT INTO submissiongroup VALUES (644,1397,154,'Standby',' ','Creation',0);
INSERT INTO submissiongroup VALUES (645,1398,14,'Standby',' ','Creation',0);
INSERT INTO submissiongroup VALUES (646,1399,154,'Standby',' ','Creation',0);
INSERT INTO submissiongroup VALUES (647,1400,14,'Standby',' ','Creation',0);
INSERT INTO submissiongroup VALUES (648,1401,14,'Standby',' ','Creation',0);
INSERT INTO submissiongroup VALUES (649,1402,14,'Standby',' ','Creation',0);
INSERT INTO submissiongroup VALUES (650,1403,14,'Standby',' ','Creation',0);
INSERT INTO submissiongroup VALUES (651,1404,154,'Standby',' ','Creation',0);
INSERT INTO submissiongroup VALUES (652,1405,154,'Standby',' ','Creation',0);
INSERT INTO submissiongroup VALUES (653,1406,14,'Standby',' ','Creation',0);
INSERT INTO submissiongroup VALUES (654,1407,14,'Standby',' ','Creation',0);
INSERT INTO submissiongroup VALUES (1731,2008,14,'Standby','','Creation',0);
INSERT INTO submissiongroup VALUES (656,1409,14,'Standby',' ','Creation',0);
INSERT INTO submissiongroup VALUES (657,1410,154,'Standby',' ','Creation',0);
INSERT INTO submissiongroup VALUES (658,1411,154,'Standby',' ','Creation',0);
INSERT INTO submissiongroup VALUES (659,1412,14,'Standby',' ','Creation',0);
INSERT INTO submissiongroup VALUES (660,1413,14,'Standby',' ','Creation',0);
INSERT INTO submissiongroup VALUES (661,1414,14,'Standby',' ','Creation',0);
INSERT INTO submissiongroup VALUES (662,1415,14,'Standby',' ','Creation',0);
INSERT INTO submissiongroup VALUES (663,1416,14,'Standby',' ','Creation',0);
INSERT INTO submissiongroup VALUES (664,1417,14,'Standby',' ','Creation',0);
INSERT INTO submissiongroup VALUES (665,1418,14,'Standby',' ','Creation',0);
INSERT INTO submissiongroup VALUES (666,1419,14,'Standby',' ','Creation',0);
INSERT INTO submissiongroup VALUES (667,1420,14,'Standby',' ','Creation',0);
INSERT INTO submissiongroup VALUES (668,1421,14,'Standby',' ','Creation',0);
INSERT INTO submissiongroup VALUES (669,1422,14,'Standby',' ','Creation',0);
INSERT INTO submissiongroup VALUES (670,1423,14,'Standby',' ','Creation',0);
INSERT INTO submissiongroup VALUES (671,1424,14,'Standby',' ','Creation',0);
INSERT INTO submissiongroup VALUES (672,1425,14,'Standby',' ','Creation',0);
INSERT INTO submissiongroup VALUES (673,1426,14,'Standby',' ','Creation',0);
INSERT INTO submissiongroup VALUES (674,1427,14,'Standby',' ','Creation',0);
INSERT INTO submissiongroup VALUES (1615,1892,14,'Standby','','Creation',0);
INSERT INTO submissiongroup VALUES (1643,1920,14,'Standby','','Creation',0);
INSERT INTO submissiongroup VALUES (677,1430,14,'Standby',' ','Creation',0);
INSERT INTO submissiongroup VALUES (1644,1921,14,'Standby','','Creation',0);
INSERT INTO submissiongroup VALUES (1645,1922,14,'Standby','','Creation',0);
INSERT INTO submissiongroup VALUES (682,1435,14,'Standby',' ','Creation',0);
INSERT INTO submissiongroup VALUES (1646,1923,14,'Standby','','Creation',0);
INSERT INTO submissiongroup VALUES (684,1437,14,'Standby',' ','Creation',0);
INSERT INTO submissiongroup VALUES (685,1438,14,'Standby',' ','Creation',0);
INSERT INTO submissiongroup VALUES (686,1439,14,'Standby',' ','Creation',0);
INSERT INTO submissiongroup VALUES (687,1440,14,'Standby',' ','Creation',0);
INSERT INTO submissiongroup VALUES (688,1441,14,'Standby',' ','Creation',0);
INSERT INTO submissiongroup VALUES (689,1442,14,'Standby',' ','Creation',0);
INSERT INTO submissiongroup VALUES (690,1443,14,'Standby',' ','Creation',0);
INSERT INTO submissiongroup VALUES (691,1444,14,'Standby',' ','Creation',0);
INSERT INTO submissiongroup VALUES (692,1445,14,'Standby',' ','Creation',0);
INSERT INTO submissiongroup VALUES (693,1446,14,'Standby',' ','Creation',0);
INSERT INTO submissiongroup VALUES (694,1447,14,'Standby',' ','Creation',0);
INSERT INTO submissiongroup VALUES (695,1448,14,'Standby',' ','Creation',0);
INSERT INTO submissiongroup VALUES (702,1455,59,'Standby',' ','Creation',0);
INSERT INTO submissiongroup VALUES (1612,1889,14,'Standby','','Creation',0);
INSERT INTO submissiongroup VALUES (1658,1935,14,'Standby','','Creation',0);
INSERT INTO submissiongroup VALUES (1892,2169,159,'Standby','','Creation',0);
INSERT INTO submissiongroup VALUES (743,1490,2,'Standby',' ','Creation',0);
INSERT INTO submissiongroup VALUES (744,1491,2,'Standby',' ','Creation',0);
INSERT INTO submissiongroup VALUES (749,540,3,'Standby',' ','Creation',0);
INSERT INTO submissiongroup VALUES (750,541,3,'Standby',' ','Creation',0);
INSERT INTO submissiongroup VALUES (751,542,3,'Standby',' ','Creation',0);
INSERT INTO submissiongroup VALUES (713,1460,47,'Standby','Concession relation between two propositions.','Creation',0);
INSERT INTO submissiongroup VALUES (1887,2164,1,'Standby','','Creation',0);
INSERT INTO submissiongroup VALUES (716,1463,14,'Standby','x','Creation',0);
INSERT INTO submissiongroup VALUES (1328,1608,94,'Standby','','Creation',0);
INSERT INTO submissiongroup VALUES (1375,1655,94,'Standby','','Creation',0);
INSERT INTO submissiongroup VALUES (729,1476,9,'Standby','Test example','Creation',0);
INSERT INTO submissiongroup VALUES (730,1477,14,'Standby','adjectif qualificatif','Creation',0);
INSERT INTO submissiongroup VALUES (752,543,3,'Standby',' ','Creation',0);
INSERT INTO submissiongroup VALUES (1327,1607,94,'Standby','','Creation',0);
INSERT INTO submissiongroup VALUES (735,1482,2,'Standby','...','Creation',0);
INSERT INTO submissiongroup VALUES (737,1484,2,'Standby','.','Creation',0);
INSERT INTO submissiongroup VALUES (740,1487,2,'Standby','conceptual domain of /syntacticalPattern/','Creation',0);
INSERT INTO submissiongroup VALUES (754,545,3,'Standby',' ','Creation',0);
INSERT INTO submissiongroup VALUES (755,546,3,'Standby',' ','Creation',0);
INSERT INTO submissiongroup VALUES (1322,1602,2,'Standby','','Creation',0);
INSERT INTO submissiongroup VALUES (756,547,3,'Standby',' ','Creation',0);
INSERT INTO submissiongroup VALUES (757,548,3,'Standby',' ','Creation',0);
INSERT INTO submissiongroup VALUES (758,549,3,'Standby',' ','Creation',0);
INSERT INTO submissiongroup VALUES (759,550,3,'Standby',' ','Creation',0);
INSERT INTO submissiongroup VALUES (760,551,3,'Standby',' ','Creation',0);
INSERT INTO submissiongroup VALUES (761,552,3,'Standby',' ','Creation',0);
INSERT INTO submissiongroup VALUES (762,553,3,'Standby',' ','Creation',0);
INSERT INTO submissiongroup VALUES (763,554,3,'Standby',' ','Creation',0);
INSERT INTO submissiongroup VALUES (764,555,3,'Standby',' ','Creation',0);
INSERT INTO submissiongroup VALUES (765,556,3,'Standby',' ','Creation',0);
INSERT INTO submissiongroup VALUES (766,557,3,'Standby',' ','Creation',0);
INSERT INTO submissiongroup VALUES (767,558,3,'Standby',' ','Creation',0);
INSERT INTO submissiongroup VALUES (768,559,3,'Standby',' ','Creation',0);
INSERT INTO submissiongroup VALUES (769,560,3,'Standby',' ','Creation',0);
INSERT INTO submissiongroup VALUES (770,561,3,'Standby',' ','Creation',0);
INSERT INTO submissiongroup VALUES (771,562,3,'Standby',' ','Creation',0);
INSERT INTO submissiongroup VALUES (772,563,3,'Standby',' ','Creation',0);
INSERT INTO submissiongroup VALUES (773,564,3,'Standby',' ','Creation',0);
INSERT INTO submissiongroup VALUES (774,565,3,'Standby',' ','Creation',0);
INSERT INTO submissiongroup VALUES (775,566,3,'Standby',' ','Creation',0);
INSERT INTO submissiongroup VALUES (776,567,3,'Standby',' ','Creation',0);
INSERT INTO submissiongroup VALUES (777,568,3,'Standby',' ','Creation',0);
INSERT INTO submissiongroup VALUES (778,569,3,'Standby',' ','Creation',0);
INSERT INTO submissiongroup VALUES (779,570,3,'Standby',' ','Creation',0);
INSERT INTO submissiongroup VALUES (780,571,3,'Standby',' ','Creation',0);
INSERT INTO submissiongroup VALUES (781,572,3,'Standby',' ','Creation',0);
INSERT INTO submissiongroup VALUES (782,573,3,'Standby',' ','Creation',0);
INSERT INTO submissiongroup VALUES (783,574,3,'Standby',' ','Creation',0);
INSERT INTO submissiongroup VALUES (784,575,3,'Standby',' ','Creation',0);
INSERT INTO submissiongroup VALUES (785,576,3,'Standby',' ','Creation',0);
INSERT INTO submissiongroup VALUES (786,577,3,'Standby',' ','Creation',0);
INSERT INTO submissiongroup VALUES (787,578,3,'Standby',' ','Creation',0);
INSERT INTO submissiongroup VALUES (788,579,3,'Standby',' ','Creation',0);
INSERT INTO submissiongroup VALUES (789,580,3,'Standby',' ','Creation',0);
INSERT INTO submissiongroup VALUES (790,581,3,'Standby',' ','Creation',0);
INSERT INTO submissiongroup VALUES (791,582,3,'Standby',' ','Creation',0);
INSERT INTO submissiongroup VALUES (792,583,3,'Standby',' ','Creation',0);
INSERT INTO submissiongroup VALUES (793,584,3,'Standby',' ','Creation',0);
INSERT INTO submissiongroup VALUES (794,585,3,'Standby',' ','Creation',0);
INSERT INTO submissiongroup VALUES (795,586,3,'Standby',' ','Creation',0);
INSERT INTO submissiongroup VALUES (796,587,3,'Standby',' ','Creation',0);
INSERT INTO submissiongroup VALUES (797,588,3,'Standby',' ','Creation',0);
INSERT INTO submissiongroup VALUES (798,589,3,'Standby',' ','Creation',0);
INSERT INTO submissiongroup VALUES (799,590,3,'Standby',' ','Creation',0);
INSERT INTO submissiongroup VALUES (800,591,3,'Standby',' ','Creation',0);
INSERT INTO submissiongroup VALUES (801,592,3,'Standby',' ','Creation',0);
INSERT INTO submissiongroup VALUES (802,593,3,'Standby',' ','Creation',0);
INSERT INTO submissiongroup VALUES (803,594,3,'Standby',' ','Creation',0);
INSERT INTO submissiongroup VALUES (804,595,3,'Standby',' ','Creation',0);
INSERT INTO submissiongroup VALUES (805,596,3,'Standby',' ','Creation',0);
INSERT INTO submissiongroup VALUES (806,597,3,'Standby',' ','Creation',0);
INSERT INTO submissiongroup VALUES (807,598,3,'Standby',' ','Creation',0);
INSERT INTO submissiongroup VALUES (808,599,3,'Standby',' ','Creation',0);
INSERT INTO submissiongroup VALUES (809,600,3,'Standby',' ','Creation',0);
INSERT INTO submissiongroup VALUES (810,601,3,'Standby',' ','Creation',0);
INSERT INTO submissiongroup VALUES (811,602,3,'Standby',' ','Creation',0);
INSERT INTO submissiongroup VALUES (812,603,3,'Standby',' ','Creation',0);
INSERT INTO submissiongroup VALUES (813,604,3,'Standby',' ','Creation',0);
INSERT INTO submissiongroup VALUES (814,605,3,'Standby',' ','Creation',0);
INSERT INTO submissiongroup VALUES (815,606,3,'Standby',' ','Creation',0);
INSERT INTO submissiongroup VALUES (816,607,3,'Standby',' ','Creation',0);
INSERT INTO submissiongroup VALUES (817,608,3,'Standby',' ','Creation',0);
INSERT INTO submissiongroup VALUES (818,609,3,'Standby',' ','Creation',0);
INSERT INTO submissiongroup VALUES (819,610,3,'Standby',' ','Creation',0);
INSERT INTO submissiongroup VALUES (820,611,3,'Standby',' ','Creation',0);
INSERT INTO submissiongroup VALUES (821,612,3,'Standby',' ','Creation',0);
INSERT INTO submissiongroup VALUES (822,613,3,'Standby',' ','Creation',0);
INSERT INTO submissiongroup VALUES (823,614,3,'Standby',' ','Creation',0);
INSERT INTO submissiongroup VALUES (824,615,3,'Standby',' ','Creation',0);
INSERT INTO submissiongroup VALUES (825,616,3,'Standby',' ','Creation',0);
INSERT INTO submissiongroup VALUES (826,617,3,'Standby',' ','Creation',0);
INSERT INTO submissiongroup VALUES (827,618,3,'Standby',' ','Creation',0);
INSERT INTO submissiongroup VALUES (828,619,3,'Standby',' ','Creation',0);
INSERT INTO submissiongroup VALUES (829,620,3,'Standby',' ','Creation',0);
INSERT INTO submissiongroup VALUES (830,621,3,'Standby',' ','Creation',0);
INSERT INTO submissiongroup VALUES (831,622,3,'Standby',' ','Creation',0);
INSERT INTO submissiongroup VALUES (832,623,3,'Standby',' ','Creation',0);
INSERT INTO submissiongroup VALUES (833,624,3,'Standby',' ','Creation',0);
INSERT INTO submissiongroup VALUES (834,625,3,'Standby',' ','Creation',0);
INSERT INTO submissiongroup VALUES (835,626,3,'Standby',' ','Creation',0);
INSERT INTO submissiongroup VALUES (836,627,3,'Standby',' ','Creation',0);
INSERT INTO submissiongroup VALUES (837,628,3,'Standby',' ','Creation',0);
INSERT INTO submissiongroup VALUES (838,629,3,'Standby',' ','Creation',0);
INSERT INTO submissiongroup VALUES (839,630,3,'Standby',' ','Creation',0);
INSERT INTO submissiongroup VALUES (840,631,3,'Standby',' ','Creation',0);
INSERT INTO submissiongroup VALUES (841,632,3,'Standby',' ','Creation',0);
INSERT INTO submissiongroup VALUES (842,633,3,'Standby',' ','Creation',0);
INSERT INTO submissiongroup VALUES (843,634,3,'Standby',' ','Creation',0);
INSERT INTO submissiongroup VALUES (844,635,3,'Standby',' ','Creation',0);
INSERT INTO submissiongroup VALUES (845,636,3,'Standby',' ','Creation',0);
INSERT INTO submissiongroup VALUES (846,637,3,'Standby',' ','Creation',0);
INSERT INTO submissiongroup VALUES (847,638,3,'Standby',' ','Creation',0);
INSERT INTO submissiongroup VALUES (848,639,3,'Standby',' ','Creation',0);
INSERT INTO submissiongroup VALUES (849,640,3,'Standby',' ','Creation',0);
INSERT INTO submissiongroup VALUES (850,641,3,'Standby',' ','Creation',0);
INSERT INTO submissiongroup VALUES (851,642,3,'Standby',' ','Creation',0);
INSERT INTO submissiongroup VALUES (852,643,3,'Standby',' ','Creation',0);
INSERT INTO submissiongroup VALUES (853,644,3,'Standby',' ','Creation',0);
INSERT INTO submissiongroup VALUES (854,645,3,'Standby',' ','Creation',0);
INSERT INTO submissiongroup VALUES (855,646,3,'Standby',' ','Creation',0);
INSERT INTO submissiongroup VALUES (856,647,3,'Standby',' ','Creation',0);
INSERT INTO submissiongroup VALUES (857,648,3,'Standby',' ','Creation',0);
INSERT INTO submissiongroup VALUES (858,649,3,'Standby',' ','Creation',0);
INSERT INTO submissiongroup VALUES (859,650,3,'Standby',' ','Creation',0);
INSERT INTO submissiongroup VALUES (860,651,3,'Standby',' ','Creation',0);
INSERT INTO submissiongroup VALUES (861,652,3,'Standby',' ','Creation',0);
INSERT INTO submissiongroup VALUES (862,653,3,'Standby',' ','Creation',0);
INSERT INTO submissiongroup VALUES (863,654,3,'Standby',' ','Creation',0);
INSERT INTO submissiongroup VALUES (864,655,3,'Standby',' ','Creation',0);
INSERT INTO submissiongroup VALUES (865,656,3,'Standby',' ','Creation',0);
INSERT INTO submissiongroup VALUES (866,657,3,'Standby',' ','Creation',0);
INSERT INTO submissiongroup VALUES (867,658,3,'Standby',' ','Creation',0);
INSERT INTO submissiongroup VALUES (868,659,3,'Standby',' ','Creation',0);
INSERT INTO submissiongroup VALUES (869,660,3,'Standby',' ','Creation',0);
INSERT INTO submissiongroup VALUES (870,661,3,'Standby',' ','Creation',0);
INSERT INTO submissiongroup VALUES (871,662,3,'Standby',' ','Creation',0);
INSERT INTO submissiongroup VALUES (872,663,3,'Standby',' ','Creation',0);
INSERT INTO submissiongroup VALUES (873,664,3,'Standby',' ','Creation',0);
INSERT INTO submissiongroup VALUES (874,665,3,'Standby',' ','Creation',0);
INSERT INTO submissiongroup VALUES (875,666,3,'Standby',' ','Creation',0);
INSERT INTO submissiongroup VALUES (876,667,3,'Standby',' ','Creation',0);
INSERT INTO submissiongroup VALUES (877,668,3,'Standby',' ','Creation',0);
INSERT INTO submissiongroup VALUES (878,669,3,'Standby',' ','Creation',0);
INSERT INTO submissiongroup VALUES (879,670,3,'Standby',' ','Creation',0);
INSERT INTO submissiongroup VALUES (880,671,3,'Standby',' ','Creation',0);
INSERT INTO submissiongroup VALUES (881,672,3,'Standby',' ','Creation',0);
INSERT INTO submissiongroup VALUES (882,673,3,'Standby',' ','Creation',0);
INSERT INTO submissiongroup VALUES (883,674,3,'Standby',' ','Creation',0);
INSERT INTO submissiongroup VALUES (884,675,3,'Standby',' ','Creation',0);
INSERT INTO submissiongroup VALUES (885,676,3,'Standby',' ','Creation',0);
INSERT INTO submissiongroup VALUES (886,677,3,'Standby',' ','Creation',0);
INSERT INTO submissiongroup VALUES (887,678,3,'Standby',' ','Creation',0);
INSERT INTO submissiongroup VALUES (888,679,3,'Standby',' ','Creation',0);
INSERT INTO submissiongroup VALUES (889,680,3,'Standby',' ','Creation',0);
INSERT INTO submissiongroup VALUES (890,681,3,'Standby',' ','Creation',0);
INSERT INTO submissiongroup VALUES (891,682,3,'Standby',' ','Creation',0);
INSERT INTO submissiongroup VALUES (892,683,3,'Standby',' ','Creation',0);
INSERT INTO submissiongroup VALUES (893,684,3,'Standby',' ','Creation',0);
INSERT INTO submissiongroup VALUES (894,685,3,'Standby',' ','Creation',0);
INSERT INTO submissiongroup VALUES (895,686,3,'Standby',' ','Creation',0);
INSERT INTO submissiongroup VALUES (896,687,3,'Standby',' ','Creation',0);
INSERT INTO submissiongroup VALUES (897,688,3,'Standby',' ','Creation',0);
INSERT INTO submissiongroup VALUES (898,689,3,'Standby',' ','Creation',0);
INSERT INTO submissiongroup VALUES (899,690,3,'Standby',' ','Creation',0);
INSERT INTO submissiongroup VALUES (900,691,3,'Standby',' ','Creation',0);
INSERT INTO submissiongroup VALUES (901,692,3,'Standby',' ','Creation',0);
INSERT INTO submissiongroup VALUES (902,693,3,'Standby',' ','Creation',0);
INSERT INTO submissiongroup VALUES (903,694,3,'Standby',' ','Creation',0);
INSERT INTO submissiongroup VALUES (904,695,3,'Standby',' ','Creation',0);
INSERT INTO submissiongroup VALUES (905,696,3,'Standby',' ','Creation',0);
INSERT INTO submissiongroup VALUES (906,697,3,'Standby',' ','Creation',0);
INSERT INTO submissiongroup VALUES (907,698,3,'Standby',' ','Creation',0);
INSERT INTO submissiongroup VALUES (908,699,3,'Standby',' ','Creation',0);
INSERT INTO submissiongroup VALUES (909,700,3,'Standby',' ','Creation',0);
INSERT INTO submissiongroup VALUES (910,701,3,'Standby',' ','Creation',0);
INSERT INTO submissiongroup VALUES (911,702,3,'Standby',' ','Creation',0);
INSERT INTO submissiongroup VALUES (912,703,3,'Standby',' ','Creation',0);
INSERT INTO submissiongroup VALUES (913,704,3,'Standby',' ','Creation',0);
INSERT INTO submissiongroup VALUES (914,705,3,'Standby',' ','Creation',0);
INSERT INTO submissiongroup VALUES (915,706,3,'Standby',' ','Creation',0);
INSERT INTO submissiongroup VALUES (916,707,3,'Standby',' ','Creation',0);
INSERT INTO submissiongroup VALUES (917,708,3,'Standby',' ','Creation',0);
INSERT INTO submissiongroup VALUES (918,709,3,'Standby',' ','Creation',0);
INSERT INTO submissiongroup VALUES (919,710,3,'Standby',' ','Creation',0);
INSERT INTO submissiongroup VALUES (920,711,3,'Standby',' ','Creation',0);
INSERT INTO submissiongroup VALUES (921,712,3,'Standby',' ','Creation',0);
INSERT INTO submissiongroup VALUES (922,713,3,'Standby',' ','Creation',0);
INSERT INTO submissiongroup VALUES (923,714,3,'Standby',' ','Creation',0);
INSERT INTO submissiongroup VALUES (924,715,3,'Standby',' ','Creation',0);
INSERT INTO submissiongroup VALUES (925,716,3,'Standby',' ','Creation',0);
INSERT INTO submissiongroup VALUES (926,717,3,'Standby',' ','Creation',0);
INSERT INTO submissiongroup VALUES (927,718,3,'Standby',' ','Creation',0);
INSERT INTO submissiongroup VALUES (928,719,3,'Standby',' ','Creation',0);
INSERT INTO submissiongroup VALUES (929,720,3,'Standby',' ','Creation',0);
INSERT INTO submissiongroup VALUES (930,721,3,'Standby',' ','Creation',0);
INSERT INTO submissiongroup VALUES (931,722,3,'Standby',' ','Creation',0);
INSERT INTO submissiongroup VALUES (932,723,3,'Standby',' ','Creation',0);
INSERT INTO submissiongroup VALUES (933,724,3,'Standby',' ','Creation',0);
INSERT INTO submissiongroup VALUES (934,725,3,'Standby',' ','Creation',0);
INSERT INTO submissiongroup VALUES (935,726,3,'Standby',' ','Creation',0);
INSERT INTO submissiongroup VALUES (936,727,3,'Standby',' ','Creation',0);
INSERT INTO submissiongroup VALUES (937,728,3,'Standby',' ','Creation',0);
INSERT INTO submissiongroup VALUES (938,729,3,'Standby',' ','Creation',0);
INSERT INTO submissiongroup VALUES (939,730,3,'Standby',' ','Creation',0);
INSERT INTO submissiongroup VALUES (940,731,3,'Standby',' ','Creation',0);
INSERT INTO submissiongroup VALUES (941,732,3,'Standby',' ','Creation',0);
INSERT INTO submissiongroup VALUES (942,733,3,'Standby',' ','Creation',0);
INSERT INTO submissiongroup VALUES (943,734,3,'Standby',' ','Creation',0);
INSERT INTO submissiongroup VALUES (944,735,3,'Standby',' ','Creation',0);
INSERT INTO submissiongroup VALUES (945,736,3,'Standby',' ','Creation',0);
INSERT INTO submissiongroup VALUES (946,737,3,'Standby',' ','Creation',0);
INSERT INTO submissiongroup VALUES (947,738,3,'Standby',' ','Creation',0);
INSERT INTO submissiongroup VALUES (948,739,3,'Standby',' ','Creation',0);
INSERT INTO submissiongroup VALUES (949,740,3,'Standby',' ','Creation',0);
INSERT INTO submissiongroup VALUES (950,741,3,'Standby',' ','Creation',0);
INSERT INTO submissiongroup VALUES (951,742,3,'Standby',' ','Creation',0);
INSERT INTO submissiongroup VALUES (952,743,3,'Standby',' ','Creation',0);
INSERT INTO submissiongroup VALUES (953,744,3,'Standby',' ','Creation',0);
INSERT INTO submissiongroup VALUES (954,745,3,'Standby',' ','Creation',0);
INSERT INTO submissiongroup VALUES (955,746,3,'Standby',' ','Creation',0);
INSERT INTO submissiongroup VALUES (956,747,3,'Standby',' ','Creation',0);
INSERT INTO submissiongroup VALUES (957,748,3,'Standby',' ','Creation',0);
INSERT INTO submissiongroup VALUES (958,749,3,'Standby',' ','Creation',0);
INSERT INTO submissiongroup VALUES (959,750,3,'Standby',' ','Creation',0);
INSERT INTO submissiongroup VALUES (960,751,3,'Standby',' ','Creation',0);
INSERT INTO submissiongroup VALUES (961,752,3,'Standby',' ','Creation',0);
INSERT INTO submissiongroup VALUES (962,753,3,'Standby',' ','Creation',0);
INSERT INTO submissiongroup VALUES (963,754,3,'Standby',' ','Creation',0);
INSERT INTO submissiongroup VALUES (964,755,3,'Standby',' ','Creation',0);
INSERT INTO submissiongroup VALUES (965,756,3,'Standby',' ','Creation',0);
INSERT INTO submissiongroup VALUES (966,757,3,'Standby',' ','Creation',0);
INSERT INTO submissiongroup VALUES (967,758,3,'Standby',' ','Creation',0);
INSERT INTO submissiongroup VALUES (968,759,3,'Standby',' ','Creation',0);
INSERT INTO submissiongroup VALUES (969,760,3,'Standby',' ','Creation',0);
INSERT INTO submissiongroup VALUES (970,761,3,'Standby',' ','Creation',0);
INSERT INTO submissiongroup VALUES (971,762,3,'Standby',' ','Creation',0);
INSERT INTO submissiongroup VALUES (972,763,3,'Standby',' ','Creation',0);
INSERT INTO submissiongroup VALUES (973,764,3,'Standby',' ','Creation',0);
INSERT INTO submissiongroup VALUES (974,765,3,'Standby',' ','Creation',0);
INSERT INTO submissiongroup VALUES (975,766,3,'Standby',' ','Creation',0);
INSERT INTO submissiongroup VALUES (976,767,3,'Standby',' ','Creation',0);
INSERT INTO submissiongroup VALUES (977,768,3,'Standby',' ','Creation',0);
INSERT INTO submissiongroup VALUES (978,769,3,'Standby',' ','Creation',0);
INSERT INTO submissiongroup VALUES (979,770,3,'Standby',' ','Creation',0);
INSERT INTO submissiongroup VALUES (980,771,3,'Standby',' ','Creation',0);
INSERT INTO submissiongroup VALUES (981,772,3,'Standby',' ','Creation',0);
INSERT INTO submissiongroup VALUES (982,773,3,'Standby',' ','Creation',0);
INSERT INTO submissiongroup VALUES (983,774,3,'Standby',' ','Creation',0);
INSERT INTO submissiongroup VALUES (984,775,3,'Standby',' ','Creation',0);
INSERT INTO submissiongroup VALUES (985,776,3,'Standby',' ','Creation',0);
INSERT INTO submissiongroup VALUES (986,777,3,'Standby',' ','Creation',0);
INSERT INTO submissiongroup VALUES (987,778,3,'Standby',' ','Creation',0);
INSERT INTO submissiongroup VALUES (988,779,3,'Standby',' ','Creation',0);
INSERT INTO submissiongroup VALUES (989,780,3,'Standby',' ','Creation',0);
INSERT INTO submissiongroup VALUES (990,781,3,'Standby',' ','Creation',0);
INSERT INTO submissiongroup VALUES (991,782,3,'Standby',' ','Creation',0);
INSERT INTO submissiongroup VALUES (992,783,3,'Standby',' ','Creation',0);
INSERT INTO submissiongroup VALUES (993,784,3,'Standby',' ','Creation',0);
INSERT INTO submissiongroup VALUES (994,785,3,'Standby',' ','Creation',0);
INSERT INTO submissiongroup VALUES (995,786,3,'Standby',' ','Creation',0);
INSERT INTO submissiongroup VALUES (996,787,3,'Standby',' ','Creation',0);
INSERT INTO submissiongroup VALUES (997,788,3,'Standby',' ','Creation',0);
INSERT INTO submissiongroup VALUES (998,789,3,'Standby',' ','Creation',0);
INSERT INTO submissiongroup VALUES (999,790,3,'Standby',' ','Creation',0);
INSERT INTO submissiongroup VALUES (1000,791,3,'Standby',' ','Creation',0);
INSERT INTO submissiongroup VALUES (1001,792,3,'Standby',' ','Creation',0);
INSERT INTO submissiongroup VALUES (1002,793,3,'Standby',' ','Creation',0);
INSERT INTO submissiongroup VALUES (1003,794,3,'Standby',' ','Creation',0);
INSERT INTO submissiongroup VALUES (1004,795,3,'Standby',' ','Creation',0);
INSERT INTO submissiongroup VALUES (1005,796,3,'Standby',' ','Creation',0);
INSERT INTO submissiongroup VALUES (1006,797,3,'Standby',' ','Creation',0);
INSERT INTO submissiongroup VALUES (1007,798,3,'Standby',' ','Creation',0);
INSERT INTO submissiongroup VALUES (1008,799,3,'Standby',' ','Creation',0);
INSERT INTO submissiongroup VALUES (1009,800,3,'Standby',' ','Creation',0);
INSERT INTO submissiongroup VALUES (1010,801,3,'Standby',' ','Creation',0);
INSERT INTO submissiongroup VALUES (1011,802,3,'Standby',' ','Creation',0);
INSERT INTO submissiongroup VALUES (1012,803,3,'Standby',' ','Creation',0);
INSERT INTO submissiongroup VALUES (1013,804,3,'Standby',' ','Creation',0);
INSERT INTO submissiongroup VALUES (1014,805,3,'Standby',' ','Creation',0);
INSERT INTO submissiongroup VALUES (1015,806,3,'Standby',' ','Creation',0);
INSERT INTO submissiongroup VALUES (1016,807,3,'Standby',' ','Creation',0);
INSERT INTO submissiongroup VALUES (1017,808,3,'Standby',' ','Creation',0);
INSERT INTO submissiongroup VALUES (1018,809,3,'Standby',' ','Creation',0);
INSERT INTO submissiongroup VALUES (1019,810,3,'Standby',' ','Creation',0);
INSERT INTO submissiongroup VALUES (1020,811,3,'Standby',' ','Creation',0);
INSERT INTO submissiongroup VALUES (1021,812,3,'Standby',' ','Creation',0);
INSERT INTO submissiongroup VALUES (1022,813,3,'Standby',' ','Creation',0);
INSERT INTO submissiongroup VALUES (1023,814,3,'Standby',' ','Creation',0);
INSERT INTO submissiongroup VALUES (1024,815,3,'Standby',' ','Creation',0);
INSERT INTO submissiongroup VALUES (1025,816,3,'Standby',' ','Creation',0);
INSERT INTO submissiongroup VALUES (1026,817,3,'Standby',' ','Creation',0);
INSERT INTO submissiongroup VALUES (1027,818,3,'Standby',' ','Creation',0);
INSERT INTO submissiongroup VALUES (1028,819,3,'Standby',' ','Creation',0);
INSERT INTO submissiongroup VALUES (1029,820,3,'Standby',' ','Creation',0);
INSERT INTO submissiongroup VALUES (1030,821,3,'Standby',' ','Creation',0);
INSERT INTO submissiongroup VALUES (1031,822,3,'Standby',' ','Creation',0);
INSERT INTO submissiongroup VALUES (1032,823,3,'Standby',' ','Creation',0);
INSERT INTO submissiongroup VALUES (1033,824,3,'Standby',' ','Creation',0);
INSERT INTO submissiongroup VALUES (1034,825,3,'Standby',' ','Creation',0);
INSERT INTO submissiongroup VALUES (1035,826,3,'Standby',' ','Creation',0);
INSERT INTO submissiongroup VALUES (1036,827,3,'Standby',' ','Creation',0);
INSERT INTO submissiongroup VALUES (1037,828,3,'Standby',' ','Creation',0);
INSERT INTO submissiongroup VALUES (1038,829,3,'Standby',' ','Creation',0);
INSERT INTO submissiongroup VALUES (1039,830,3,'Standby',' ','Creation',0);
INSERT INTO submissiongroup VALUES (1040,831,3,'Standby',' ','Creation',0);
INSERT INTO submissiongroup VALUES (1041,832,3,'Standby',' ','Creation',0);
INSERT INTO submissiongroup VALUES (1042,833,3,'Standby',' ','Creation',0);
INSERT INTO submissiongroup VALUES (1043,834,3,'Standby',' ','Creation',0);
INSERT INTO submissiongroup VALUES (1044,835,3,'Standby',' ','Creation',0);
INSERT INTO submissiongroup VALUES (1045,836,3,'Standby',' ','Creation',0);
INSERT INTO submissiongroup VALUES (1046,837,3,'Standby',' ','Creation',0);
INSERT INTO submissiongroup VALUES (1047,838,3,'Standby',' ','Creation',0);
INSERT INTO submissiongroup VALUES (1048,839,3,'Standby',' ','Creation',0);
INSERT INTO submissiongroup VALUES (1049,840,3,'Standby',' ','Creation',0);
INSERT INTO submissiongroup VALUES (1050,841,3,'Standby',' ','Creation',0);
INSERT INTO submissiongroup VALUES (1051,842,3,'Standby',' ','Creation',0);
INSERT INTO submissiongroup VALUES (1052,843,3,'Standby',' ','Creation',0);
INSERT INTO submissiongroup VALUES (1053,844,3,'Standby',' ','Creation',0);
INSERT INTO submissiongroup VALUES (1054,845,3,'Standby',' ','Creation',0);
INSERT INTO submissiongroup VALUES (1055,846,3,'Standby',' ','Creation',0);
INSERT INTO submissiongroup VALUES (1056,847,3,'Standby',' ','Creation',0);
INSERT INTO submissiongroup VALUES (1057,848,3,'Standby',' ','Creation',0);
INSERT INTO submissiongroup VALUES (1058,849,3,'Standby',' ','Creation',0);
INSERT INTO submissiongroup VALUES (1059,850,3,'Standby',' ','Creation',0);
INSERT INTO submissiongroup VALUES (1060,851,3,'Standby',' ','Creation',0);
INSERT INTO submissiongroup VALUES (1061,852,3,'Standby',' ','Creation',0);
INSERT INTO submissiongroup VALUES (1062,853,3,'Standby',' ','Creation',0);
INSERT INTO submissiongroup VALUES (1063,854,3,'Standby',' ','Creation',0);
INSERT INTO submissiongroup VALUES (1064,855,3,'Standby',' ','Creation',0);
INSERT INTO submissiongroup VALUES (1065,856,3,'Standby',' ','Creation',0);
INSERT INTO submissiongroup VALUES (1066,857,3,'Standby',' ','Creation',0);
INSERT INTO submissiongroup VALUES (1067,858,3,'Standby',' ','Creation',0);
INSERT INTO submissiongroup VALUES (1068,859,3,'Standby',' ','Creation',0);
INSERT INTO submissiongroup VALUES (1069,860,3,'Standby',' ','Creation',0);
INSERT INTO submissiongroup VALUES (1070,861,3,'Standby',' ','Creation',0);
INSERT INTO submissiongroup VALUES (1071,862,3,'Standby',' ','Creation',0);
INSERT INTO submissiongroup VALUES (1072,863,3,'Standby',' ','Creation',0);
INSERT INTO submissiongroup VALUES (1073,864,3,'Standby',' ','Creation',0);
INSERT INTO submissiongroup VALUES (1074,865,3,'Standby',' ','Creation',0);
INSERT INTO submissiongroup VALUES (1075,866,3,'Standby',' ','Creation',0);
INSERT INTO submissiongroup VALUES (1076,867,3,'Standby',' ','Creation',0);
INSERT INTO submissiongroup VALUES (1077,868,3,'Standby',' ','Creation',0);
INSERT INTO submissiongroup VALUES (1078,869,3,'Standby',' ','Creation',0);
INSERT INTO submissiongroup VALUES (1079,870,3,'Standby',' ','Creation',0);
INSERT INTO submissiongroup VALUES (1080,871,3,'Standby',' ','Creation',0);
INSERT INTO submissiongroup VALUES (1081,872,3,'Standby',' ','Creation',0);
INSERT INTO submissiongroup VALUES (1082,873,3,'Standby',' ','Creation',0);
INSERT INTO submissiongroup VALUES (1083,874,3,'Standby',' ','Creation',0);
INSERT INTO submissiongroup VALUES (1084,875,3,'Standby',' ','Creation',0);
INSERT INTO submissiongroup VALUES (1085,876,3,'Standby',' ','Creation',0);
INSERT INTO submissiongroup VALUES (1086,877,3,'Standby',' ','Creation',0);
INSERT INTO submissiongroup VALUES (1087,878,3,'Standby',' ','Creation',0);
INSERT INTO submissiongroup VALUES (1088,879,3,'Standby',' ','Creation',0);
INSERT INTO submissiongroup VALUES (1089,880,3,'Standby',' ','Creation',0);
INSERT INTO submissiongroup VALUES (1090,881,3,'Standby',' ','Creation',0);
INSERT INTO submissiongroup VALUES (1091,882,3,'Standby',' ','Creation',0);
INSERT INTO submissiongroup VALUES (1092,883,3,'Standby',' ','Creation',0);
INSERT INTO submissiongroup VALUES (1093,884,3,'Standby',' ','Creation',0);
INSERT INTO submissiongroup VALUES (1094,885,3,'Standby',' ','Creation',0);
INSERT INTO submissiongroup VALUES (1095,886,3,'Standby',' ','Creation',0);
INSERT INTO submissiongroup VALUES (1096,887,3,'Standby',' ','Creation',0);
INSERT INTO submissiongroup VALUES (1097,888,3,'Standby',' ','Creation',0);
INSERT INTO submissiongroup VALUES (1098,889,3,'Standby',' ','Creation',0);
INSERT INTO submissiongroup VALUES (1099,890,3,'Standby',' ','Creation',0);
INSERT INTO submissiongroup VALUES (1100,891,3,'Standby',' ','Creation',0);
INSERT INTO submissiongroup VALUES (1101,892,3,'Standby',' ','Creation',0);
INSERT INTO submissiongroup VALUES (1102,893,3,'Standby',' ','Creation',0);
INSERT INTO submissiongroup VALUES (1103,894,3,'Standby',' ','Creation',0);
INSERT INTO submissiongroup VALUES (1104,895,3,'Standby',' ','Creation',0);
INSERT INTO submissiongroup VALUES (1105,896,3,'Standby',' ','Creation',0);
INSERT INTO submissiongroup VALUES (1106,897,3,'Standby',' ','Creation',0);
INSERT INTO submissiongroup VALUES (1107,898,3,'Standby',' ','Creation',0);
INSERT INTO submissiongroup VALUES (1108,899,3,'Standby',' ','Creation',0);
INSERT INTO submissiongroup VALUES (1109,900,3,'Standby',' ','Creation',0);
INSERT INTO submissiongroup VALUES (1110,901,3,'Standby',' ','Creation',0);
INSERT INTO submissiongroup VALUES (1111,902,3,'Standby',' ','Creation',0);
INSERT INTO submissiongroup VALUES (1112,903,3,'Standby',' ','Creation',0);
INSERT INTO submissiongroup VALUES (1113,904,3,'Standby',' ','Creation',0);
INSERT INTO submissiongroup VALUES (1114,905,3,'Standby',' ','Creation',0);
INSERT INTO submissiongroup VALUES (1115,906,3,'Standby',' ','Creation',0);
INSERT INTO submissiongroup VALUES (1116,907,3,'Standby',' ','Creation',0);
INSERT INTO submissiongroup VALUES (1117,908,3,'Standby',' ','Creation',0);
INSERT INTO submissiongroup VALUES (1118,909,3,'Standby',' ','Creation',0);
INSERT INTO submissiongroup VALUES (1119,910,3,'Standby',' ','Creation',0);
INSERT INTO submissiongroup VALUES (1120,911,3,'Standby',' ','Creation',0);
INSERT INTO submissiongroup VALUES (1121,912,3,'Standby',' ','Creation',0);
INSERT INTO submissiongroup VALUES (1122,913,3,'Standby',' ','Creation',0);
INSERT INTO submissiongroup VALUES (1123,914,3,'Standby',' ','Creation',0);
INSERT INTO submissiongroup VALUES (1124,915,3,'Standby',' ','Creation',0);
INSERT INTO submissiongroup VALUES (1125,916,3,'Standby',' ','Creation',0);
INSERT INTO submissiongroup VALUES (1126,917,3,'Standby',' ','Creation',0);
INSERT INTO submissiongroup VALUES (1127,918,3,'Standby',' ','Creation',0);
INSERT INTO submissiongroup VALUES (1128,919,3,'Standby',' ','Creation',0);
INSERT INTO submissiongroup VALUES (1129,920,3,'Standby',' ','Creation',0);
INSERT INTO submissiongroup VALUES (1130,921,3,'Standby',' ','Creation',0);
INSERT INTO submissiongroup VALUES (1131,922,3,'Standby',' ','Creation',0);
INSERT INTO submissiongroup VALUES (1132,923,3,'Standby',' ','Creation',0);
INSERT INTO submissiongroup VALUES (1133,924,3,'Standby',' ','Creation',0);
INSERT INTO submissiongroup VALUES (1134,925,3,'Standby',' ','Creation',0);
INSERT INTO submissiongroup VALUES (1135,926,3,'Standby',' ','Creation',0);
INSERT INTO submissiongroup VALUES (1136,927,3,'Standby',' ','Creation',0);
INSERT INTO submissiongroup VALUES (1137,928,3,'Standby',' ','Creation',0);
INSERT INTO submissiongroup VALUES (1138,929,3,'Standby',' ','Creation',0);
INSERT INTO submissiongroup VALUES (1139,930,3,'Standby',' ','Creation',0);
INSERT INTO submissiongroup VALUES (1140,931,3,'Standby',' ','Creation',0);
INSERT INTO submissiongroup VALUES (1141,932,3,'Standby',' ','Creation',0);
INSERT INTO submissiongroup VALUES (1142,933,3,'Standby',' ','Creation',0);
INSERT INTO submissiongroup VALUES (1143,934,3,'Standby',' ','Creation',0);
INSERT INTO submissiongroup VALUES (1144,935,3,'Standby',' ','Creation',0);
INSERT INTO submissiongroup VALUES (1145,936,3,'Standby',' ','Creation',0);
INSERT INTO submissiongroup VALUES (1146,937,3,'Standby',' ','Creation',0);
INSERT INTO submissiongroup VALUES (1147,938,3,'Standby',' ','Creation',0);
INSERT INTO submissiongroup VALUES (1148,939,3,'Standby',' ','Creation',0);
INSERT INTO submissiongroup VALUES (1149,940,3,'Standby',' ','Creation',0);
INSERT INTO submissiongroup VALUES (1150,941,3,'Standby',' ','Creation',0);
INSERT INTO submissiongroup VALUES (1151,942,3,'Standby',' ','Creation',0);
INSERT INTO submissiongroup VALUES (1152,943,3,'Standby',' ','Creation',0);
INSERT INTO submissiongroup VALUES (1153,944,3,'Standby',' ','Creation',0);
INSERT INTO submissiongroup VALUES (1154,945,3,'Standby',' ','Creation',0);
INSERT INTO submissiongroup VALUES (1155,946,3,'Standby',' ','Creation',0);
INSERT INTO submissiongroup VALUES (1156,947,3,'Standby',' ','Creation',0);
INSERT INTO submissiongroup VALUES (1157,948,3,'Standby',' ','Creation',0);
INSERT INTO submissiongroup VALUES (1158,949,3,'Standby',' ','Creation',0);
INSERT INTO submissiongroup VALUES (1159,950,3,'Standby',' ','Creation',0);
INSERT INTO submissiongroup VALUES (1160,951,3,'Standby',' ','Creation',0);
INSERT INTO submissiongroup VALUES (1161,952,3,'Standby',' ','Creation',0);
INSERT INTO submissiongroup VALUES (1162,953,3,'Standby',' ','Creation',0);
INSERT INTO submissiongroup VALUES (1163,954,3,'Standby',' ','Creation',0);
INSERT INTO submissiongroup VALUES (1164,955,3,'Standby',' ','Creation',0);
INSERT INTO submissiongroup VALUES (1165,956,3,'Standby',' ','Creation',0);
INSERT INTO submissiongroup VALUES (1166,957,3,'Standby',' ','Creation',0);
INSERT INTO submissiongroup VALUES (1167,958,3,'Standby',' ','Creation',0);
INSERT INTO submissiongroup VALUES (1168,959,3,'Standby',' ','Creation',0);
INSERT INTO submissiongroup VALUES (1169,960,3,'Standby',' ','Creation',0);
INSERT INTO submissiongroup VALUES (1170,961,3,'Standby',' ','Creation',0);
INSERT INTO submissiongroup VALUES (1171,962,3,'Standby',' ','Creation',0);
INSERT INTO submissiongroup VALUES (1172,963,3,'Standby',' ','Creation',0);
INSERT INTO submissiongroup VALUES (1173,964,3,'Standby',' ','Creation',0);
INSERT INTO submissiongroup VALUES (1174,965,3,'Standby',' ','Creation',0);
INSERT INTO submissiongroup VALUES (1175,966,3,'Standby',' ','Creation',0);
INSERT INTO submissiongroup VALUES (1176,967,3,'Standby',' ','Creation',0);
INSERT INTO submissiongroup VALUES (1177,968,3,'Standby',' ','Creation',0);
INSERT INTO submissiongroup VALUES (1178,969,3,'Standby',' ','Creation',0);
INSERT INTO submissiongroup VALUES (1179,970,3,'Standby',' ','Creation',0);
INSERT INTO submissiongroup VALUES (1180,971,3,'Standby',' ','Creation',0);
INSERT INTO submissiongroup VALUES (1181,972,3,'Standby',' ','Creation',0);
INSERT INTO submissiongroup VALUES (1182,973,3,'Standby',' ','Creation',0);
INSERT INTO submissiongroup VALUES (1183,974,3,'Standby',' ','Creation',0);
INSERT INTO submissiongroup VALUES (1184,975,3,'Standby',' ','Creation',0);
INSERT INTO submissiongroup VALUES (1185,976,3,'Standby',' ','Creation',0);
INSERT INTO submissiongroup VALUES (1186,977,3,'Standby',' ','Creation',0);
INSERT INTO submissiongroup VALUES (1187,978,3,'Standby',' ','Creation',0);
INSERT INTO submissiongroup VALUES (1188,979,3,'Standby',' ','Creation',0);
INSERT INTO submissiongroup VALUES (1189,980,3,'Standby',' ','Creation',0);
INSERT INTO submissiongroup VALUES (1190,981,3,'Standby',' ','Creation',0);
INSERT INTO submissiongroup VALUES (1191,982,3,'Standby',' ','Creation',0);
INSERT INTO submissiongroup VALUES (1192,983,3,'Standby',' ','Creation',0);
INSERT INTO submissiongroup VALUES (1193,984,3,'Standby',' ','Creation',0);
INSERT INTO submissiongroup VALUES (1194,985,3,'Standby',' ','Creation',0);
INSERT INTO submissiongroup VALUES (1195,986,3,'Standby',' ','Creation',0);
INSERT INTO submissiongroup VALUES (1196,987,3,'Standby',' ','Creation',0);
INSERT INTO submissiongroup VALUES (1197,988,3,'Standby',' ','Creation',0);
INSERT INTO submissiongroup VALUES (1198,989,3,'Standby',' ','Creation',0);
INSERT INTO submissiongroup VALUES (1199,990,3,'Standby',' ','Creation',0);
INSERT INTO submissiongroup VALUES (1200,991,3,'Standby',' ','Creation',0);
INSERT INTO submissiongroup VALUES (1201,992,3,'Standby',' ','Creation',0);
INSERT INTO submissiongroup VALUES (1202,993,3,'Standby',' ','Creation',0);
INSERT INTO submissiongroup VALUES (1203,994,3,'Standby',' ','Creation',0);
INSERT INTO submissiongroup VALUES (1204,995,3,'Standby',' ','Creation',0);
INSERT INTO submissiongroup VALUES (1205,996,3,'Standby',' ','Creation',0);
INSERT INTO submissiongroup VALUES (1206,997,3,'Standby',' ','Creation',0);
INSERT INTO submissiongroup VALUES (1207,998,3,'Standby',' ','Creation',0);
INSERT INTO submissiongroup VALUES (1208,999,3,'Standby',' ','Creation',0);
INSERT INTO submissiongroup VALUES (1209,1000,3,'Standby',' ','Creation',0);
INSERT INTO submissiongroup VALUES (1210,1001,3,'Standby',' ','Creation',0);
INSERT INTO submissiongroup VALUES (1211,1002,3,'Standby',' ','Creation',0);
INSERT INTO submissiongroup VALUES (1212,1003,3,'Standby',' ','Creation',0);
INSERT INTO submissiongroup VALUES (1213,1004,3,'Standby',' ','Creation',0);
INSERT INTO submissiongroup VALUES (1214,1494,2,'Standby','...','Creation',0);
INSERT INTO submissiongroup VALUES (1215,1495,75,'Standby','Juste a discovering attempt of Syntax platform','Creation',0);
INSERT INTO submissiongroup VALUES (1216,1496,9,'Standby','Preliminary attempt to create a data category for a dialogue act type','Creation',0);
INSERT INTO submissiongroup VALUES (1217,1497,9,'Standby','blabla','Creation',0);
INSERT INTO submissiongroup VALUES (1218,1498,9,'Standby','desdcription of answer\' dialogue act(s)','Creation',0);
INSERT INTO submissiongroup VALUES (1219,1499,9,'Standby','inform dialogue act type','Creation',0);
INSERT INTO submissiongroup VALUES (1220,1500,76,'Standby','The red one.','Creation',0);
INSERT INTO submissiongroup VALUES (1226,1506,49,'Standby','This is rather a syntacic category.','Creation',0);
INSERT INTO submissiongroup VALUES (1297,1577,1,'Standby','synchro','Import',0);
INSERT INTO submissiongroup VALUES (1223,1503,49,'Standby',' ','Creation',0);
INSERT INTO submissiongroup VALUES (1224,1504,49,'Standby',' ','Creation',0);
INSERT INTO submissiongroup VALUES (1225,1505,49,'Standby',' ','Creation',0);
INSERT INTO submissiongroup VALUES (1227,1507,49,'Standby','rather a syntactic category','Creation',0);
INSERT INTO submissiongroup VALUES (1228,1508,49,'Standby','there is already /animacy/ in terminology, but without conceptual range. These two categories should be fusioned.','Creation',0);
INSERT INTO submissiongroup VALUES (1229,1509,49,'Standby','data category for (named) entity categorization','Creation',0);
INSERT INTO submissiongroup VALUES (1230,1510,49,'Standby',' ','Creation',0);
INSERT INTO submissiongroup VALUES (1231,1511,49,'Standby',' ','Creation',0);
INSERT INTO submissiongroup VALUES (1232,1512,49,'Standby',' ','Creation',0);
INSERT INTO submissiongroup VALUES (1233,1513,49,'Standby',' ','Creation',0);
INSERT INTO submissiongroup VALUES (1234,1514,49,'Standby',' ','Creation',0);
INSERT INTO submissiongroup VALUES (1235,1515,49,'Standby',' ','Creation',0);
INSERT INTO submissiongroup VALUES (1236,1516,49,'Standby',' ','Creation',0);
INSERT INTO submissiongroup VALUES (1237,1517,49,'Standby',' ','Creation',0);
INSERT INTO submissiongroup VALUES (1238,1518,49,'Standby','subgroup on reference','Creation',0);
INSERT INTO submissiongroup VALUES (1239,1519,49,'Standby','subgroup reference','Creation',0);
INSERT INTO submissiongroup VALUES (1240,1520,49,'Standby','subgroup on reference','Creation',0);
INSERT INTO submissiongroup VALUES (1241,1521,49,'Standby','subgroup on reference','Creation',0);
INSERT INTO submissiongroup VALUES (1242,1522,49,'Standby',' subgroup on reference','Creation',0);
INSERT INTO submissiongroup VALUES (1243,1523,49,'Standby','subgroup on reference','Creation',0);
INSERT INTO submissiongroup VALUES (1244,1524,49,'Standby','subgroup on reference','Creation',0);
INSERT INTO submissiongroup VALUES (1245,1525,49,'Standby','reference annotation','Creation',0);
INSERT INTO submissiongroup VALUES (1659,1936,14,'Standby','','Creation',0);
INSERT INTO submissiongroup VALUES (1657,1934,14,'Standby','','Creation',0);
INSERT INTO submissiongroup VALUES (1675,1952,14,'Standby','','Modification',0);
INSERT INTO submissiongroup VALUES (1271,1551,46,'Standby','test','Creation',0);
INSERT INTO submissiongroup VALUES (1272,1552,46,'Standby','asdf','Creation',0);
INSERT INTO submissiongroup VALUES (1278,1558,14,'Standby','  ','Creation',0);
INSERT INTO submissiongroup VALUES (1279,1559,89,'Standby','Vietnamese part of speech','Creation',0);
INSERT INTO submissiongroup VALUES (1298,1578,1,'Standby','synchro','Import',0);
INSERT INTO submissiongroup VALUES (1311,1591,1,'Standby','synchro','Import',0);
INSERT INTO submissiongroup VALUES (1310,1590,1,'Standby','synchro','Import',0);
INSERT INTO submissiongroup VALUES (1309,1589,1,'Standby','synchro','Import',0);
INSERT INTO submissiongroup VALUES (1308,1588,1,'Standby','synchro','Import',0);
INSERT INTO submissiongroup VALUES (1307,1587,1,'Standby','synchro','Import',0);
INSERT INTO submissiongroup VALUES (1306,1586,1,'Standby','synchro','Import',0);
INSERT INTO submissiongroup VALUES (1305,1585,1,'Standby','synchro','Import',0);
INSERT INTO submissiongroup VALUES (1304,1584,1,'Standby','synchro','Import',0);
INSERT INTO submissiongroup VALUES (1303,1583,1,'Standby','synchro','Import',0);
INSERT INTO submissiongroup VALUES (1302,1582,1,'Standby','synchro','Import',0);
INSERT INTO submissiongroup VALUES (1301,1581,1,'Standby','synchro','Import',0);
INSERT INTO submissiongroup VALUES (1300,1580,1,'Standby','synchro','Import',0);
INSERT INTO submissiongroup VALUES (1299,1579,1,'Standby','synchro','Import',0);
INSERT INTO submissiongroup VALUES (1323,1603,2,'Standby','','Creation',0);
INSERT INTO submissiongroup VALUES (1324,1604,2,'Standby','synchro','Creation',0);
INSERT INTO submissiongroup VALUES (1316,1596,14,'Standby','in order to describe a word that can be seen both as past participle and adjective','Creation',0);
INSERT INTO submissiongroup VALUES (1317,1597,14,'Standby','for situation when it\'s not easy to determine whether the word is a participle or an adjective.','Creation',0);
INSERT INTO submissiongroup VALUES (1318,1598,14,'Standby','when distinction between participle and adjective is impossible','Creation',0);
INSERT INTO submissiongroup VALUES (1326,1606,94,'Standby','','Creation',0);
INSERT INTO submissiongroup VALUES (1325,1605,4,'Standby','Add to 12620 data categories for Terminology for Localization','Creation',0);
INSERT INTO submissiongroup VALUES (1377,1657,94,'Standby','','Creation',0);
INSERT INTO submissiongroup VALUES (1374,1654,94,'Standby','','Creation',0);
INSERT INTO submissiongroup VALUES (1333,1613,94,'Standby','','Creation',0);
INSERT INTO submissiongroup VALUES (1334,1614,94,'Standby','','Creation',0);
INSERT INTO submissiongroup VALUES (1376,1656,94,'Standby','','Creation',0);
INSERT INTO submissiongroup VALUES (1336,1616,94,'Standby','','Creation',0);
INSERT INTO submissiongroup VALUES (1337,1617,94,'Standby','','Creation',0);
INSERT INTO submissiongroup VALUES (1338,1618,3,'Standby','','Creation',0);
INSERT INTO submissiongroup VALUES (1339,1619,3,'Standby','','Creation',0);
INSERT INTO submissiongroup VALUES (1340,1620,3,'Standby','','Creation',0);
INSERT INTO submissiongroup VALUES (1341,1621,94,'Standby','','Creation',0);
INSERT INTO submissiongroup VALUES (1342,1622,94,'Standby','','Creation',0);
INSERT INTO submissiongroup VALUES (1343,1623,94,'Standby','','Creation',0);
INSERT INTO submissiongroup VALUES (1344,1624,94,'Standby','','Creation',0);
INSERT INTO submissiongroup VALUES (1373,1653,94,'Standby','','Creation',0);
INSERT INTO submissiongroup VALUES (1346,1626,94,'Standby','','Creation',0);
INSERT INTO submissiongroup VALUES (1347,1627,1,'Standby','','Creation',0);
INSERT INTO submissiongroup VALUES (1348,1628,1,'Standby','','Creation',0);
INSERT INTO submissiongroup VALUES (1349,1629,1,'Standby','','Creation',0);
INSERT INTO submissiongroup VALUES (1350,1630,1,'Standby','','Creation',0);
INSERT INTO submissiongroup VALUES (1351,1631,1,'Standby','','Creation',0);
INSERT INTO submissiongroup VALUES (1352,1632,1,'Standby','','Creation',0);
INSERT INTO submissiongroup VALUES (1353,1633,1,'Standby','','Creation',0);
INSERT INTO submissiongroup VALUES (1354,1634,1,'Standby','','Creation',0);
INSERT INTO submissiongroup VALUES (1355,1635,1,'Standby','kjhgcs','Creation',0);
INSERT INTO submissiongroup VALUES (1356,1636,1,'Standby','','Creation',0);
INSERT INTO submissiongroup VALUES (1438,1718,35,'Standby','synchro','Import',0);
INSERT INTO submissiongroup VALUES (1358,1638,94,'Standby','','Creation',0);
INSERT INTO submissiongroup VALUES (1359,1639,94,'Standby','','Creation',0);
INSERT INTO submissiongroup VALUES (1360,1640,94,'Standby','','Creation',0);
INSERT INTO submissiongroup VALUES (1361,1641,94,'Standby','','Creation',0);
INSERT INTO submissiongroup VALUES (1362,1642,94,'Standby','','Creation',0);
INSERT INTO submissiongroup VALUES (1364,1644,94,'Standby','','Creation',0);
INSERT INTO submissiongroup VALUES (1365,1645,94,'Standby','','Creation',0);
INSERT INTO submissiongroup VALUES (1366,1646,94,'Standby','','Creation',0);
INSERT INTO submissiongroup VALUES (1368,1648,94,'Standby','','Creation',0);
INSERT INTO submissiongroup VALUES (1369,1649,94,'Standby','','Creation',0);
INSERT INTO submissiongroup VALUES (1370,1650,94,'Standby','','Creation',0);
INSERT INTO submissiongroup VALUES (1371,1651,2,'Standby',' ','Creation',0);
INSERT INTO submissiongroup VALUES (1372,1652,94,'Standby','','Creation',0);
INSERT INTO submissiongroup VALUES (1378,1658,94,'Standby','','Creation',0);
INSERT INTO submissiongroup VALUES (1379,1659,94,'Standby','','Creation',0);
INSERT INTO submissiongroup VALUES (1380,1660,94,'Standby','','Creation',0);
INSERT INTO submissiongroup VALUES (1381,1661,94,'Standby','','Creation',0);
INSERT INTO submissiongroup VALUES (1382,1662,94,'Standby','','Creation',0);
INSERT INTO submissiongroup VALUES (1383,1663,94,'Standby','','Creation',0);
INSERT INTO submissiongroup VALUES (1384,1664,2,'Standby','','Creation',0);
INSERT INTO submissiongroup VALUES (1389,1669,1,'Accepted','test','Creation',0);
INSERT INTO submissiongroup VALUES (1390,1670,87,'Standby','','Creation',0);
INSERT INTO submissiongroup VALUES (1391,1671,101,'Standby','','Creation',0);
INSERT INTO submissiongroup VALUES (1392,1672,95,'Standby','','Creation',0);
INSERT INTO submissiongroup VALUES (1733,2010,123,'Standby','','Creation',0);
INSERT INTO submissiongroup VALUES (1396,1676,49,'Standby','','Creation',0);
INSERT INTO submissiongroup VALUES (1398,1678,123,'Standby','','Creation',0);
INSERT INTO submissiongroup VALUES (1734,2011,123,'Standby','','Creation',0);
INSERT INTO submissiongroup VALUES (1436,1716,35,'Standby','synchro','Import',0);
INSERT INTO submissiongroup VALUES (1437,1717,35,'Standby','synchro','Import',0);
INSERT INTO submissiongroup VALUES (1435,1715,35,'Standby','synchro','Import',0);
INSERT INTO submissiongroup VALUES (1434,1714,35,'Standby','synchro','Import',0);
INSERT INTO submissiongroup VALUES (1433,1713,35,'Standby','synchro','Import',0);
INSERT INTO submissiongroup VALUES (1432,1712,35,'Standby','synchro','Import',0);
INSERT INTO submissiongroup VALUES (1431,1711,35,'Standby','synchro','Import',0);
INSERT INTO submissiongroup VALUES (1430,1710,35,'Standby','synchro','Import',0);
INSERT INTO submissiongroup VALUES (1533,1813,35,'Standby','synchro','Import',0);
INSERT INTO submissiongroup VALUES (1428,1708,35,'Standby','synchro','Import',0);
INSERT INTO submissiongroup VALUES (1439,1719,35,'Standby','synchro','Import',0);
INSERT INTO submissiongroup VALUES (1440,1720,35,'Standby','synchro','Import',0);
INSERT INTO submissiongroup VALUES (1441,1721,35,'Standby','synchro','Import',0);
INSERT INTO submissiongroup VALUES (1442,1722,35,'Standby','synchro','Import',0);
INSERT INTO submissiongroup VALUES (1443,1723,35,'Standby','synchro','Import',0);
INSERT INTO submissiongroup VALUES (1444,1724,35,'Standby','synchro','Import',0);
INSERT INTO submissiongroup VALUES (1445,1725,35,'Standby','synchro','Import',0);
INSERT INTO submissiongroup VALUES (1446,1726,35,'Standby','synchro','Import',0);
INSERT INTO submissiongroup VALUES (1447,1727,35,'Standby','synchro','Import',0);
INSERT INTO submissiongroup VALUES (1448,1728,35,'Standby','synchro','Import',0);
INSERT INTO submissiongroup VALUES (1449,1729,35,'Standby','synchro','Import',0);
INSERT INTO submissiongroup VALUES (1532,1812,35,'Standby','synchro','Import',0);
INSERT INTO submissiongroup VALUES (1451,1731,35,'Standby','synchro','Import',0);
INSERT INTO submissiongroup VALUES (1452,1732,35,'Standby','synchro','Import',0);
INSERT INTO submissiongroup VALUES (1453,1733,35,'Standby','synchro','Import',0);
INSERT INTO submissiongroup VALUES (1454,1734,35,'Standby','synchro','Import',0);
INSERT INTO submissiongroup VALUES (1455,1735,35,'Standby','synchro','Import',0);
INSERT INTO submissiongroup VALUES (1456,1736,35,'Standby','synchro','Import',0);
INSERT INTO submissiongroup VALUES (1457,1737,35,'Standby','synchro','Import',0);
INSERT INTO submissiongroup VALUES (1458,1738,35,'Standby','synchro','Import',0);
INSERT INTO submissiongroup VALUES (1459,1739,35,'Standby','synchro','Import',0);
INSERT INTO submissiongroup VALUES (1460,1740,35,'Standby','synchro','Import',0);
INSERT INTO submissiongroup VALUES (1461,1741,35,'Standby','synchro','Import',0);
INSERT INTO submissiongroup VALUES (1462,1742,35,'Standby','synchro','Import',0);
INSERT INTO submissiongroup VALUES (1463,1743,35,'Standby','synchro','Import',0);
INSERT INTO submissiongroup VALUES (1464,1744,35,'Standby','synchro','Import',0);
INSERT INTO submissiongroup VALUES (1465,1745,35,'Standby','synchro','Import',0);
INSERT INTO submissiongroup VALUES (1466,1746,35,'Standby','synchro','Import',0);
INSERT INTO submissiongroup VALUES (1467,1747,35,'Standby','synchro','Import',0);
INSERT INTO submissiongroup VALUES (1468,1748,35,'Standby','synchro','Import',0);
INSERT INTO submissiongroup VALUES (1469,1749,35,'Standby','synchro','Import',0);
INSERT INTO submissiongroup VALUES (1470,1750,35,'Standby','synchro','Import',0);
INSERT INTO submissiongroup VALUES (1471,1751,35,'Standby','synchro','Import',0);
INSERT INTO submissiongroup VALUES (1472,1752,35,'Standby','synchro','Import',0);
INSERT INTO submissiongroup VALUES (1473,1753,35,'Standby','synchro','Import',0);
INSERT INTO submissiongroup VALUES (1474,1754,35,'Standby','synchro','Import',0);
INSERT INTO submissiongroup VALUES (1475,1755,35,'Standby','synchro','Import',0);
INSERT INTO submissiongroup VALUES (1476,1756,35,'Standby','synchro','Import',0);
INSERT INTO submissiongroup VALUES (1477,1757,35,'Standby','synchro','Import',0);
INSERT INTO submissiongroup VALUES (1478,1758,35,'Standby','synchro','Import',0);
INSERT INTO submissiongroup VALUES (1479,1759,35,'Standby','synchro','Import',0);
INSERT INTO submissiongroup VALUES (1480,1760,35,'Standby','synchro','Import',0);
INSERT INTO submissiongroup VALUES (1481,1761,35,'Standby','synchro','Import',0);
INSERT INTO submissiongroup VALUES (1482,1762,35,'Standby','synchro','Import',0);
INSERT INTO submissiongroup VALUES (1483,1763,35,'Standby','synchro','Import',0);
INSERT INTO submissiongroup VALUES (1484,1764,35,'Standby','synchro','Import',0);
INSERT INTO submissiongroup VALUES (1485,1765,35,'Standby','synchro','Import',0);
INSERT INTO submissiongroup VALUES (1486,1766,35,'Standby','synchro','Import',0);
INSERT INTO submissiongroup VALUES (1487,1767,35,'Standby','synchro','Import',0);
INSERT INTO submissiongroup VALUES (1488,1768,35,'Standby','synchro','Import',0);
INSERT INTO submissiongroup VALUES (1489,1769,35,'Standby','synchro','Import',0);
INSERT INTO submissiongroup VALUES (1490,1770,35,'Standby','synchro','Import',0);
INSERT INTO submissiongroup VALUES (1491,1771,35,'Standby','synchro','Import',0);
INSERT INTO submissiongroup VALUES (1492,1772,35,'Standby','synchro','Import',0);
INSERT INTO submissiongroup VALUES (1493,1773,35,'Standby','synchro','Import',0);
INSERT INTO submissiongroup VALUES (1494,1774,35,'Standby','synchro','Import',0);
INSERT INTO submissiongroup VALUES (1495,1775,35,'Standby','synchro','Import',0);
INSERT INTO submissiongroup VALUES (1496,1776,35,'Standby','synchro','Import',0);
INSERT INTO submissiongroup VALUES (1497,1777,35,'Standby','synchro','Import',0);
INSERT INTO submissiongroup VALUES (1498,1778,35,'Standby','synchro','Import',0);
INSERT INTO submissiongroup VALUES (1499,1779,35,'Standby','synchro','Import',0);
INSERT INTO submissiongroup VALUES (1500,1780,35,'Standby','synchro','Import',0);
INSERT INTO submissiongroup VALUES (1501,1781,35,'Standby','synchro','Import',0);
INSERT INTO submissiongroup VALUES (1502,1782,35,'Standby','synchro','Import',0);
INSERT INTO submissiongroup VALUES (1503,1783,35,'Standby','synchro','Import',0);
INSERT INTO submissiongroup VALUES (1504,1784,35,'Standby','synchro','Import',0);
INSERT INTO submissiongroup VALUES (1505,1785,35,'Standby','synchro','Import',0);
INSERT INTO submissiongroup VALUES (1506,1786,35,'Standby','synchro','Import',0);
INSERT INTO submissiongroup VALUES (1507,1787,35,'Standby','synchro','Import',0);
INSERT INTO submissiongroup VALUES (1508,1788,35,'Standby','synchro','Import',0);
INSERT INTO submissiongroup VALUES (1509,1789,35,'Standby','synchro','Import',0);
INSERT INTO submissiongroup VALUES (1510,1790,35,'Standby','synchro','Import',0);
INSERT INTO submissiongroup VALUES (1511,1791,35,'Standby','synchro','Import',0);
INSERT INTO submissiongroup VALUES (1512,1792,35,'Standby','synchro','Import',0);
INSERT INTO submissiongroup VALUES (1513,1793,35,'Standby','synchro','Import',0);
INSERT INTO submissiongroup VALUES (1514,1794,35,'Standby','synchro','Import',0);
INSERT INTO submissiongroup VALUES (1515,1795,35,'Standby','synchro','Import',0);
INSERT INTO submissiongroup VALUES (1516,1796,35,'Standby','synchro','Import',0);
INSERT INTO submissiongroup VALUES (1517,1797,35,'Standby','synchro','Import',0);
INSERT INTO submissiongroup VALUES (1518,1798,35,'Standby','synchro','Import',0);
INSERT INTO submissiongroup VALUES (1519,1799,35,'Standby','synchro','Import',0);
INSERT INTO submissiongroup VALUES (1520,1800,35,'Standby','synchro','Import',0);
INSERT INTO submissiongroup VALUES (1521,1801,35,'Standby','synchro','Import',0);
INSERT INTO submissiongroup VALUES (1522,1802,35,'Standby','synchro','Import',0);
INSERT INTO submissiongroup VALUES (1523,1803,35,'Standby','synchro','Import',0);
INSERT INTO submissiongroup VALUES (1524,1804,35,'Standby','synchro','Import',0);
INSERT INTO submissiongroup VALUES (1525,1805,35,'Standby','synchro','Import',0);
INSERT INTO submissiongroup VALUES (1526,1806,35,'Standby','synchro','Import',0);
INSERT INTO submissiongroup VALUES (1527,1807,35,'Standby','synchro','Import',0);
INSERT INTO submissiongroup VALUES (1528,1808,35,'Standby','synchro','Import',0);
INSERT INTO submissiongroup VALUES (1529,1809,35,'Standby','synchro','Import',0);
INSERT INTO submissiongroup VALUES (1530,1810,35,'Standby','synchro','Import',0);
INSERT INTO submissiongroup VALUES (1531,1811,35,'Standby','synchro','Import',0);
INSERT INTO submissiongroup VALUES (1684,1961,14,'Standby','','Creation',0);
INSERT INTO submissiongroup VALUES (1685,1962,14,'Standby','','Creation',0);
INSERT INTO submissiongroup VALUES (1714,1991,14,'Standby','','Creation',0);
INSERT INTO submissiongroup VALUES (1713,1990,14,'Standby','','Creation',0);
INSERT INTO submissiongroup VALUES (1688,1965,14,'Standby','','Modification',0);
INSERT INTO submissiongroup VALUES (1707,1984,14,'Standby','','Modification',0);
INSERT INTO submissiongroup VALUES (1691,1968,14,'Standby','','Modification',0);
INSERT INTO submissiongroup VALUES (1692,1969,14,'Standby','','Creation',0);
INSERT INTO submissiongroup VALUES (1693,1970,14,'Standby','','Creation',0);
INSERT INTO submissiongroup VALUES (1694,1971,14,'Standby','','Creation',0);
INSERT INTO submissiongroup VALUES (1695,1972,14,'Standby','','Modification',0);
INSERT INTO submissiongroup VALUES (1708,1985,14,'Standby','','Modification',0);
INSERT INTO submissiongroup VALUES (1697,1974,14,'Standby','','Creation',0);
INSERT INTO submissiongroup VALUES (1698,1975,14,'Standby','','Creation',0);
INSERT INTO submissiongroup VALUES (1700,1977,14,'Standby','','Creation',0);
INSERT INTO submissiongroup VALUES (1701,1978,14,'Standby','','Creation',0);
INSERT INTO submissiongroup VALUES (1706,1983,14,'Standby','','Creation',0);
INSERT INTO submissiongroup VALUES (1704,1981,154,'Standby','','Creation',0);
INSERT INTO submissiongroup VALUES (1705,1982,154,'Standby','','Creation',0);
INSERT INTO submissiongroup VALUES (1709,1986,14,'Standby','','Modification',0);
INSERT INTO submissiongroup VALUES (1710,1987,14,'Standby','','Creation',0);
INSERT INTO submissiongroup VALUES (1711,1988,14,'Standby','','Modification',0);
INSERT INTO submissiongroup VALUES (1715,1992,14,'Standby','','Creation',0);
INSERT INTO submissiongroup VALUES (1716,1993,14,'Standby','','Modification',0);
INSERT INTO submissiongroup VALUES (1717,1994,14,'Standby','','Creation',0);
INSERT INTO submissiongroup VALUES (1718,1995,14,'Standby','','Modification',0);
INSERT INTO submissiongroup VALUES (1719,1996,14,'Standby','','Creation',0);
INSERT INTO submissiongroup VALUES (1720,1997,14,'Standby','','Modification',0);
INSERT INTO submissiongroup VALUES (1721,1998,14,'Standby','','Modification',0);
INSERT INTO submissiongroup VALUES (1722,1999,14,'Standby','','Modification',0);
INSERT INTO submissiongroup VALUES (1723,2000,14,'Standby','','Creation',0);
INSERT INTO submissiongroup VALUES (1724,2001,14,'Standby','','Creation',0);
INSERT INTO submissiongroup VALUES (1725,2002,14,'Standby','','Creation',0);
INSERT INTO submissiongroup VALUES (1726,2003,14,'Standby','','Creation',0);
INSERT INTO submissiongroup VALUES (1727,2004,14,'Standby','','Creation',0);
INSERT INTO submissiongroup VALUES (1728,2005,14,'Standby','','Creation',0);
INSERT INTO submissiongroup VALUES (1732,2009,123,'Standby','','Creation',0);
INSERT INTO submissiongroup VALUES (1735,2012,123,'Standby','','Creation',0);
INSERT INTO submissiongroup VALUES (1736,2013,123,'Standby','','Creation',0);
INSERT INTO submissiongroup VALUES (1737,2014,123,'Standby','','Creation',0);
INSERT INTO submissiongroup VALUES (1740,2017,123,'Standby','','Creation',0);
INSERT INTO submissiongroup VALUES (1758,2035,123,'Standby','','Creation',0);
INSERT INTO submissiongroup VALUES (1741,2018,123,'Standby','','Creation',0);
INSERT INTO submissiongroup VALUES (1742,2019,123,'Standby','','Creation',0);
INSERT INTO submissiongroup VALUES (1743,2020,123,'Standby','','Creation',0);
INSERT INTO submissiongroup VALUES (1744,2021,123,'Standby','','Creation',0);
INSERT INTO submissiongroup VALUES (1745,2022,123,'Standby','','Creation',0);
INSERT INTO submissiongroup VALUES (1746,2023,123,'Standby','','Creation',0);
INSERT INTO submissiongroup VALUES (1747,2024,123,'Standby','','Creation',0);
INSERT INTO submissiongroup VALUES (1748,2025,123,'Standby','','Creation',0);
INSERT INTO submissiongroup VALUES (1749,2026,123,'Standby','','Creation',0);
INSERT INTO submissiongroup VALUES (1750,2027,123,'Standby','','Creation',0);
INSERT INTO submissiongroup VALUES (1751,2028,123,'Standby','','Creation',0);
INSERT INTO submissiongroup VALUES (1752,2029,123,'Standby','','Creation',0);
INSERT INTO submissiongroup VALUES (1753,2030,123,'Standby','','Creation',0);
INSERT INTO submissiongroup VALUES (1754,2031,123,'Standby','','Creation',0);
INSERT INTO submissiongroup VALUES (1755,2032,123,'Standby','','Creation',0);
INSERT INTO submissiongroup VALUES (1756,2033,123,'Standby','','Creation',0);
INSERT INTO submissiongroup VALUES (1757,2034,123,'Standby','','Creation',0);
INSERT INTO submissiongroup VALUES (1759,2036,123,'Standby','','Creation',0);
INSERT INTO submissiongroup VALUES (1760,2037,123,'Standby','','Creation',0);
INSERT INTO submissiongroup VALUES (1761,2038,123,'Standby','','Creation',0);
INSERT INTO submissiongroup VALUES (1762,2039,123,'Standby','','Creation',0);
INSERT INTO submissiongroup VALUES (1763,2040,123,'Standby','','Creation',0);
INSERT INTO submissiongroup VALUES (1764,2041,123,'Standby','','Creation',0);
INSERT INTO submissiongroup VALUES (1765,2042,123,'Standby','','Creation',0);
INSERT INTO submissiongroup VALUES (1766,2043,123,'Standby','','Creation',0);
INSERT INTO submissiongroup VALUES (1767,2044,123,'Standby','','Creation',0);
INSERT INTO submissiongroup VALUES (1768,2045,123,'Standby','','Creation',0);
INSERT INTO submissiongroup VALUES (1769,2046,123,'Standby','','Creation',0);
INSERT INTO submissiongroup VALUES (1770,2047,123,'Standby','','Creation',0);
INSERT INTO submissiongroup VALUES (1771,2048,123,'Standby','','Creation',0);
INSERT INTO submissiongroup VALUES (1772,2049,123,'Standby','','Creation',0);
INSERT INTO submissiongroup VALUES (1773,2050,123,'Standby','','Creation',0);
INSERT INTO submissiongroup VALUES (1774,2051,123,'Standby','','Creation',0);
INSERT INTO submissiongroup VALUES (1775,2052,123,'Standby','','Creation',0);
INSERT INTO submissiongroup VALUES (1776,2053,123,'Standby','','Creation',0);
INSERT INTO submissiongroup VALUES (1777,2054,123,'Standby','','Creation',0);
INSERT INTO submissiongroup VALUES (1778,2055,123,'Standby','','Creation',0);
INSERT INTO submissiongroup VALUES (1779,2056,123,'Standby','','Creation',0);
INSERT INTO submissiongroup VALUES (1780,2057,123,'Standby','','Creation',0);
INSERT INTO submissiongroup VALUES (1781,2058,123,'Standby','','Creation',0);
INSERT INTO submissiongroup VALUES (1782,2059,123,'Standby','','Creation',0);
INSERT INTO submissiongroup VALUES (1783,2060,123,'Standby','','Creation',0);
INSERT INTO submissiongroup VALUES (1784,2061,123,'Standby','','Creation',0);
INSERT INTO submissiongroup VALUES (1785,2062,123,'Standby','','Creation',0);
INSERT INTO submissiongroup VALUES (1786,2063,123,'Standby','','Creation',0);
INSERT INTO submissiongroup VALUES (1787,2064,123,'Standby','','Creation',0);
INSERT INTO submissiongroup VALUES (1788,2065,123,'Standby','','Creation',0);
INSERT INTO submissiongroup VALUES (1797,2074,1,'Standby','','Creation',0);
INSERT INTO submissiongroup VALUES (1794,2071,1,'Standby','','Creation',0);
INSERT INTO submissiongroup VALUES (1795,2072,1,'Standby','','Creation',0);
INSERT INTO submissiongroup VALUES (1798,2075,14,'Standby','','Creation',0);
INSERT INTO submissiongroup VALUES (1799,2076,14,'Standby','','Creation',0);
INSERT INTO submissiongroup VALUES (1800,2077,14,'Standby','','Creation',0);
INSERT INTO submissiongroup VALUES (1801,2078,14,'Standby','','Creation',0);
INSERT INTO submissiongroup VALUES (1802,2079,14,'Standby','','Creation',0);
INSERT INTO submissiongroup VALUES (1803,2080,14,'Standby','','Creation',0);
INSERT INTO submissiongroup VALUES (1804,2081,14,'Standby','','Creation',0);
INSERT INTO submissiongroup VALUES (1805,2082,14,'Standby','','Creation',0);
INSERT INTO submissiongroup VALUES (1806,2083,14,'Standby','','Creation',0);
INSERT INTO submissiongroup VALUES (1807,2084,14,'Standby','','Creation',0);
INSERT INTO submissiongroup VALUES (1808,2085,14,'Standby','','Creation',0);
INSERT INTO submissiongroup VALUES (1809,2086,14,'Standby','','Creation',0);
INSERT INTO submissiongroup VALUES (1810,2087,14,'Standby','','Creation',0);
INSERT INTO submissiongroup VALUES (1811,2088,14,'Standby','','Creation',0);
INSERT INTO submissiongroup VALUES (1812,2089,14,'Standby','','Creation',0);
INSERT INTO submissiongroup VALUES (1813,2090,14,'Standby','','Creation',0);
INSERT INTO submissiongroup VALUES (1814,2091,14,'Standby','','Creation',0);
INSERT INTO submissiongroup VALUES (1815,2092,14,'Standby','','Creation',0);
INSERT INTO submissiongroup VALUES (1816,2093,14,'Standby','','Creation',0);
INSERT INTO submissiongroup VALUES (1817,2094,14,'Standby','','Creation',0);
INSERT INTO submissiongroup VALUES (1819,2096,1,'Standby','','Creation',0);
INSERT INTO submissiongroup VALUES (1820,2097,1,'Standby','','Creation',0);
INSERT INTO submissiongroup VALUES (1821,2098,1,'Standby','','Creation',0);
INSERT INTO submissiongroup VALUES (1822,2099,47,'Standby','','Creation',0);
INSERT INTO submissiongroup VALUES (1824,2101,47,'Standby','','Creation',0);
INSERT INTO submissiongroup VALUES (1825,2102,47,'Standby','','Creation',0);
INSERT INTO submissiongroup VALUES (1826,2103,47,'Standby','','Creation',0);
INSERT INTO submissiongroup VALUES (1827,2104,47,'Standby','','Creation',0);
INSERT INTO submissiongroup VALUES (1828,2105,47,'Standby','','Creation',0);
INSERT INTO submissiongroup VALUES (1829,2106,47,'Standby','','Creation',0);
INSERT INTO submissiongroup VALUES (1830,2107,47,'Standby','','Creation',0);
INSERT INTO submissiongroup VALUES (1831,2108,47,'Standby','','Creation',0);
INSERT INTO submissiongroup VALUES (1832,2109,47,'Standby','','Creation',0);
INSERT INTO submissiongroup VALUES (1833,2110,47,'Standby','','Creation',0);
INSERT INTO submissiongroup VALUES (1834,2111,47,'Standby','','Creation',0);
INSERT INTO submissiongroup VALUES (1835,2112,47,'Standby','','Creation',0);
INSERT INTO submissiongroup VALUES (1836,2113,47,'Standby','','Creation',0);
INSERT INTO submissiongroup VALUES (1837,2114,47,'Standby','','Creation',0);
INSERT INTO submissiongroup VALUES (1838,2115,47,'Standby','','Creation',0);
INSERT INTO submissiongroup VALUES (1839,2116,47,'Standby','','Creation',0);
INSERT INTO submissiongroup VALUES (1840,2117,47,'Standby','','Creation',0);
INSERT INTO submissiongroup VALUES (1904,2181,14,'Standby','','Creation',0);
INSERT INTO submissiongroup VALUES (1899,2176,14,'Standby','','Creation',0);
INSERT INTO submissiongroup VALUES (1843,2120,47,'Standby','','Creation',0);
INSERT INTO submissiongroup VALUES (1889,2166,47,'Standby','','Creation',0);
INSERT INTO submissiongroup VALUES (1845,2122,47,'Standby','','Creation',0);
INSERT INTO submissiongroup VALUES (1846,2123,47,'Standby','','Creation',0);
INSERT INTO submissiongroup VALUES (1900,2177,14,'Standby','','Creation',0);
INSERT INTO submissiongroup VALUES (1848,2125,47,'Standby','','Creation',0);
INSERT INTO submissiongroup VALUES (1849,2126,47,'Standby','','Creation',0);
INSERT INTO submissiongroup VALUES (1850,2127,47,'Standby','','Creation',0);
INSERT INTO submissiongroup VALUES (1898,2175,14,'Standby','','Creation',0);
INSERT INTO submissiongroup VALUES (1852,2129,47,'Standby','','Creation',0);
INSERT INTO submissiongroup VALUES (1853,2130,47,'Standby','','Creation',0);
INSERT INTO submissiongroup VALUES (1888,2165,1,'Standby','','Creation',0);
INSERT INTO submissiongroup VALUES (1855,2132,47,'Standby','','Creation',0);
INSERT INTO submissiongroup VALUES (1856,2133,47,'Standby','','Creation',0);
INSERT INTO submissiongroup VALUES (1891,2168,47,'Standby','','Creation',0);
INSERT INTO submissiongroup VALUES (1858,2135,47,'Standby','','Creation',0);
INSERT INTO submissiongroup VALUES (1859,2136,47,'Standby','','Creation',0);
INSERT INTO submissiongroup VALUES (1860,2137,47,'Standby','','Creation',0);
INSERT INTO submissiongroup VALUES (1861,2138,47,'Standby','','Creation',0);
INSERT INTO submissiongroup VALUES (1903,2180,14,'Standby','','Creation',0);
INSERT INTO submissiongroup VALUES (1863,2140,47,'Standby','','Creation',0);
INSERT INTO submissiongroup VALUES (1864,2141,47,'Standby','','Creation',0);
INSERT INTO submissiongroup VALUES (1865,2142,47,'Standby','','Creation',0);
INSERT INTO submissiongroup VALUES (1866,2143,47,'Standby','','Creation',0);
INSERT INTO submissiongroup VALUES (1867,2144,47,'Standby','','Creation',0);
INSERT INTO submissiongroup VALUES (1868,2145,47,'Standby','','Creation',0);
INSERT INTO submissiongroup VALUES (1902,2179,14,'Standby','','Creation',0);
INSERT INTO submissiongroup VALUES (1870,2147,47,'Standby','','Creation',0);
INSERT INTO submissiongroup VALUES (1871,2148,47,'Standby','','Creation',0);
INSERT INTO submissiongroup VALUES (1901,2178,14,'Standby','','Creation',0);
INSERT INTO submissiongroup VALUES (1873,2150,47,'Standby','','Creation',0);
INSERT INTO submissiongroup VALUES (1874,2151,47,'Standby','','Creation',0);
INSERT INTO submissiongroup VALUES (1875,2152,47,'Standby','','Creation',0);
INSERT INTO submissiongroup VALUES (1876,2153,47,'Standby','','Creation',0);
INSERT INTO submissiongroup VALUES (1877,2154,47,'Standby','','Creation',0);
INSERT INTO submissiongroup VALUES (1878,2155,47,'Standby','','Creation',0);
INSERT INTO submissiongroup VALUES (1879,2156,47,'Standby','','Creation',0);
INSERT INTO submissiongroup VALUES (1880,2157,47,'Standby','','Creation',0);
INSERT INTO submissiongroup VALUES (1881,2158,47,'Standby','','Creation',0);
INSERT INTO submissiongroup VALUES (1882,2159,47,'Standby','','Creation',0);
INSERT INTO submissiongroup VALUES (1883,2160,47,'Standby','','Creation',0);
INSERT INTO submissiongroup VALUES (1884,2161,47,'Standby','','Creation',0);
INSERT INTO submissiongroup VALUES (1885,2162,47,'Standby','','Creation',0);
INSERT INTO submissiongroup VALUES (1886,2163,47,'Standby','','Creation',0);
INSERT INTO submissiongroup VALUES (1905,2182,14,'Standby','','Creation',0);
INSERT INTO submissiongroup VALUES (1906,2183,14,'Standby','','Creation',0);
INSERT INTO submissiongroup VALUES (1907,2184,14,'Standby','','Creation',0);
INSERT INTO submissiongroup VALUES (1908,2185,14,'Standby','','Creation',0);
INSERT INTO submissiongroup VALUES (1909,2186,14,'Standby','','Creation',0);
INSERT INTO submissiongroup VALUES (1911,2188,14,'Standby','','Creation',0);
INSERT INTO submissiongroup VALUES (1912,2189,14,'Standby','','Creation',0);
INSERT INTO submissiongroup VALUES (1913,2190,14,'Standby','','Creation',0);
INSERT INTO submissiongroup VALUES (1914,2191,14,'Standby','','Creation',0);
INSERT INTO submissiongroup VALUES (1915,2192,14,'Standby','','Creation',0);
INSERT INTO submissiongroup VALUES (1916,2193,14,'Standby','','Creation',0);
INSERT INTO submissiongroup VALUES (1917,2194,14,'Standby','','Creation',0);
INSERT INTO submissiongroup VALUES (1918,2195,14,'Standby','','Creation',0);
INSERT INTO submissiongroup VALUES (1919,2196,14,'Standby','','Creation',0);
INSERT INTO submissiongroup VALUES (1920,2197,14,'Standby','','Creation',0);
INSERT INTO submissiongroup VALUES (1921,2198,14,'Standby','','Creation',0);
INSERT INTO submissiongroup VALUES (1922,2199,14,'Standby','','Creation',0);
INSERT INTO submissiongroup VALUES (1923,2200,14,'Standby','','Creation',0);
INSERT INTO submissiongroup VALUES (1924,2201,14,'Standby','','Creation',0);
INSERT INTO submissiongroup VALUES (1925,2202,14,'Standby','','Creation',0);
INSERT INTO submissiongroup VALUES (1926,2203,14,'Standby','','Creation',0);
INSERT INTO submissiongroup VALUES (1927,2204,14,'Standby','','Creation',0);
INSERT INTO submissiongroup VALUES (1928,2205,14,'Standby','','Creation',0);
INSERT INTO submissiongroup VALUES (1929,2206,14,'Standby','','Creation',0);
INSERT INTO submissiongroup VALUES (1930,2207,14,'Standby','','Creation',0);
INSERT INTO submissiongroup VALUES (1931,2208,14,'Standby','','Creation',0);
INSERT INTO submissiongroup VALUES (1932,2209,14,'Standby','','Creation',0);

--
-- Table structure for table `targetlevel`
--

CREATE TABLE targetlevel (
  Target_id integer NOT NULL,
  Target_CE_id integer NOT NULL default '0',
  Target_content text,
  Target_source_id integer default NULL,
  PRIMARY KEY (Target_id)
);

--
-- Dumping data for table `targetlevel`
--

INSERT INTO targetlevel VALUES (1,39,'GIS',80);
INSERT INTO targetlevel VALUES (2,39,'CI',81);
INSERT INTO targetlevel VALUES (3,39,'Terminological Entry',82);
INSERT INTO targetlevel VALUES (4,42,'LS',89);
INSERT INTO targetlevel VALUES (5,43,'TS',92);
INSERT INTO targetlevel VALUES (6,43,'NS',93);
INSERT INTO targetlevel VALUES (7,44,'TCS',95);
INSERT INTO targetlevel VALUES (8,45,'TCS',98);
INSERT INTO targetlevel VALUES (9,47,'GIS',113);
INSERT INTO targetlevel VALUES (10,47,'DC',114);
INSERT INTO targetlevel VALUES (11,48,'Desc',117);
INSERT INTO targetlevel VALUES (12,48,'AI',118);
INSERT INTO targetlevel VALUES (13,49,'LS',121);
INSERT INTO targetlevel VALUES (14,51,'AR',126);

--
-- Table structure for table `unresolvedissue`
--

CREATE TABLE unresolvedissue (
  UnresolvedIssue_id integer NOT NULL,
  UnresolvedIssue_CE_id integer NOT NULL default '0',
  UnresolvedIssue_content text,
  UnresolvedIssue_lang varchar(100) default NULL,
  PRIMARY KEY (UnresolvedIssue_id)
);

--
-- Dumping data for table `unresolvedissue`
--


--
-- Table structure for table `users`
--

CREATE TABLE users (
  User_id integer NOT NULL,
  User_login varchar(100) NOT NULL default '',
  User_password varchar(40) NOT NULL default '',
  User_type varchar(50) NOT NULL default 'BASIC',
  User_email varchar(100) NOT NULL default '',
  User_lang varchar(100) default NULL,
  User_access integer NOT NULL default '0',
  User_lastaccess date default NULL,
  User_name varchar(100) default NULL,
  User_org varchar(100) default NULL,
  User_post varchar(100) default NULL,
  User_phone varchar(40) default NULL,
  PRIMARY KEY (User_id)
);

--
-- Dumping data for table `users`
--

INSERT INTO users VALUES (1,'admin','5f4dcc3b5aa765d61d8327deb882cf99','ADMIN','syntax@inist.fr','FRENCH',534,'2007-01-30','Julien DUCRET','LORIA','BP 239, 54506 Vandoeuvre les Nancy','33 3 83 53 20 04');
INSERT INTO users VALUES (2,'isa','5f4dcc3b5aa765d61d8327deb882cf99','EXPERT','kramer@loria.fr','FRENCH',357,'2006-09-27','Isabelle KRAMER','LORIA/SYNTAX','Laboratoire Langues & Dialogues\r\nCampus Scientifique\r\nBP 239\r\n54506 Vandoeuvre Cedex','0383582031');
INSERT INTO users VALUES (3,'pseb','5f4dcc3b5aa765d61d8327deb882cf99','EXPERT','philippe.sebire@loria.fr','',220,'2006-02-22','Philippe SEBIRE','LORIA','BP 239, 54506 Vandoeuvre les Nancy','33 3 83 58 17 46');
INSERT INTO users VALUES (4,'sellen','5f4dcc3b5aa765d61d8327deb882cf99','EXPERT','sellenwright@gmail.com','',66,'2006-12-21','Sue Ellen Wright','Kent State University','134 N Prospect Street Kent, OH 44240 USA\r\nKent State University\r\nKent OH 44240\r\nUSA','+1 330 672 2438');
INSERT INTO users VALUES (6,'feng','5f4dcc3b5aa765d61d8327deb882cf99','EXPERT','zwfeng@world.kaist.ac.kr','',2,'2004-03-15','Feng','','','');
INSERT INTO users VALUES (82,'evelyne','6f7b395be4b53d5dc5a35ebfd7b10771','EXPERT','Evelyne.Jacquey@atilf.fr','',3,'2004-12-14','JACQUEY','ATILF CNRS NANCY2','44 avenue de la libération\r\n54000 NANCY','00 33 3 83 96 86 70');
INSERT INTO users VALUES (9,'bunt','5f4dcc3b5aa765d61d8327deb882cf99','EXPERT','bunt@uvt.nl','',10,'2006-05-18','Harry Bunt','Tilburg University','P.O. Box 90153\r\n5000 LE Tilburg\r\nThe Netherlands','0031 13 466 3060');
INSERT INTO users VALUES (10,'wanderson','9cb9ea2eee9dc3ec186076f638d5e246','EXPERT','winston.anderson@btgroup.co.za','',3,'2006-10-20','Winston Anderson','University of South Africa','PO Box 847\r\nMagaliesburg\r\n1791\r\nSouth Africa','+27 82 372 9936');
INSERT INTO users VALUES (91,'heyd','99965c6ef5ef1580bb78de3199e8a2b9','EXPERT','sophie.heyd@univ-nancy2.fr','',3,'2005-01-18','sophie heyd','atilf','44 avenue de la libération\r\nBP30687\r\n54063 Nancy Cedex','0383967111');
INSERT INTO users VALUES (12,'gupta','441ca1a098d90ccf7662741e6427a839','EXPERT','gupta@loria.fr','',10,'2004-04-19','Satyendra GUPTA','LORIA','BP 239, 54506 Vandoeuvre les Nancy','');
INSERT INTO users VALUES (13,'scruzlara','20a51fbad728cf5cd69cc7316acf25a9','EXPERT','cruzlara@loria.fr','',7,'2004-10-14','Samuel CRUZ-LARA','LORIA','BP 239, 54506 Vandoeuvre les Nancy','');
INSERT INTO users VALUES (14,'gilfrancopoulo','003e10573994ea96a8ad381b62daf449','EXPERT','gil.francopoulo@wanadoo.fr','',180,'2007-02-12','Gil Francopoulo','','126 rue de Picpus75012 ParisFrance','01 43 44 30 88');
INSERT INTO users VALUES (76,'btyrybon','5f5af722e4d71b860ba773e990dfb9a4','EXPERT','btyrybon@kent.edu','',17,'2005-05-05','Benjamin Tyrybon','ANSI','109 Satterfield Hall\r\nKent State University\r\nKent, OH 44242','+1-330-678-8152');
INSERT INTO users VALUES (47,'hasida','28df214f2cb1dd23e2e9ab646b62dd5b','EXPERT','hasida.k@aist.go.jp','',69,'2006-10-13','Koiti Hasida','AIST','AIST Tokyo Waterfront\r\n2-41-6, Aomi, Koto-ku, Tokyo\r\n135-0064 Japan','+81-3-3599-8211');
INSERT INTO users VALUES (25,'vanessa','d3bb454131f0cfe0a38cef2a94ae1a9c','EXPERT','combet@sinequa.com',NULL,2,'2004-05-13','Vanessa Combet','Sinequa',NULL,NULL);
INSERT INTO users VALUES (27,'clerger','600d6240e06aa9ffc0eb19328fe5f409','EXPERT','eric.de_la_clergerie@inria.fr','',11,'2006-08-24','Eric de la Clergerie','INRIA','Domaine de Voluceau - BP 105\r\n78153 Le Chesnay Cedex','01 39 63 54 10');
INSERT INTO users VALUES (28,'daille','8bd1a9005dc8fbbb715b81a50a91ae67','EXPERT','daille@lina.univ-nantes.fr','',1,'2004-05-14','Beatrice DAILLE','LINA','2, rue de la Houssini??re','02 51 12 58 54');
INSERT INTO users VALUES (29,'lemeur','c7e79eb2d2433dd2d2b2222f99820008','EXPERT','andre.lemeur@uhb.fr','',5,'2006-09-06','Andre Le Meur','Universite Rennes 2','6, av. GAston Berger','33 - 2 - 99 - 14 18 02');
INSERT INTO users VALUES (31,'mbrunet','49d9c24cbe2ca3e718d70298f608ac90','EXPERT','mbrunet@softissimo.com','',1,'2004-05-17','Matthieu Brunet','Softissimo','33 av Mozart\r\n75016 Paris','+33 1 56 75 25 25');
INSERT INTO users VALUES (75,'benhenda','f2bd98cdb4c2ebc827dee206ab72c7fa','EXPERT','Mokhtar.Benhenda@isd.rnu.tn','',10,'2005-11-21','Mokhtar BEN HENDA','ISD/AUF','ISD, Campus Universitaire\r\n2010 La Manouba - TUNISIE','00.216.98902311');
INSERT INTO users VALUES (33,'laurent','34a321664be49e31c2368f6f42798a98','EXPERT','laurent.romary@loria.fr','',78,'2007-01-08','Laurent Romary','LORIA','','');
INSERT INTO users VALUES (34,'ifalk','0b3fb984cc0c28f01a12182521d85a9c','EXPERT','ingrid.falk@loria.fr','',14,'2005-01-24','Ingrid Falk','LORIA','','');
INSERT INTO users VALUES (35,'wittenburg','40bd0851e034197866ebe9df540b628f','EXPERT','peter.wittenburg@mpi.nl',NULL,100,'2005-11-30','Peter Wittenburg','MPI Nimegue','',NULL);
INSERT INTO users VALUES (36,'playspace','3f24aac267377d2f8a53f1ebb3d49223','EXPERT','syntax@loria.fr',NULL,27,'2005-12-08','Playspace of Teddy Bear',NULL,NULL,NULL);
INSERT INTO users VALUES (48,'vitas','27dbc5d45804fde82e4b55e3f128cf24','EXPERT','vitas@matf.bg.ac.yu','',6,'2007-02-03','Dusko VITAS','Mathematical Faculty, Univ. of Belgrade','Matematicki fakultet\r\nStudentski trg 16\r\nCS - 11000 Beograd\r\nSerbia & Montenegro','++381 - 630 - 151 / 163');
INSERT INTO users VALUES (46,'farrar','d3b7e9315de173181ad270dc0186f48e','EXPERT','farrar@u.arizona.edu','',4,'2004-10-26','Scott Farrar','University of Bremen; University of Arizona','141 Gr. Johannisstr.','(0)421 959 4721');
INSERT INTO users VALUES (45,'fitzsimo','a681c0e331233543494948ff9caf0d17','EXPERT','fitzsimo@email.arizona.edu','',2,'2004-05-31','Brian Fitzsimons','University of Arizona','P.O. Box 210028','(520) 275-8710');
INSERT INTO users VALUES (49,'alt','d55a6d3bd5153a51d75bb6cfdeb47c22','EXPERT','salt@atilf.fr','',44,'2006-12-07','Susanne Salmon-Alt','ATILF-CNRS','44 blv de la libération 54000 Nancy','03.83.96.86.98');
INSERT INTO users VALUES (50,'simonsg','a6d3ae908c373b5bb0e6c6fa871ad870','EXPERT','Gary_Simons@sil.org','',1,'2004-06-02','Gary Simons','SIL International','7500 W. Camp Wisdom Rd.','972 708-7487');
INSERT INTO users VALUES (51,'wlewis','b722c2192f8e15b5d4b960bfa4610ecc','EXPERT','wlewis@csufresno.edu','',1,'2004-06-05','William Lewis','CSU Fresno','Department of Linguistics\r\nCSU Fresno\r\n5245 N. Backer Avenue, M/S PB92\r\nFresno, CA  93740','+1-559-278-4088');
INSERT INTO users VALUES (52,'malekboualem','0c2a20908ff10f2e65e8851d81fb9d52','BASIC','malek.boualem@francetelecom.com','',1,'2004-06-17','','','','');
INSERT INTO users VALUES (53,'pchesley','c0777fca055c902b5f5061a741ffaa74','BASIC','paula_chesley@yahoo.fr','',1,'2004-06-23','','','','');
INSERT INTO users VALUES (79,'roser','71af8ba543f7a52c9ed6d338f5a2b290','EXPERT','R.Morante@uvt.nl','',3,'2004-09-21','Roser Morante','University of Tilburg','Warandelaan 2\r\n Postbus 90153\r\n5000 LE Tilburg','0031134662433');
INSERT INTO users VALUES (59,'zakia','7348ac02c9adcea1f5728e70799811d8','EXPERT','elghazibouali@peoplepc.fr','',9,'2004-09-02','bouali','CNRS','','');
INSERT INTO users VALUES (78,'sta','9ca0dd50fb55a6805ddf6f769ec90c21','EXPERT','jean-david.sta@edf.fr','',1,'2004-09-20','Sta','EDF R&D','1, av du general De gaulle\r\nClamart 92141','01 47 65 49 58');
INSERT INTO users VALUES (63,'aletayang','c00279daf02a229a985cfbe3153fd180','EXPERT','aletayang@yahoo.com','',2,'2004-07-28','Ms Dan Yang','Univ of Ottawa','School of IT and Engineering\r\n800 King Edward Avenue\r\nOttawa Canada','1(613)5929151');
INSERT INTO users VALUES (64,'Bhoo','eb699e2c860410f5babcc60a4f6c5610','EXPERT','brigitte.hoogenboom@free.fr','',6,'2004-10-11','Hoogenboom brigitte','','2, impasse de la gendarmerie\r\n93400 Saint-Ouen','01 40 11 13 95');
INSERT INTO users VALUES (67,'pgconstable','79722d7882a26ce55b01d49f208bd982','EXPERT','petercon@microsoft.com','',1,'2004-08-26','Peter Constable','Microsoft','One Microsoft Way\r\nRedmond, WA 98052\r\nUSA','+1 425 722 1867');
INSERT INTO users VALUES (68,'ryuch','e1241d1b9692c1e9f4ebbf6896f0e33e','EXPERT','ryuch@yahoo.com','',5,'2004-10-22','Ryu, Cheol','ETRI','Daejeon, South Korea','+82-42-860-6604');
INSERT INTO users VALUES (69,'rintse','82844ac188c53436798a254869a06d92','EXPERT','r.vanderwerf@uvt.nl','',2,'2004-09-21','Rintse van der Werf','Tilburg University','Postbus 90153\r\n5000LE Tilburg','013-4662572');
INSERT INTO users VALUES (70,'ielka','fd09399d8cc70f78df65c73b0068b19e','EXPERT','i.f.vdrsluis@uvt.nl','',2,'2004-09-21','ielka van der Sluis','tilburg university','P.O.Box 90153 NL-5000 LE Tilburg','+31 13 4662692');
INSERT INTO users VALUES (72,'gillam','96be8560dd6beb78fb2b303278cf6ac9','EXPERT','css1lg@surrey.ac.uk','',10,'2006-03-03','Lee Gillam','University of Surrey','Guildford\r\nSurrey\r\nGU2 7XH','44 1483 689633');
INSERT INTO users VALUES (84,'joseph','91b9b9eb30c83bfb7d49c1f639616633','EXPERT','roumier@loria.fr','',12,'2005-09-13','Joseph Roumier','Loria/Cegelec','Loria Vandoeuvre','03 83 59 20 04');
INSERT INTO users VALUES (85,'bourdaillet','9fe8dfda12c4ec4e646340edd51d66a0','EXPERT','julien.bourdaillet@lip6.fr','',3,'2004-11-17','Julien BOURDAILLET','','Lip6 Poleia - 8 rue du capitaine Scott 75015 Paris','0144277119');
INSERT INTO users VALUES (131,'nico','410ec15153a6dff0bed851467309bcbd','EXPERT','nicolas.thouvenin@inist.fr','',9,'2006-02-01','Nicolas THOUVENIN','INIST','FRANCE','0383504600');
INSERT INTO users VALUES (87,'monica','ff0d813dd5d2f64dd372c6c4b6aed086','EXPERT','monica.monachini@ilc.cnr.it','',5,'2005-03-17','Monica Monachini','ILC-CNR','Via Moruzzi 1','+39 050 315 2852');
INSERT INTO users VALUES (89,'nguyen','0e7d34d9965200904b5b5857eaa8152e','EXPERT','ntmhuyen@gmail.com','',9,'2006-12-01','Nguyen Thi Minh Huyen','Hanoi University','334 Nguyen Trai, Thanh Xuan Dist., Hanoi, Vietnam','84 4 8 58 15 30');
INSERT INTO users VALUES (90,'et','605421f13366b78cf0af1dd7fb4f4fcb','EXPERT','tomaz.erjavec@ijs.si','',4,'2006-10-19','Tomaž Erjavec','Jozef Stefan Institute','Jamova 39\r\nSI-1000 Ljubljana\r\nSlovenia','+386 1 477-3507');
INSERT INTO users VALUES (92,'fonkam','e9f9ea1582b8dfa8e89f86c0e4d3d9bd','BASIC','fonkamjeanclaude@yahoo.fr','',1,'2005-01-06','FONKAM Jean Claude','Student','S/C TEKO Albert\r\nBP 1556, IFORD, Yaoundé\r\nCameroun','237 9537468');
INSERT INTO users VALUES (95,'Neotik','5f4dcc3b5aa765d61d8327deb882cf99','EXPERT','edouard.batot@free.fr','',11,'2005-06-09','Edouard Batot','','','');
INSERT INTO users VALUES (94,'jfernandez','5f4dcc3b5aa765d61d8327deb882cf99','EXPERT','playwines@hotmail.com','',35,'2005-04-08','Javier FERNANDEZ','','','');
INSERT INTO users VALUES (96,'carinetim','ca42f66b382c48dc970ee8eddc61d315','BASIC','timmerma@vjf.cnrs.fr','',3,'2005-03-18','','','','');
INSERT INTO users VALUES (97,'stat','0fb8b91a3400d53c1272bfc4e7dd7b36','BASIC','alain.bouvy@insee.fr','',1,'2005-02-08','','','','');
INSERT INTO users VALUES (98,'Shakil','c07428a0a9a0817b7d3647fb31e27cc7','EXPERT','shakil.nasir@gmail.com','',5,'2005-06-17','Shakil Nasir','CRULP FAST-NU','852-B Faisal Town, Lahore, Pakistan.','(9242) 111-128-128');
INSERT INTO users VALUES (99,'franckfeurtey','43c2276b670afe3d7630e92c59001727','BASIC','franck.feurtey@francetelecom.com','',1,'2005-03-09','','','','');
INSERT INTO users VALUES (100,'montse','9ab5a36fdc510e822433e6adddab4dc2','EXPERT','montserrat.marimon@upf.edu','',2,'2005-05-02','Montserrat Marimon','IULA - UPF','La Rambla, 30-32\r\n08002 Barcelona\r\nSpain','+34 93 5422337');
INSERT INTO users VALUES (101,'cgardent','6ace9155d1bb93893426cdcdf2ad16cd','EXPERT','claire.gardent@loria.fr','',2,'2005-03-25','Claire Gardent','cnrs','LORIA campus scientifique','03 83 59 20 39');
INSERT INTO users VALUES (130,'elisabla','55ddc32963a40c38a2bb194c613c143d','EXPERT','elisabeth.blanchon@club-internet.fr','',1,'2005-09-16','Elisabeth Blanchon','EILA - Jussieu','2 place Jussieu\r\n75006 Paris','0144278296');
INSERT INTO users VALUES (103,'chardet','31f7459209ac0e85c6b8dd22ad16f902','BASIC','chardet@inist.fr','',2,'2005-04-11','','','','');
INSERT INTO users VALUES (104,'villaume','9a4d1316bf6d5adbc9383b16d34b15f6','BASIC','michel.villaume@inist.fr','',1,'2005-04-07','','','','');
INSERT INTO users VALUES (109,'ide','bd3c954b94bde35d02ac6cc6fb974ed0','BASIC','ide@cs.vassar.edu','',1,'2005-07-30','','','','');
INSERT INTO users VALUES (129,'korterm','806cd21eb470b5b2a7443f4d720a11f4','EXPERT','Key-Sun.Choi@kaist.ac.kr','',1,'2005-08-23','Key-Sun Choi','KAIST, Korterm','Computer Science Deparment\r\nKAIST\r\n373-1 Guseong-dong Yuseong-gu\r\nDaejeon 305-701\r\nKorea, South','+82-42-869-3525');
INSERT INTO users VALUES (111,'wtaeger','8a7fc09a010cc35bc248349a87feedc2','EXPERT','wolfgang.taeger@gmx.de','',2,'2005-04-11','Wolfgang Taeger','European Patent Office','Landsberger Str. 20\r\n80339 München','+49 (89) 2399 6957');
INSERT INTO users VALUES (112,'bhlee12g','b486ed0b3aa643fbe46aa2962aea64be','BASIC','bhlee@kisti.re.kr','',1,'2005-04-11','','','','');
INSERT INTO users VALUES (113,'kschoi','d0a41075b385bbe712830f05ad577449','EXPERT','kschoi@cs.kaist.ac.kr','',1,'2005-04-11','Key-Sun Choi','KAIST, Korterm','Computer Science Dept. KAIST\r\n373-1 Guseong-dong Yuseong-gu\r\nDaejeon 305-701 Korea','+82-42-869-3525');
INSERT INTO users VALUES (116,'mip','8e1e1ee873ff93b372a0876205900d4f','EXPERT','attinger@noos.fr','',7,'2005-05-26','Michel Porchet','MSH Paris Nord','122 rue de Belleville\r\n75020 Paris\r\nFrance','0143669928');
INSERT INTO users VALUES (117,'merpeltje','66ae05ea6df5009fa49ecd3e90a1b128','BASIC','m.g.j.vanerp@uvt.nl','',12,'2005-08-21','','','','');
INSERT INTO users VALUES (118,'cylu','59e44fc9355c87a1a89dc85e9651e0fe','EXPERT','cylu@ncnu.edu.tw','',1,'2005-05-25','ChengYu (Rick) LU','National ChiNan University, Taiwan','#1, University Rd. Puli, Nantou, Taiwan, R.O.C.','+886913267916');
INSERT INTO users VALUES (119,'schneider','12b3638553c1f4a535a047e7003d9ac4','EXPERT','schneist@inist.fr','',16,'2005-12-06','schneider','inist','Nancy','0383504600');
INSERT INTO users VALUES (128,'jyhoh','fc58c2b62163b75889559d58829f5e4e','EXPERT','vector2k@gmail.com','',1,'2005-08-23','Hoh, Jun Yong','KATS / IGHR','2-1401 Sungwon Apt, UI-Dong, Gangbuk-Gu, 142-871 Seoul Korea','+82 2 994 3552');
INSERT INTO users VALUES (127,'couchet','75729a7179bdf6da0b445dc2e126aaad','BASIC','couchet@inist.fr','',2,'2006-07-04','','','','');
INSERT INTO users VALUES (122,'fatma','d901152c08e1f6882127a6b4be7d5c7b','BASIC','fatma.chaari@laposte.net','',9,'2006-06-15','','','','');
INSERT INTO users VALUES (123,'mandy','350bbc64ac8d5f455778d00b4de528f6','EXPERT','a.schiffrin@gmail.com','',26,'2006-08-10','Amanda SCHIFFRIN','','','');
INSERT INTO users VALUES (125,'rick','555183669058fb273008595a9393d628','EXPERT','cylu@ncnu.edu.tw','',11,'2005-08-24','RIck Lu','Loria','LORIA - Campus Scientifique - BP 239 - 54506 Vandoeuvre-lès-Nancy Cedex','+33 3 83 59 30 00');
INSERT INTO users VALUES (133,'maridje','2f813bfe692a4046de81b6df5343a794','BASIC','marivl@hotmail.fr','',2,'2005-11-08','Marie','','Paris','0870310847');
INSERT INTO users VALUES (134,'nomine','41f362c268a4c2e9a719ae6687c33fab','EXPERT','jean-francois.nomine@inist.fr','',3,'2005-10-07','Jean-François Nominé','INIST-CNRS','2 ALLEE DU PARC DE BRABOIS*\r\nF-54000 NANCY','+33(0)3 83 50 47 83');
INSERT INTO users VALUES (135,'sheffield','bc05aa68a3b282021a5087486e5ab966','EXPERT','j.nioche@sheffield.ac.uk','',24,'2006-02-23','Julien Nioche','University of Sheffield','NLP Group\r\nThe Department of Computer Science\r\nRegent Court\r\n211 Portobello Street\r\nSheffield, S1 4D','+44 (0) 114 22 21927');
INSERT INTO users VALUES (136,'smrz','84bed331f3ff35b6ee6c53f65a429815','EXPERT','Pavel.Smrz@gmail.com','',1,'2005-10-25','Pavel Smrz','Faculty of Information Technology, Brno University of Technology','Bozetechova 2\r\n61266 Brno\r\nCzech Republic','+420 541 141 282');
INSERT INTO users VALUES (137,'lcarlson','dbf531fbe21728eb92d8d7cbfe35fd92','EXPERT','lauri.carlson@helsinki.fi','',1,'2005-10-25','Lauri Carlson','University of Helsinki','Department of Linguistics\r\nFIN-00014 University of Helsinki','+358 9 1912 9301');
INSERT INTO users VALUES (138,'user','c7ad65cca882990e20a2486ce699929f','EXPERT','noureddine_loukil@yahoo.fr','',1,'2005-10-30','Noureddine Loukil','LARIM LORIA','13 Centre Postal Public Mkz Aerwi MKZ Chihia Sfax 3041','00 216 74 261 736 / 00 216 609 717');
INSERT INTO users VALUES (140,'Folkert','fbc255417cf5e2a00bbbbcdfe29d206f','BASIC','f.devriend@let.ru.nl',NULL,3,'2006-03-02',NULL,NULL,NULL,NULL);
INSERT INTO users VALUES (143,'danielagarcia','4fab890562b934b0de125826d500fd81','EXPERT','daniela.garcia@edf.fr','',8,'2006-05-31','Daniela GARCIA','EDF R&D','EDF R&D\r\n1 avenue du Général-De-Gaulle\r\n92141 Clamart Cedex','01 47 65 37 44');
INSERT INTO users VALUES (144,'jmrenders','c4adc3c101194f80fb385dc73548ebac','EXPERT','jean-michel.renders@xrce.xerox.com','',1,'2006-05-22','Jean-Michel RENDERS','Xerox Research Centre Europe','6, chemin de Maupertuis\r\n38240 Meylan','+33 476 615002');
INSERT INTO users VALUES (145,'adamp','9aa3357658c3e57797a724ccf11cc72e','EXPERT','adamp@ipipan.waw.pl','',1,'2006-05-19','Adam Przepiórkowski','Institue of Computer Science, Polish Academy of Sciences','ul. Ordona 21\r\n01-237 Warszawa\r\nPoland','(+48 22) 8362841');
INSERT INTO users VALUES (146,'odileDevismes','5b6cf20aae429646eee34ce595cb114a','BASIC','odile.de-vismes@edf.fr','',2,'2006-05-31','','','','');
INSERT INTO users VALUES (147,'mehdi','87de4881c723d3290ee3e6d56b6b3a33','EXPERT','tel_mmm@yahoo.fr','',6,'2006-06-20','MALIK','LIF- University of Marseille','166 Av de Luminy, Marseille','0491829358');
INSERT INTO users VALUES (148,'jeanr','d000aabb4fec97598fc4973db44dad52','BASIC','jean.royaute@lif.univ-mrs.fr','',1,'2006-05-31','','','','');
INSERT INTO users VALUES (149,'Quochi','278c0d237e86916d91e981592698b1a5','BASIC','valeria.quochi@ilc.cnr.it','',1,'2006-06-01','','','','');
INSERT INTO users VALUES (150,'letovice','a79521bd3e3a8d2e41953874637756ef','EXPERT','fk.schaefer@t-online.de','',1,'2006-06-04','Franz Schefer','University Koeln, Germany','Allensteiner Str. 2, 50997 Koeln, Germany','0049-2233-922140');
INSERT INTO users VALUES (151,'franz','9f11c963998341c56ea1e8ad4157a0d5','BASIC','fk.schaefer@t-online.de','',2,'2006-06-07','','','','');
INSERT INTO users VALUES (152,'chantalE','d6d2e7403c545711da22ffccdcb6fc98','EXPERT','chantal.enguehard@univ-nantes.fr','',1,'2006-06-12','Enguehard','University of Nantes','LINA\r\n2, rue de la Houssinière\r\nBP 92208\r\n44322 Nantes Cedex 03\r\nFrance','02 51 12 58 55');
INSERT INTO users VALUES (154,'declerck','403f81a9fc2ee37ac0ad9ea41a72de1e','EXPERT','declerck@dfki.de','',1,'2006-06-16','Declerck Thierry','DFKI GmbH','Stulsatzenhasuweg, 3\r\nD-66123 Saarbruecken','00496813025358');
INSERT INTO users VALUES (155,'dbjones','ddba5465d97ada26fb6b59bbdfd46ff3','BASIC','d.b.jones@bangor.ac.uk','',1,'2006-06-20','Dewi Bryn Jones','','Language Tecnologies (Canolfan Bedwyr),\r\nUniversity of Wales, \r\nBangor\r\nUK.\r\n','+441248383425');
INSERT INTO users VALUES (156,'adam','9377d293d8f9c42f851453f772c4089e','EXPERT','a.funk@dcs.shef.ac.uk','',1,'2006-06-20','Adam Funk','University of Sheffield','Dept of Computer Science\r\nRegent Court\r\nSheffield\r\nS10 2TN\r\nUK','none');
INSERT INTO users VALUES (157,'aida','01b6c5a8373b4fdf8aeaa006060e07cc','EXPERT','aida_khemakhem@yahoo.fr','',1,'2006-06-23','Aïda','Laboratoire MIRACLE','Route de l\'Aérodrome km 4,5 \r\nBP 1088-3018 Sfax, Tunisie','98 21 30 35');
INSERT INTO users VALUES (158,'GerardM','0ac812376ae710ed5f90165b492289d6','EXPERT','gerard.meijssen@gmail.com','',2,'2006-06-24','Gerard Meijssen','WiktionaryZ project','Olstgracht 51\r\n1315 BH Almere\r\nNederland','036-8446603');
INSERT INTO users VALUES (159,'KH','6077ba4399bbcc4b732e6a0da6c3462e','EXPERT','hasida@i-content.org','',19,'2006-08-22','KH','AIST','Tokyo','+81-3-5298-4728');
INSERT INTO users VALUES (160,'tuukuop','dd05e52ab696d9fc00916659fc7a72de','EXPERT','tuula.kuoppala@tsk.fi','',3,'2006-07-06','kuoppala','The Finnish Terminology Center','Albertinkatu 23 A 12,\r\n00120 Helsinki,\r\nFinland','+358 9 2709 1064');
INSERT INTO users VALUES (161,'kaseppal','d148a9ea97290c6324e57187e33dec3d','EXPERT','katri.seppala@tsk.fi','',1,'2006-07-06','Katri Seppälä','Finnish Terminology Centre TSK','Albertinkatu 23 A 12\r\nFI-00120 Helsinki\r\nFinland','+358-9-27091063');
INSERT INTO users VALUES (162,'klee','736c40ae33645ed84303c20f360cd511','EXPERT','klee@korea.ac.kr','',1,'2006-08-22','Kiyong Lee','Korea University','#23-202 Sinbanpo 3-cha Apts\r\nBanpo 2-dong, Seocho-gu\r\nSeoul 137-767\r\nSouth Korea','');
INSERT INTO users VALUES (163,'jacrin','60447db44b59d57aa18935d288f023cb','EXPERT','jacquelijn.ringersma@mpi.nl','',3,'2006-08-23','Jacquelijn Ringersma','MPI','Wundtlaan 1, 6525 XD Nijmegen, Netherlands',' 	+31-24-3521102');
INSERT INTO users VALUES (164,'keck','02e40659c5c2b5fd9f4389800bc66e88','EXPERT','kdkeck@lbl.gov','',2,'2006-08-23','Kevin D. Keck','Lawrence Berkeley National Lab','30 St Felix St, Apt 1C\r\nBrooklyn, NY  11217\r\nUSA','646-257-2075');
INSERT INTO users VALUES (165,'hsolbrig','d418873686533f200ecee91cdcd59abc','EXPERT','hsolbrig@apelon.com','',4,'2007-01-25','Harold Solbrig','Apelon, Inc.','781 Shenandoah Ln NW\r\nRochester, MN 55901','1-507-993-0269');
INSERT INTO users VALUES (166,'prevot','e0c885cd78fce2f6957364c85fceae70','EXPERT','prevot@gate.sinica.edu.tw','',1,'2006-09-25','PREVOT','Academia Sinica','Institute of Linguistics, Academia Sinica\r\nNankang, Taipei, Taiwan 115','886-2-2786-3300#324');
INSERT INTO users VALUES (167,'denis','0a2a1be737b3228e9f1c527ab62ec9d0','EXPERT','denis@loria.fr','',8,'2006-10-05','Alexandre Denis','LORIA','LORIA - Campus Scientifique - BP 239 - 54506 Vandoeuvre-lès-Nancy Cedex','0383592047');
INSERT INTO users VALUES (168,'gaiffe','22760be3abfffd966ca180e79b27bcba','EXPERT','gaiffe@loria.fr','',2,'2006-09-27','Bertrand Gaiffe','Loria','BP 239\r\n54506 vandoeuvre','03 83 59 20 34');
INSERT INTO users VALUES (169,'roidepic','52fe18dc9032367f1b6ec8853c07930e','BASIC','rdk2xlw8810x2s0@jetable.net','',1,'2006-09-28','','','','');
INSERT INTO users VALUES (170,'take','b34c9a1cee4de75e090cfc6064bec71c','BASIC','take@cl.cs.titech.ac.jp','',0,NULL,'','','','');
INSERT INTO users VALUES (171,'sylvi1','ca8278e6913c48deeb2a75120e5d7c4e','EXPERT','sylvieatd@aol.com','',1,'2006-10-09','Dalb','ATD','127 Rue Amelot F-75011 Paris','0142771818');
INSERT INTO users VALUES (172,'peterwittenburg','1ad7b3af88b2b5656eba03b0da753405','BASIC','peter.wittenburg@mpi.nl','',1,'2006-11-09','','','','');
INSERT INTO users VALUES (173,'eshayan','a9a953021bcda9fe2a38fa6880789340','BASIC','eshayan@gmail.com','',0,NULL,'','','','');
INSERT INTO users VALUES (174,'boydm','c7b523824ffefed175721d928497fd70','BASIC','boydm@vjf.cnrs.fr','',0,NULL,'','','','');
INSERT INTO users VALUES (175,'pedrop','111d5f5b8f5fe7deaf36bdc7580b4829','EXPERT','pedrotraductor@gmail.com','',1,'2006-12-20','Pedro Patiño','Universitat Pompeu Fabra','INSTITUT UNIVERSITARI DE LINGÜÍSTICA APLICADA - UNIVERSITAT POMPEU FABRA, Pl. de la Mercè 10-12,','+34935422334');
INSERT INTO users VALUES (176,'mnoras','9a11e233c039ddc93b95a1cef87c77d8','BASIC','noras@lifc.univ-fcomte.fr','',1,'2006-12-20','','','','');
INSERT INTO users VALUES (177,'marckemps','1867ab5533fd9c9215812727bf2fed23','EXPERT','marc.kemps-snijders@mpi.nl','',2,'2007-01-11','Marc Kemps-Snijders','Max Planck Institute for Psycholinguistics','Wundtlaan 1\r\n6525 XD Nijmegen\r\nThe Netherlands\r\n','(+31) (0)24 - 3521911');
INSERT INTO users VALUES (178,'mwindhouwer','ca7e8d91ce35a53dc58bdcaac2cb7a2e','BASIC','M.A.Windhouwer@uva.nl','',1,'2007-01-10','','','','');
INSERT INTO users VALUES (179,'MariSuhonen','cb4eec00ef07eedd9b07228a246c3082','BASIC','mari.suhonen@tsk.fi','',1,'2007-01-02','','','','');
INSERT INTO users VALUES (180,'bbouchou','733aeefe9a9961c6d4b12c94fe78fd61','BASIC','beatrice.bouchou@univ-tours.fr','',1,'2007-01-12','','','','');
INSERT INTO users VALUES (181,'27662766','49649d7e6827f5b86de3326de9d0d04c','BASIC','martin_nebe@yahoo.com','',1,'2007-01-17','','','','');
INSERT INTO users VALUES (182,'mehdiba','4f7966e45ca6ced73ef3c09d85d89cc4','EXPERT','mehdi_frd@yahoo.fr','',3,'2007-01-31','Mehdi Ben Abderrahmen','ReDCAD','Cite Habib I, Rue Albanie, N°45, Sfax, 3052. TUNISIE','+21623566230');

--
-- Table structure for table `ws`
--

CREATE TABLE ws (
  WS_id integer NOT NULL,
  WS_User_id integer NOT NULL default '0',
  WS_name varchar(100) default NULL,
  WS_nouveau integer NOT NULL default '0',
  PRIMARY KEY (WS_id)
);

--
-- Dumping data for table `ws`
--

INSERT INTO ws VALUES (51,95,'toto',0);
INSERT INTO ws VALUES (27,14,'MorphologicalFeaturesExcludingCases',0);
INSERT INTO ws VALUES (22,2,'Treetagger',0);
INSERT INTO ws VALUES (21,2,'CODEXTERM',0);
INSERT INTO ws VALUES (20,2,'Proteus',0);
INSERT INTO ws VALUES (26,14,'PartOfSpeech',0);
INSERT INTO ws VALUES (31,9,'finished',0);
INSERT INTO ws VALUES (32,76,'BJ_TestDCS_1',0);
INSERT INTO ws VALUES (34,49,'Reference',0);
INSERT INTO ws VALUES (36,2,'WorldTrek',0);
INSERT INTO ws VALUES (41,1,'Dublin Core',0);
INSERT INTO ws VALUES (52,123,'Dialogue Act Annotation Framework',0);
INSERT INTO ws VALUES (43,94,'mlif',0);
INSERT INTO ws VALUES (65,4,'Wiktionary',0);
INSERT INTO ws VALUES (46,1,'link',0);
INSERT INTO ws VALUES (47,14,'Cases',0);
INSERT INTO ws VALUES (48,33,'Descriptives datcat for DCR',0);
INSERT INTO ws VALUES (50,87,'monica',0);
INSERT INTO ws VALUES (54,49,'PartOfSpeech',0);
INSERT INTO ws VALUES (60,35,'MetaData',0);
INSERT INTO ws VALUES (57,33,'Warsaw2005',0);
INSERT INTO ws VALUES (58,2,'transaction',0);
INSERT INTO ws VALUES (61,4,'NewL10nDatcats',0);
INSERT INTO ws VALUES (80,1,'MLIF',0);
INSERT INTO ws VALUES (63,4,'language',0);
INSERT INTO ws VALUES (66,14,'Operations',0);
INSERT INTO ws VALUES (67,154,'SyntacticallyMotivated',0);
INSERT INTO ws VALUES (69,14,'Basics',0);
INSERT INTO ws VALUES (72,14,'FormRelated',0);
INSERT INTO ws VALUES (84,177,'test',0);
INSERT INTO ws VALUES (77,123,'Temporal Annotation Framework',0);
INSERT INTO ws VALUES (75,14,'RegisterDatingFrequency',0);
INSERT INTO ws VALUES (78,123,'Semantic Role Annotation Framework',0);
INSERT INTO ws VALUES (79,1,'TV-Anytime',0);
INSERT INTO ws VALUES (81,47,'Discourse Relation',0);

--
-- Table structure for table `wsdatcat`
--

CREATE TABLE wsdatcat (
  WS_id integer NOT NULL default '0',
  CE_id integer NOT NULL default '0',
  PRIMARY KEY  (WS_id,CE_id)
);

--
-- Dumping data for table `wsdatcat`
--

INSERT INTO wsdatcat VALUES (20,1465);
INSERT INTO wsdatcat VALUES (21,1469);
INSERT INTO wsdatcat VALUES (21,1482);
INSERT INTO wsdatcat VALUES (21,1484);
INSERT INTO wsdatcat VALUES (21,1486);
INSERT INTO wsdatcat VALUES (21,1487);
INSERT INTO wsdatcat VALUES (21,1490);
INSERT INTO wsdatcat VALUES (21,1491);
INSERT INTO wsdatcat VALUES (21,1494);
INSERT INTO wsdatcat VALUES (26,1230);
INSERT INTO wsdatcat VALUES (26,1231);
INSERT INTO wsdatcat VALUES (26,1232);
INSERT INTO wsdatcat VALUES (26,1244);
INSERT INTO wsdatcat VALUES (26,1248);
INSERT INTO wsdatcat VALUES (26,1249);
INSERT INTO wsdatcat VALUES (26,1250);
INSERT INTO wsdatcat VALUES (26,1256);
INSERT INTO wsdatcat VALUES (26,1260);
INSERT INTO wsdatcat VALUES (26,1262);
INSERT INTO wsdatcat VALUES (26,1263);
INSERT INTO wsdatcat VALUES (26,1269);
INSERT INTO wsdatcat VALUES (26,1270);
INSERT INTO wsdatcat VALUES (26,1272);
INSERT INTO wsdatcat VALUES (26,1284);
INSERT INTO wsdatcat VALUES (26,1285);
INSERT INTO wsdatcat VALUES (26,1307);
INSERT INTO wsdatcat VALUES (26,1308);
INSERT INTO wsdatcat VALUES (26,1309);
INSERT INTO wsdatcat VALUES (26,1318);
INSERT INTO wsdatcat VALUES (26,1320);
INSERT INTO wsdatcat VALUES (26,1321);
INSERT INTO wsdatcat VALUES (26,1329);
INSERT INTO wsdatcat VALUES (26,1333);
INSERT INTO wsdatcat VALUES (26,1334);
INSERT INTO wsdatcat VALUES (26,1338);
INSERT INTO wsdatcat VALUES (26,1342);
INSERT INTO wsdatcat VALUES (26,1344);
INSERT INTO wsdatcat VALUES (26,1345);
INSERT INTO wsdatcat VALUES (26,1356);
INSERT INTO wsdatcat VALUES (26,1357);
INSERT INTO wsdatcat VALUES (26,1359);
INSERT INTO wsdatcat VALUES (26,1360);
INSERT INTO wsdatcat VALUES (26,1366);
INSERT INTO wsdatcat VALUES (26,1370);
INSERT INTO wsdatcat VALUES (26,1371);
INSERT INTO wsdatcat VALUES (26,1372);
INSERT INTO wsdatcat VALUES (26,1377);
INSERT INTO wsdatcat VALUES (26,1378);
INSERT INTO wsdatcat VALUES (26,1379);
INSERT INTO wsdatcat VALUES (26,1380);
INSERT INTO wsdatcat VALUES (26,1382);
INSERT INTO wsdatcat VALUES (26,1390);
INSERT INTO wsdatcat VALUES (26,1393);
INSERT INTO wsdatcat VALUES (26,1400);
INSERT INTO wsdatcat VALUES (26,1414);
INSERT INTO wsdatcat VALUES (26,1423);
INSERT INTO wsdatcat VALUES (26,1424);
INSERT INTO wsdatcat VALUES (26,1426);
INSERT INTO wsdatcat VALUES (26,1428);
INSERT INTO wsdatcat VALUES (26,1429);
INSERT INTO wsdatcat VALUES (26,1430);
INSERT INTO wsdatcat VALUES (26,1431);
INSERT INTO wsdatcat VALUES (26,1432);
INSERT INTO wsdatcat VALUES (26,1433);
INSERT INTO wsdatcat VALUES (26,1435);
INSERT INTO wsdatcat VALUES (26,1436);
INSERT INTO wsdatcat VALUES (26,1437);
INSERT INTO wsdatcat VALUES (26,1438);
INSERT INTO wsdatcat VALUES (26,1439);
INSERT INTO wsdatcat VALUES (26,1440);
INSERT INTO wsdatcat VALUES (26,1441);
INSERT INTO wsdatcat VALUES (26,1442);
INSERT INTO wsdatcat VALUES (26,1443);
INSERT INTO wsdatcat VALUES (26,1444);
INSERT INTO wsdatcat VALUES (26,1445);
INSERT INTO wsdatcat VALUES (26,1446);
INSERT INTO wsdatcat VALUES (26,1447);
INSERT INTO wsdatcat VALUES (26,1448);
INSERT INTO wsdatcat VALUES (26,1463);
INSERT INTO wsdatcat VALUES (26,1477);
INSERT INTO wsdatcat VALUES (26,1596);
INSERT INTO wsdatcat VALUES (26,1597);
INSERT INTO wsdatcat VALUES (26,1598);
INSERT INTO wsdatcat VALUES (26,1886);
INSERT INTO wsdatcat VALUES (26,1888);
INSERT INTO wsdatcat VALUES (26,1889);
INSERT INTO wsdatcat VALUES (26,1890);
INSERT INTO wsdatcat VALUES (26,1891);
INSERT INTO wsdatcat VALUES (26,1892);
INSERT INTO wsdatcat VALUES (26,1894);
INSERT INTO wsdatcat VALUES (26,1895);
INSERT INTO wsdatcat VALUES (26,1896);
INSERT INTO wsdatcat VALUES (26,1897);
INSERT INTO wsdatcat VALUES (26,1898);
INSERT INTO wsdatcat VALUES (26,1899);
INSERT INTO wsdatcat VALUES (26,1900);
INSERT INTO wsdatcat VALUES (26,1901);
INSERT INTO wsdatcat VALUES (26,1906);
INSERT INTO wsdatcat VALUES (26,1917);
INSERT INTO wsdatcat VALUES (26,1918);
INSERT INTO wsdatcat VALUES (26,1919);
INSERT INTO wsdatcat VALUES (26,1920);
INSERT INTO wsdatcat VALUES (26,1921);
INSERT INTO wsdatcat VALUES (26,1922);
INSERT INTO wsdatcat VALUES (26,1923);
INSERT INTO wsdatcat VALUES (26,1924);
INSERT INTO wsdatcat VALUES (26,1925);
INSERT INTO wsdatcat VALUES (26,1934);
INSERT INTO wsdatcat VALUES (26,1935);
INSERT INTO wsdatcat VALUES (26,1936);
INSERT INTO wsdatcat VALUES (26,1937);
INSERT INTO wsdatcat VALUES (26,1938);
INSERT INTO wsdatcat VALUES (26,1939);
INSERT INTO wsdatcat VALUES (26,1940);
INSERT INTO wsdatcat VALUES (26,1941);
INSERT INTO wsdatcat VALUES (26,2075);
INSERT INTO wsdatcat VALUES (26,2076);
INSERT INTO wsdatcat VALUES (26,2077);
INSERT INTO wsdatcat VALUES (26,2078);
INSERT INTO wsdatcat VALUES (26,2079);
INSERT INTO wsdatcat VALUES (26,2080);
INSERT INTO wsdatcat VALUES (26,2081);
INSERT INTO wsdatcat VALUES (26,2082);
INSERT INTO wsdatcat VALUES (26,2083);
INSERT INTO wsdatcat VALUES (26,2084);
INSERT INTO wsdatcat VALUES (26,2085);
INSERT INTO wsdatcat VALUES (26,2086);
INSERT INTO wsdatcat VALUES (26,2087);
INSERT INTO wsdatcat VALUES (26,2088);
INSERT INTO wsdatcat VALUES (27,1227);
INSERT INTO wsdatcat VALUES (27,1240);
INSERT INTO wsdatcat VALUES (27,1242);
INSERT INTO wsdatcat VALUES (27,1254);
INSERT INTO wsdatcat VALUES (27,1258);
INSERT INTO wsdatcat VALUES (27,1286);
INSERT INTO wsdatcat VALUES (27,1287);
INSERT INTO wsdatcat VALUES (27,1288);
INSERT INTO wsdatcat VALUES (27,1291);
INSERT INTO wsdatcat VALUES (27,1297);
INSERT INTO wsdatcat VALUES (27,1298);
INSERT INTO wsdatcat VALUES (27,1304);
INSERT INTO wsdatcat VALUES (27,1305);
INSERT INTO wsdatcat VALUES (27,1312);
INSERT INTO wsdatcat VALUES (27,1328);
INSERT INTO wsdatcat VALUES (27,1332);
INSERT INTO wsdatcat VALUES (27,1341);
INSERT INTO wsdatcat VALUES (27,1346);
INSERT INTO wsdatcat VALUES (27,1347);
INSERT INTO wsdatcat VALUES (27,1350);
INSERT INTO wsdatcat VALUES (27,1352);
INSERT INTO wsdatcat VALUES (27,1354);
INSERT INTO wsdatcat VALUES (27,1355);
INSERT INTO wsdatcat VALUES (27,1367);
INSERT INTO wsdatcat VALUES (27,1376);
INSERT INTO wsdatcat VALUES (27,1384);
INSERT INTO wsdatcat VALUES (27,1387);
INSERT INTO wsdatcat VALUES (27,1402);
INSERT INTO wsdatcat VALUES (27,1407);
INSERT INTO wsdatcat VALUES (27,1413);
INSERT INTO wsdatcat VALUES (27,1416);
INSERT INTO wsdatcat VALUES (27,1417);
INSERT INTO wsdatcat VALUES (27,1419);
INSERT INTO wsdatcat VALUES (27,1420);
INSERT INTO wsdatcat VALUES (27,1421);
INSERT INTO wsdatcat VALUES (27,1422);
INSERT INTO wsdatcat VALUES (27,1425);
INSERT INTO wsdatcat VALUES (27,1427);
INSERT INTO wsdatcat VALUES (27,1558);
INSERT INTO wsdatcat VALUES (27,1839);
INSERT INTO wsdatcat VALUES (27,1843);
INSERT INTO wsdatcat VALUES (27,1844);
INSERT INTO wsdatcat VALUES (27,1879);
INSERT INTO wsdatcat VALUES (27,1880);
INSERT INTO wsdatcat VALUES (27,1883);
INSERT INTO wsdatcat VALUES (27,1884);
INSERT INTO wsdatcat VALUES (27,1885);
INSERT INTO wsdatcat VALUES (27,1893);
INSERT INTO wsdatcat VALUES (27,1902);
INSERT INTO wsdatcat VALUES (27,1903);
INSERT INTO wsdatcat VALUES (27,1911);
INSERT INTO wsdatcat VALUES (27,1912);
INSERT INTO wsdatcat VALUES (27,1915);
INSERT INTO wsdatcat VALUES (27,1926);
INSERT INTO wsdatcat VALUES (27,1927);
INSERT INTO wsdatcat VALUES (27,1928);
INSERT INTO wsdatcat VALUES (27,1929);
INSERT INTO wsdatcat VALUES (27,1930);
INSERT INTO wsdatcat VALUES (27,1931);
INSERT INTO wsdatcat VALUES (27,1932);
INSERT INTO wsdatcat VALUES (27,1933);
INSERT INTO wsdatcat VALUES (27,1943);
INSERT INTO wsdatcat VALUES (27,1944);
INSERT INTO wsdatcat VALUES (27,1945);
INSERT INTO wsdatcat VALUES (27,1946);
INSERT INTO wsdatcat VALUES (27,1948);
INSERT INTO wsdatcat VALUES (27,1949);
INSERT INTO wsdatcat VALUES (27,1950);
INSERT INTO wsdatcat VALUES (27,1951);
INSERT INTO wsdatcat VALUES (27,1952);
INSERT INTO wsdatcat VALUES (27,1953);
INSERT INTO wsdatcat VALUES (27,1954);
INSERT INTO wsdatcat VALUES (27,1983);
INSERT INTO wsdatcat VALUES (27,2000);
INSERT INTO wsdatcat VALUES (27,2001);
INSERT INTO wsdatcat VALUES (27,2002);
INSERT INTO wsdatcat VALUES (27,2004);
INSERT INTO wsdatcat VALUES (27,2005);
INSERT INTO wsdatcat VALUES (27,2197);
INSERT INTO wsdatcat VALUES (31,1496);
INSERT INTO wsdatcat VALUES (34,1503);
INSERT INTO wsdatcat VALUES (34,1504);
INSERT INTO wsdatcat VALUES (34,1505);
INSERT INTO wsdatcat VALUES (34,1506);
INSERT INTO wsdatcat VALUES (34,1507);
INSERT INTO wsdatcat VALUES (34,1508);
INSERT INTO wsdatcat VALUES (34,1509);
INSERT INTO wsdatcat VALUES (34,1510);
INSERT INTO wsdatcat VALUES (34,1511);
INSERT INTO wsdatcat VALUES (34,1512);
INSERT INTO wsdatcat VALUES (34,1513);
INSERT INTO wsdatcat VALUES (34,1514);
INSERT INTO wsdatcat VALUES (34,1515);
INSERT INTO wsdatcat VALUES (34,1516);
INSERT INTO wsdatcat VALUES (34,1517);
INSERT INTO wsdatcat VALUES (34,1518);
INSERT INTO wsdatcat VALUES (34,1519);
INSERT INTO wsdatcat VALUES (34,1520);
INSERT INTO wsdatcat VALUES (34,1521);
INSERT INTO wsdatcat VALUES (34,1522);
INSERT INTO wsdatcat VALUES (34,1523);
INSERT INTO wsdatcat VALUES (34,1524);
INSERT INTO wsdatcat VALUES (34,1525);
INSERT INTO wsdatcat VALUES (34,1676);
INSERT INTO wsdatcat VALUES (36,1602);
INSERT INTO wsdatcat VALUES (36,1603);
INSERT INTO wsdatcat VALUES (36,1604);
INSERT INTO wsdatcat VALUES (36,1651);
INSERT INTO wsdatcat VALUES (36,1664);
INSERT INTO wsdatcat VALUES (41,1577);
INSERT INTO wsdatcat VALUES (41,1578);
INSERT INTO wsdatcat VALUES (41,1579);
INSERT INTO wsdatcat VALUES (41,1580);
INSERT INTO wsdatcat VALUES (41,1581);
INSERT INTO wsdatcat VALUES (41,1582);
INSERT INTO wsdatcat VALUES (41,1583);
INSERT INTO wsdatcat VALUES (41,1584);
INSERT INTO wsdatcat VALUES (41,1585);
INSERT INTO wsdatcat VALUES (41,1586);
INSERT INTO wsdatcat VALUES (41,1587);
INSERT INTO wsdatcat VALUES (41,1588);
INSERT INTO wsdatcat VALUES (41,1589);
INSERT INTO wsdatcat VALUES (41,1590);
INSERT INTO wsdatcat VALUES (41,1591);
INSERT INTO wsdatcat VALUES (41,1627);
INSERT INTO wsdatcat VALUES (41,1628);
INSERT INTO wsdatcat VALUES (41,1629);
INSERT INTO wsdatcat VALUES (41,1630);
INSERT INTO wsdatcat VALUES (41,1631);
INSERT INTO wsdatcat VALUES (41,1632);
INSERT INTO wsdatcat VALUES (41,1633);
INSERT INTO wsdatcat VALUES (41,1634);
INSERT INTO wsdatcat VALUES (43,1599);
INSERT INTO wsdatcat VALUES (43,1600);
INSERT INTO wsdatcat VALUES (43,1601);
INSERT INTO wsdatcat VALUES (43,1606);
INSERT INTO wsdatcat VALUES (43,1607);
INSERT INTO wsdatcat VALUES (43,1608);
INSERT INTO wsdatcat VALUES (43,1613);
INSERT INTO wsdatcat VALUES (43,1614);
INSERT INTO wsdatcat VALUES (43,1616);
INSERT INTO wsdatcat VALUES (43,1617);
INSERT INTO wsdatcat VALUES (43,1621);
INSERT INTO wsdatcat VALUES (43,1622);
INSERT INTO wsdatcat VALUES (43,1623);
INSERT INTO wsdatcat VALUES (43,1624);
INSERT INTO wsdatcat VALUES (43,1626);
INSERT INTO wsdatcat VALUES (43,1638);
INSERT INTO wsdatcat VALUES (43,1639);
INSERT INTO wsdatcat VALUES (43,1640);
INSERT INTO wsdatcat VALUES (43,1641);
INSERT INTO wsdatcat VALUES (43,1642);
INSERT INTO wsdatcat VALUES (43,1644);
INSERT INTO wsdatcat VALUES (43,1645);
INSERT INTO wsdatcat VALUES (43,1646);
INSERT INTO wsdatcat VALUES (43,1648);
INSERT INTO wsdatcat VALUES (43,1649);
INSERT INTO wsdatcat VALUES (43,1650);
INSERT INTO wsdatcat VALUES (43,1652);
INSERT INTO wsdatcat VALUES (43,1653);
INSERT INTO wsdatcat VALUES (43,1654);
INSERT INTO wsdatcat VALUES (43,1655);
INSERT INTO wsdatcat VALUES (43,1656);
INSERT INTO wsdatcat VALUES (43,1657);
INSERT INTO wsdatcat VALUES (43,1658);
INSERT INTO wsdatcat VALUES (43,1659);
INSERT INTO wsdatcat VALUES (43,1660);
INSERT INTO wsdatcat VALUES (43,1661);
INSERT INTO wsdatcat VALUES (43,1662);
INSERT INTO wsdatcat VALUES (43,1663);
INSERT INTO wsdatcat VALUES (46,1635);
INSERT INTO wsdatcat VALUES (46,1636);
INSERT INTO wsdatcat VALUES (47,1223);
INSERT INTO wsdatcat VALUES (47,1224);
INSERT INTO wsdatcat VALUES (47,1225);
INSERT INTO wsdatcat VALUES (47,1226);
INSERT INTO wsdatcat VALUES (47,1228);
INSERT INTO wsdatcat VALUES (47,1229);
INSERT INTO wsdatcat VALUES (47,1236);
INSERT INTO wsdatcat VALUES (47,1247);
INSERT INTO wsdatcat VALUES (47,1253);
INSERT INTO wsdatcat VALUES (47,1255);
INSERT INTO wsdatcat VALUES (47,1265);
INSERT INTO wsdatcat VALUES (47,1266);
INSERT INTO wsdatcat VALUES (47,1268);
INSERT INTO wsdatcat VALUES (47,1273);
INSERT INTO wsdatcat VALUES (47,1276);
INSERT INTO wsdatcat VALUES (47,1279);
INSERT INTO wsdatcat VALUES (47,1280);
INSERT INTO wsdatcat VALUES (47,1281);
INSERT INTO wsdatcat VALUES (47,1293);
INSERT INTO wsdatcat VALUES (47,1295);
INSERT INTO wsdatcat VALUES (47,1303);
INSERT INTO wsdatcat VALUES (47,1311);
INSERT INTO wsdatcat VALUES (47,1316);
INSERT INTO wsdatcat VALUES (47,1323);
INSERT INTO wsdatcat VALUES (47,1326);
INSERT INTO wsdatcat VALUES (47,1331);
INSERT INTO wsdatcat VALUES (47,1336);
INSERT INTO wsdatcat VALUES (47,1343);
INSERT INTO wsdatcat VALUES (47,1368);
INSERT INTO wsdatcat VALUES (47,1388);
INSERT INTO wsdatcat VALUES (47,1392);
INSERT INTO wsdatcat VALUES (47,1396);
INSERT INTO wsdatcat VALUES (47,1401);
INSERT INTO wsdatcat VALUES (47,1406);
INSERT INTO wsdatcat VALUES (47,1412);
INSERT INTO wsdatcat VALUES (47,1840);
INSERT INTO wsdatcat VALUES (47,2003);
INSERT INTO wsdatcat VALUES (48,1);
INSERT INTO wsdatcat VALUES (48,2);
INSERT INTO wsdatcat VALUES (48,3);
INSERT INTO wsdatcat VALUES (48,4);
INSERT INTO wsdatcat VALUES (48,5);
INSERT INTO wsdatcat VALUES (48,6);
INSERT INTO wsdatcat VALUES (48,7);
INSERT INTO wsdatcat VALUES (48,8);
INSERT INTO wsdatcat VALUES (48,9);
INSERT INTO wsdatcat VALUES (48,10);
INSERT INTO wsdatcat VALUES (48,11);
INSERT INTO wsdatcat VALUES (48,12);
INSERT INTO wsdatcat VALUES (48,13);
INSERT INTO wsdatcat VALUES (48,14);
INSERT INTO wsdatcat VALUES (48,15);
INSERT INTO wsdatcat VALUES (48,16);
INSERT INTO wsdatcat VALUES (48,17);
INSERT INTO wsdatcat VALUES (48,18);
INSERT INTO wsdatcat VALUES (48,19);
INSERT INTO wsdatcat VALUES (48,20);
INSERT INTO wsdatcat VALUES (48,21);
INSERT INTO wsdatcat VALUES (48,22);
INSERT INTO wsdatcat VALUES (48,23);
INSERT INTO wsdatcat VALUES (48,24);
INSERT INTO wsdatcat VALUES (48,25);
INSERT INTO wsdatcat VALUES (48,26);
INSERT INTO wsdatcat VALUES (48,27);
INSERT INTO wsdatcat VALUES (48,28);
INSERT INTO wsdatcat VALUES (48,29);
INSERT INTO wsdatcat VALUES (48,30);
INSERT INTO wsdatcat VALUES (48,31);
INSERT INTO wsdatcat VALUES (48,32);
INSERT INTO wsdatcat VALUES (48,33);
INSERT INTO wsdatcat VALUES (48,34);
INSERT INTO wsdatcat VALUES (48,35);
INSERT INTO wsdatcat VALUES (48,36);
INSERT INTO wsdatcat VALUES (48,37);
INSERT INTO wsdatcat VALUES (48,46);
INSERT INTO wsdatcat VALUES (48,47);
INSERT INTO wsdatcat VALUES (48,48);
INSERT INTO wsdatcat VALUES (48,49);
INSERT INTO wsdatcat VALUES (48,50);
INSERT INTO wsdatcat VALUES (48,52);
INSERT INTO wsdatcat VALUES (48,53);
INSERT INTO wsdatcat VALUES (48,54);
INSERT INTO wsdatcat VALUES (48,55);
INSERT INTO wsdatcat VALUES (48,56);
INSERT INTO wsdatcat VALUES (48,57);
INSERT INTO wsdatcat VALUES (52,1678);
INSERT INTO wsdatcat VALUES (52,2009);
INSERT INTO wsdatcat VALUES (52,2010);
INSERT INTO wsdatcat VALUES (52,2011);
INSERT INTO wsdatcat VALUES (52,2012);
INSERT INTO wsdatcat VALUES (52,2013);
INSERT INTO wsdatcat VALUES (52,2014);
INSERT INTO wsdatcat VALUES (52,2016);
INSERT INTO wsdatcat VALUES (52,2017);
INSERT INTO wsdatcat VALUES (52,2018);
INSERT INTO wsdatcat VALUES (52,2019);
INSERT INTO wsdatcat VALUES (52,2020);
INSERT INTO wsdatcat VALUES (52,2021);
INSERT INTO wsdatcat VALUES (52,2022);
INSERT INTO wsdatcat VALUES (52,2023);
INSERT INTO wsdatcat VALUES (52,2024);
INSERT INTO wsdatcat VALUES (52,2025);
INSERT INTO wsdatcat VALUES (52,2026);
INSERT INTO wsdatcat VALUES (52,2027);
INSERT INTO wsdatcat VALUES (52,2028);
INSERT INTO wsdatcat VALUES (52,2029);
INSERT INTO wsdatcat VALUES (52,2030);
INSERT INTO wsdatcat VALUES (52,2031);
INSERT INTO wsdatcat VALUES (52,2032);
INSERT INTO wsdatcat VALUES (52,2033);
INSERT INTO wsdatcat VALUES (52,2034);
INSERT INTO wsdatcat VALUES (52,2035);
INSERT INTO wsdatcat VALUES (52,2036);
INSERT INTO wsdatcat VALUES (52,2037);
INSERT INTO wsdatcat VALUES (52,2038);
INSERT INTO wsdatcat VALUES (52,2039);
INSERT INTO wsdatcat VALUES (52,2040);
INSERT INTO wsdatcat VALUES (52,2041);
INSERT INTO wsdatcat VALUES (52,2042);
INSERT INTO wsdatcat VALUES (52,2043);
INSERT INTO wsdatcat VALUES (52,2044);
INSERT INTO wsdatcat VALUES (52,2045);
INSERT INTO wsdatcat VALUES (52,2046);
INSERT INTO wsdatcat VALUES (52,2047);
INSERT INTO wsdatcat VALUES (57,1688);
INSERT INTO wsdatcat VALUES (58,1689);
INSERT INTO wsdatcat VALUES (60,1708);
INSERT INTO wsdatcat VALUES (60,1710);
INSERT INTO wsdatcat VALUES (60,1711);
INSERT INTO wsdatcat VALUES (60,1712);
INSERT INTO wsdatcat VALUES (60,1713);
INSERT INTO wsdatcat VALUES (60,1714);
INSERT INTO wsdatcat VALUES (60,1715);
INSERT INTO wsdatcat VALUES (60,1716);
INSERT INTO wsdatcat VALUES (60,1717);
INSERT INTO wsdatcat VALUES (60,1718);
INSERT INTO wsdatcat VALUES (60,1719);
INSERT INTO wsdatcat VALUES (60,1720);
INSERT INTO wsdatcat VALUES (60,1721);
INSERT INTO wsdatcat VALUES (60,1722);
INSERT INTO wsdatcat VALUES (60,1723);
INSERT INTO wsdatcat VALUES (60,1724);
INSERT INTO wsdatcat VALUES (60,1725);
INSERT INTO wsdatcat VALUES (60,1726);
INSERT INTO wsdatcat VALUES (60,1727);
INSERT INTO wsdatcat VALUES (60,1728);
INSERT INTO wsdatcat VALUES (60,1729);
INSERT INTO wsdatcat VALUES (60,1731);
INSERT INTO wsdatcat VALUES (60,1732);
INSERT INTO wsdatcat VALUES (60,1733);
INSERT INTO wsdatcat VALUES (60,1734);
INSERT INTO wsdatcat VALUES (60,1735);
INSERT INTO wsdatcat VALUES (60,1736);
INSERT INTO wsdatcat VALUES (60,1737);
INSERT INTO wsdatcat VALUES (60,1738);
INSERT INTO wsdatcat VALUES (60,1739);
INSERT INTO wsdatcat VALUES (60,1740);
INSERT INTO wsdatcat VALUES (60,1741);
INSERT INTO wsdatcat VALUES (60,1742);
INSERT INTO wsdatcat VALUES (60,1743);
INSERT INTO wsdatcat VALUES (60,1744);
INSERT INTO wsdatcat VALUES (60,1745);
INSERT INTO wsdatcat VALUES (60,1746);
INSERT INTO wsdatcat VALUES (60,1747);
INSERT INTO wsdatcat VALUES (60,1748);
INSERT INTO wsdatcat VALUES (60,1749);
INSERT INTO wsdatcat VALUES (60,1750);
INSERT INTO wsdatcat VALUES (60,1751);
INSERT INTO wsdatcat VALUES (60,1752);
INSERT INTO wsdatcat VALUES (60,1753);
INSERT INTO wsdatcat VALUES (60,1754);
INSERT INTO wsdatcat VALUES (60,1755);
INSERT INTO wsdatcat VALUES (60,1756);
INSERT INTO wsdatcat VALUES (60,1757);
INSERT INTO wsdatcat VALUES (60,1758);
INSERT INTO wsdatcat VALUES (60,1759);
INSERT INTO wsdatcat VALUES (60,1760);
INSERT INTO wsdatcat VALUES (60,1761);
INSERT INTO wsdatcat VALUES (60,1762);
INSERT INTO wsdatcat VALUES (60,1763);
INSERT INTO wsdatcat VALUES (60,1764);
INSERT INTO wsdatcat VALUES (60,1765);
INSERT INTO wsdatcat VALUES (60,1766);
INSERT INTO wsdatcat VALUES (60,1767);
INSERT INTO wsdatcat VALUES (60,1768);
INSERT INTO wsdatcat VALUES (60,1769);
INSERT INTO wsdatcat VALUES (60,1770);
INSERT INTO wsdatcat VALUES (60,1771);
INSERT INTO wsdatcat VALUES (60,1772);
INSERT INTO wsdatcat VALUES (60,1773);
INSERT INTO wsdatcat VALUES (60,1774);
INSERT INTO wsdatcat VALUES (60,1775);
INSERT INTO wsdatcat VALUES (60,1776);
INSERT INTO wsdatcat VALUES (60,1777);
INSERT INTO wsdatcat VALUES (60,1778);
INSERT INTO wsdatcat VALUES (60,1779);
INSERT INTO wsdatcat VALUES (60,1780);
INSERT INTO wsdatcat VALUES (60,1781);
INSERT INTO wsdatcat VALUES (60,1782);
INSERT INTO wsdatcat VALUES (60,1783);
INSERT INTO wsdatcat VALUES (60,1784);
INSERT INTO wsdatcat VALUES (60,1785);
INSERT INTO wsdatcat VALUES (60,1786);
INSERT INTO wsdatcat VALUES (60,1787);
INSERT INTO wsdatcat VALUES (60,1788);
INSERT INTO wsdatcat VALUES (60,1789);
INSERT INTO wsdatcat VALUES (60,1790);
INSERT INTO wsdatcat VALUES (60,1791);
INSERT INTO wsdatcat VALUES (60,1792);
INSERT INTO wsdatcat VALUES (60,1793);
INSERT INTO wsdatcat VALUES (60,1794);
INSERT INTO wsdatcat VALUES (60,1795);
INSERT INTO wsdatcat VALUES (60,1796);
INSERT INTO wsdatcat VALUES (60,1797);
INSERT INTO wsdatcat VALUES (60,1798);
INSERT INTO wsdatcat VALUES (60,1799);
INSERT INTO wsdatcat VALUES (60,1800);
INSERT INTO wsdatcat VALUES (60,1801);
INSERT INTO wsdatcat VALUES (60,1802);
INSERT INTO wsdatcat VALUES (60,1803);
INSERT INTO wsdatcat VALUES (60,1804);
INSERT INTO wsdatcat VALUES (60,1805);
INSERT INTO wsdatcat VALUES (60,1806);
INSERT INTO wsdatcat VALUES (60,1807);
INSERT INTO wsdatcat VALUES (60,1808);
INSERT INTO wsdatcat VALUES (60,1809);
INSERT INTO wsdatcat VALUES (60,1810);
INSERT INTO wsdatcat VALUES (60,1811);
INSERT INTO wsdatcat VALUES (60,1812);
INSERT INTO wsdatcat VALUES (60,1813);
INSERT INTO wsdatcat VALUES (61,1816);
INSERT INTO wsdatcat VALUES (61,1817);
INSERT INTO wsdatcat VALUES (61,1818);
INSERT INTO wsdatcat VALUES (61,1823);
INSERT INTO wsdatcat VALUES (61,1824);
INSERT INTO wsdatcat VALUES (63,386);
INSERT INTO wsdatcat VALUES (63,1605);
INSERT INTO wsdatcat VALUES (66,1271);
INSERT INTO wsdatcat VALUES (66,1277);
INSERT INTO wsdatcat VALUES (66,1418);
INSERT INTO wsdatcat VALUES (66,1829);
INSERT INTO wsdatcat VALUES (66,1830);
INSERT INTO wsdatcat VALUES (66,1831);
INSERT INTO wsdatcat VALUES (66,1832);
INSERT INTO wsdatcat VALUES (66,1834);
INSERT INTO wsdatcat VALUES (66,1835);
INSERT INTO wsdatcat VALUES (66,1848);
INSERT INTO wsdatcat VALUES (66,1849);
INSERT INTO wsdatcat VALUES (66,1860);
INSERT INTO wsdatcat VALUES (66,1861);
INSERT INTO wsdatcat VALUES (66,1873);
INSERT INTO wsdatcat VALUES (66,1979);
INSERT INTO wsdatcat VALUES (66,2093);
INSERT INTO wsdatcat VALUES (66,2094);
INSERT INTO wsdatcat VALUES (66,2174);
INSERT INTO wsdatcat VALUES (66,2179);
INSERT INTO wsdatcat VALUES (66,2180);
INSERT INTO wsdatcat VALUES (66,2181);
INSERT INTO wsdatcat VALUES (66,2198);
INSERT INTO wsdatcat VALUES (66,2199);
INSERT INTO wsdatcat VALUES (66,2200);
INSERT INTO wsdatcat VALUES (66,2201);
INSERT INTO wsdatcat VALUES (66,2202);
INSERT INTO wsdatcat VALUES (66,2203);
INSERT INTO wsdatcat VALUES (66,2204);
INSERT INTO wsdatcat VALUES (67,1243);
INSERT INTO wsdatcat VALUES (67,1257);
INSERT INTO wsdatcat VALUES (67,1261);
INSERT INTO wsdatcat VALUES (67,1274);
INSERT INTO wsdatcat VALUES (67,1275);
INSERT INTO wsdatcat VALUES (67,1292);
INSERT INTO wsdatcat VALUES (67,1294);
INSERT INTO wsdatcat VALUES (67,1296);
INSERT INTO wsdatcat VALUES (67,1306);
INSERT INTO wsdatcat VALUES (67,1310);
INSERT INTO wsdatcat VALUES (67,1319);
INSERT INTO wsdatcat VALUES (67,1322);
INSERT INTO wsdatcat VALUES (67,1337);
INSERT INTO wsdatcat VALUES (67,1348);
INSERT INTO wsdatcat VALUES (67,1351);
INSERT INTO wsdatcat VALUES (67,1353);
INSERT INTO wsdatcat VALUES (67,1369);
INSERT INTO wsdatcat VALUES (67,1373);
INSERT INTO wsdatcat VALUES (67,1386);
INSERT INTO wsdatcat VALUES (67,1391);
INSERT INTO wsdatcat VALUES (67,1394);
INSERT INTO wsdatcat VALUES (67,1397);
INSERT INTO wsdatcat VALUES (67,1399);
INSERT INTO wsdatcat VALUES (67,1404);
INSERT INTO wsdatcat VALUES (67,1405);
INSERT INTO wsdatcat VALUES (67,1410);
INSERT INTO wsdatcat VALUES (67,1411);
INSERT INTO wsdatcat VALUES (67,1838);
INSERT INTO wsdatcat VALUES (67,1841);
INSERT INTO wsdatcat VALUES (67,1842);
INSERT INTO wsdatcat VALUES (67,1856);
INSERT INTO wsdatcat VALUES (67,1876);
INSERT INTO wsdatcat VALUES (67,1877);
INSERT INTO wsdatcat VALUES (67,1955);
INSERT INTO wsdatcat VALUES (67,1981);
INSERT INTO wsdatcat VALUES (67,1982);
INSERT INTO wsdatcat VALUES (69,1246);
INSERT INTO wsdatcat VALUES (69,1259);
INSERT INTO wsdatcat VALUES (69,1283);
INSERT INTO wsdatcat VALUES (69,1299);
INSERT INTO wsdatcat VALUES (69,1325);
INSERT INTO wsdatcat VALUES (69,1327);
INSERT INTO wsdatcat VALUES (69,1375);
INSERT INTO wsdatcat VALUES (69,1383);
INSERT INTO wsdatcat VALUES (69,1409);
INSERT INTO wsdatcat VALUES (69,1415);
INSERT INTO wsdatcat VALUES (69,1845);
INSERT INTO wsdatcat VALUES (69,1846);
INSERT INTO wsdatcat VALUES (69,1847);
INSERT INTO wsdatcat VALUES (69,1857);
INSERT INTO wsdatcat VALUES (69,1858);
INSERT INTO wsdatcat VALUES (69,1859);
INSERT INTO wsdatcat VALUES (69,1862);
INSERT INTO wsdatcat VALUES (69,1865);
INSERT INTO wsdatcat VALUES (69,1866);
INSERT INTO wsdatcat VALUES (69,1904);
INSERT INTO wsdatcat VALUES (69,1905);
INSERT INTO wsdatcat VALUES (69,1908);
INSERT INTO wsdatcat VALUES (69,1956);
INSERT INTO wsdatcat VALUES (69,1958);
INSERT INTO wsdatcat VALUES (69,1960);
INSERT INTO wsdatcat VALUES (69,1963);
INSERT INTO wsdatcat VALUES (69,1964);
INSERT INTO wsdatcat VALUES (69,1966);
INSERT INTO wsdatcat VALUES (69,1967);
INSERT INTO wsdatcat VALUES (69,1968);
INSERT INTO wsdatcat VALUES (69,1969);
INSERT INTO wsdatcat VALUES (69,1970);
INSERT INTO wsdatcat VALUES (69,1971);
INSERT INTO wsdatcat VALUES (69,1972);
INSERT INTO wsdatcat VALUES (69,1973);
INSERT INTO wsdatcat VALUES (69,1974);
INSERT INTO wsdatcat VALUES (69,1975);
INSERT INTO wsdatcat VALUES (69,1978);
INSERT INTO wsdatcat VALUES (69,2008);
INSERT INTO wsdatcat VALUES (69,2089);
INSERT INTO wsdatcat VALUES (69,2090);
INSERT INTO wsdatcat VALUES (69,2091);
INSERT INTO wsdatcat VALUES (69,2092);
INSERT INTO wsdatcat VALUES (69,2177);
INSERT INTO wsdatcat VALUES (69,2182);
INSERT INTO wsdatcat VALUES (69,2183);
INSERT INTO wsdatcat VALUES (69,2188);
INSERT INTO wsdatcat VALUES (69,2189);
INSERT INTO wsdatcat VALUES (69,2190);
INSERT INTO wsdatcat VALUES (69,2191);
INSERT INTO wsdatcat VALUES (69,2192);
INSERT INTO wsdatcat VALUES (69,2193);
INSERT INTO wsdatcat VALUES (69,2194);
INSERT INTO wsdatcat VALUES (69,2195);
INSERT INTO wsdatcat VALUES (69,2196);
INSERT INTO wsdatcat VALUES (69,2205);
INSERT INTO wsdatcat VALUES (69,2206);
INSERT INTO wsdatcat VALUES (69,2208);
INSERT INTO wsdatcat VALUES (69,2209);
INSERT INTO wsdatcat VALUES (72,1234);
INSERT INTO wsdatcat VALUES (72,1237);
INSERT INTO wsdatcat VALUES (72,1245);
INSERT INTO wsdatcat VALUES (72,1300);
INSERT INTO wsdatcat VALUES (72,1301);
INSERT INTO wsdatcat VALUES (72,1302);
INSERT INTO wsdatcat VALUES (72,1313);
INSERT INTO wsdatcat VALUES (72,1324);
INSERT INTO wsdatcat VALUES (72,1330);
INSERT INTO wsdatcat VALUES (72,1365);
INSERT INTO wsdatcat VALUES (72,1389);
INSERT INTO wsdatcat VALUES (72,1395);
INSERT INTO wsdatcat VALUES (72,1398);
INSERT INTO wsdatcat VALUES (72,1403);
INSERT INTO wsdatcat VALUES (72,1836);
INSERT INTO wsdatcat VALUES (72,1837);
INSERT INTO wsdatcat VALUES (72,1850);
INSERT INTO wsdatcat VALUES (72,1851);
INSERT INTO wsdatcat VALUES (72,1852);
INSERT INTO wsdatcat VALUES (72,1853);
INSERT INTO wsdatcat VALUES (72,1854);
INSERT INTO wsdatcat VALUES (72,1855);
INSERT INTO wsdatcat VALUES (72,1863);
INSERT INTO wsdatcat VALUES (72,1864);
INSERT INTO wsdatcat VALUES (72,1871);
INSERT INTO wsdatcat VALUES (72,1976);
INSERT INTO wsdatcat VALUES (72,1977);
INSERT INTO wsdatcat VALUES (72,1987);
INSERT INTO wsdatcat VALUES (72,2175);
INSERT INTO wsdatcat VALUES (72,2176);
INSERT INTO wsdatcat VALUES (72,2178);
INSERT INTO wsdatcat VALUES (72,2184);
INSERT INTO wsdatcat VALUES (72,2185);
INSERT INTO wsdatcat VALUES (72,2186);
INSERT INTO wsdatcat VALUES (72,2207);
INSERT INTO wsdatcat VALUES (75,1959);
INSERT INTO wsdatcat VALUES (75,1961);
INSERT INTO wsdatcat VALUES (75,1962);
INSERT INTO wsdatcat VALUES (75,1965);
INSERT INTO wsdatcat VALUES (75,1984);
INSERT INTO wsdatcat VALUES (75,1985);
INSERT INTO wsdatcat VALUES (75,1986);
INSERT INTO wsdatcat VALUES (75,1988);
INSERT INTO wsdatcat VALUES (75,1989);
INSERT INTO wsdatcat VALUES (75,1990);
INSERT INTO wsdatcat VALUES (75,1991);
INSERT INTO wsdatcat VALUES (75,1992);
INSERT INTO wsdatcat VALUES (75,1993);
INSERT INTO wsdatcat VALUES (75,1994);
INSERT INTO wsdatcat VALUES (75,1995);
INSERT INTO wsdatcat VALUES (75,1996);
INSERT INTO wsdatcat VALUES (75,1997);
INSERT INTO wsdatcat VALUES (75,1998);
INSERT INTO wsdatcat VALUES (75,1999);
INSERT INTO wsdatcat VALUES (77,2055);
INSERT INTO wsdatcat VALUES (77,2056);
INSERT INTO wsdatcat VALUES (77,2057);
INSERT INTO wsdatcat VALUES (77,2058);
INSERT INTO wsdatcat VALUES (77,2059);
INSERT INTO wsdatcat VALUES (77,2060);
INSERT INTO wsdatcat VALUES (77,2061);
INSERT INTO wsdatcat VALUES (77,2062);
INSERT INTO wsdatcat VALUES (77,2063);
INSERT INTO wsdatcat VALUES (77,2064);
INSERT INTO wsdatcat VALUES (77,2065);
INSERT INTO wsdatcat VALUES (78,2048);
INSERT INTO wsdatcat VALUES (78,2049);
INSERT INTO wsdatcat VALUES (78,2050);
INSERT INTO wsdatcat VALUES (78,2051);
INSERT INTO wsdatcat VALUES (78,2052);
INSERT INTO wsdatcat VALUES (78,2053);
INSERT INTO wsdatcat VALUES (78,2054);
INSERT INTO wsdatcat VALUES (79,2066);
INSERT INTO wsdatcat VALUES (79,2071);
INSERT INTO wsdatcat VALUES (79,2072);
INSERT INTO wsdatcat VALUES (79,2074);
INSERT INTO wsdatcat VALUES (80,1580);
INSERT INTO wsdatcat VALUES (80,1582);
INSERT INTO wsdatcat VALUES (80,1583);
INSERT INTO wsdatcat VALUES (80,1629);
INSERT INTO wsdatcat VALUES (80,1635);
INSERT INTO wsdatcat VALUES (80,1636);
INSERT INTO wsdatcat VALUES (80,2095);
INSERT INTO wsdatcat VALUES (80,2096);
INSERT INTO wsdatcat VALUES (80,2097);
INSERT INTO wsdatcat VALUES (80,2098);
INSERT INTO wsdatcat VALUES (81,1460);
INSERT INTO wsdatcat VALUES (81,1462);
INSERT INTO wsdatcat VALUES (81,2099);
INSERT INTO wsdatcat VALUES (81,2101);
INSERT INTO wsdatcat VALUES (81,2102);
INSERT INTO wsdatcat VALUES (81,2106);
INSERT INTO wsdatcat VALUES (81,2107);
INSERT INTO wsdatcat VALUES (81,2108);
INSERT INTO wsdatcat VALUES (81,2111);
INSERT INTO wsdatcat VALUES (81,2112);
INSERT INTO wsdatcat VALUES (81,2113);
INSERT INTO wsdatcat VALUES (81,2114);
INSERT INTO wsdatcat VALUES (81,2115);
INSERT INTO wsdatcat VALUES (81,2116);
INSERT INTO wsdatcat VALUES (81,2117);
INSERT INTO wsdatcat VALUES (81,2120);
INSERT INTO wsdatcat VALUES (81,2122);
INSERT INTO wsdatcat VALUES (81,2123);
INSERT INTO wsdatcat VALUES (81,2125);
INSERT INTO wsdatcat VALUES (81,2126);
INSERT INTO wsdatcat VALUES (81,2127);
INSERT INTO wsdatcat VALUES (81,2129);
INSERT INTO wsdatcat VALUES (81,2130);
INSERT INTO wsdatcat VALUES (81,2132);
INSERT INTO wsdatcat VALUES (81,2133);
INSERT INTO wsdatcat VALUES (81,2135);
INSERT INTO wsdatcat VALUES (81,2136);
INSERT INTO wsdatcat VALUES (81,2137);
INSERT INTO wsdatcat VALUES (81,2138);
INSERT INTO wsdatcat VALUES (81,2140);
INSERT INTO wsdatcat VALUES (81,2141);
INSERT INTO wsdatcat VALUES (81,2142);
INSERT INTO wsdatcat VALUES (81,2143);
INSERT INTO wsdatcat VALUES (81,2144);
INSERT INTO wsdatcat VALUES (81,2145);
INSERT INTO wsdatcat VALUES (81,2147);
INSERT INTO wsdatcat VALUES (81,2148);
INSERT INTO wsdatcat VALUES (81,2150);
INSERT INTO wsdatcat VALUES (81,2151);
INSERT INTO wsdatcat VALUES (81,2152);
INSERT INTO wsdatcat VALUES (81,2153);
INSERT INTO wsdatcat VALUES (81,2154);
INSERT INTO wsdatcat VALUES (81,2155);
INSERT INTO wsdatcat VALUES (81,2156);
INSERT INTO wsdatcat VALUES (81,2157);
INSERT INTO wsdatcat VALUES (81,2158);
INSERT INTO wsdatcat VALUES (81,2159);
INSERT INTO wsdatcat VALUES (81,2160);
INSERT INTO wsdatcat VALUES (81,2161);
INSERT INTO wsdatcat VALUES (81,2162);
INSERT INTO wsdatcat VALUES (81,2163);
INSERT INTO wsdatcat VALUES (81,2168);
INSERT INTO wsdatcat VALUES (84,2173);


